000
CXUS54 KOUN 010810
CF6PWA
PRELIMINARY LOCAL CLIMATOLOGICAL DATA (WS FORM: F-6)
STATION: BETHANY/WILEY POST
MONTH: JUNE
YEAR: 2023
LATITUDE: 35 31 N
LONGITUDE: 97 38 W
TEMPERATURE IN F: :PCPN: SNOW: WIND :SUNSHINE: SKY :PK WND
================================================================================
1 2 3 4 5 6A 6B 7 8 9 10 11 12 13 14 15 16 17 18
12Z AVG MX 2MIN
DY MAX MIN AVG DEP HDD CDD WTR SNW DPTH SPD SPD DIR MIN PSBL S-S WX SPD DR
================================================================================
1 86 67 77 2 0 12 0.18 M M 9.4 37 130 M M 3 3 46 140
2 86 64 75 0 0 10 0.00 M M 11.3 22 310 M M 2 3 29 310
3 80 62 71 -5 0 6 0.73 M M 6.1 20 350 M M 4 13 25 350
4 80 63 72 -4 0 7 T M M 5.5 13 80 M M 2 17 70
5 87 61 74 -2 0 9 0.00 0.0 M 4.3 18 150 M M 1 13 25 160
6 88 61 75 -1 0 10 0.43 0.0 M 5.0 32 100 M M 3 38 42 100
7 88 62 75 -2 0 10 0.10 0.0 M 4.0 32 130 M M 3 13 37 130
8 89 64 77 0 0 12 0.00 M M 5.0 16 220 M M 0 19 200
9 92 65 79 2 0 14 0.00 M M 4.9 17 150 M M 0 21 150
10 86 64 75 -2 0 10 0.61 M M 8.0 35 330 M M 2 13 44 350
11 86 68 77 -1 0 12 0.00 M M 11.2 21 10 M M 0 27 20
12 68 62 65 -13 0 0 0.31 M M 6.9 37 100 M M 5 13 45 90
13 81 61 71 -7 0 6 T M M 5.5 15 150 M M 7 3 18 140
14 86 65 76 -2 0 11 0.00 M M 5.0 14 330 M M 1 1 17 330
15 90 63 77 -1 0 12 0.22 M M 9.8 33 350 M M 1 13 43 350
16 87 64 76 -3 0 11 0.00 M M 6.7 18 140 M M 2 22 150
17 87 63 75 -4 0 10 1.17 M M 12.2 41 330 M M 2 13 59 330
18 M M M M M M M M M M M M M M M M M
19 91 62 77 -2 0 12 M M M 13.8 45 340 M M 1 1 59 330
20 94 77 86 6 0 21 0.00 M M 13.5 21 140 M M 0 28 140
21 86 71 79 -1 0 14 T M M 12.6 33 10 M M 3 3 45 360
22 90 68 79 -1 0 14 T M M 6.5 22 240 M M 1 3 27 220
23 83 67 75 -5 0 10 0.29 M M 9.2 37 290 M M 1 13 58 320
24 93 71 82 2 0 17 0.00 M M 9.8 18 170 M M 1 1 22 150
25 91 76 84 3 0 19 0.00 M M 9.1 18 10 M M 1 3 23 10
26 90 73 82 1 0 17 0.00 M M 10.1 18 80 M M 2 23 90
27 90 70 80 -1 0 15 0.55 M M 11.2 39 70 M M 2 138 47 60
28 98 75 87 6 0 22 T M M 16.2 25 170 M M 0 31 160
29 98 78 88 6 0 23 0.00 M M 13.8 25 160 M M 0 33 170
30 94 74 84 2 0 19 0.00 M M 10.8 21 200 M M 0 26 210
================================================================================
SM 2545 1941 0 365 4.59 0.0 257.4 M 50
================================================================================
AV 87.8 66.9 8.9 FASTST M M 2 MAX(MPH)
MISC ----> 45 340 59 330
================================================================================
NOTES:
# LAST OF SEVERAL OCCURRENCES
COLUMN 17 PEAK WIND IN M.P.H.
PRELIMINARY LOCAL CLIMATOLOGICAL DATA (WS FORM: F-6) , PAGE 2
STATION: BETHANY/WILEY POST
MONTH: JUNE
YEAR: 2023
LATITUDE: 35 31 N
LONGITUDE: 97 38 W
[TEMPERATURE DATA] [PRECIPITATION DATA] SYMBOLS USED IN COLUMN 16
AVERAGE MONTHLY: 77.3 TOTAL FOR MONTH: 4.59 1 = FOG OR MIST
DPTR FM NORMAL: -1.2 DPTR FM NORMAL: -0.24 2 = FOG REDUCING VISIBILITY
HIGHEST: 98 ON 29,28 GRTST 24HR 1.17 ON 17-17 TO 1/4 MILE OR LESS
LOWEST: 61 ON 13, 6 3 = THUNDER
SNOW, ICE PELLETS, HAIL 4 = ICE PELLETS
TOTAL MONTH: 0.0 INCH 5 = HAIL
GRTST 24HR 0.0 6 = FREEZING RAIN OR DRIZZLE
GRTST DEPTH: M ON M 7 = DUSTSTORM OR SANDSTORM:
VSBY 1/2 MILE OR LESS
8 = SMOKE OR HAZE
[NO. OF DAYS WITH] [WEATHER - DAYS WITH] 9 = BLOWING SNOW
X = TORNADO
MAX 32 OR BELOW: 0 0.01 INCH OR MORE: 10
MAX 90 OR ABOVE: 12 0.10 INCH OR MORE: 10
MIN 32 OR BELOW: 0 0.50 INCH OR MORE: 4
MIN 0 OR BELOW: 0 1.00 INCH OR MORE: 1
[HDD (BASE 65) ]
TOTAL THIS MO. 0 CLEAR (SCALE 0-3) 26
DPTR FM NORMAL -1 PTCLDY (SCALE 4-7) 3
TOTAL FM JUL 1 3341 CLOUDY (SCALE 8-10) 1
DPTR FM NORMAL -89
[CDD (BASE 65) ]
TOTAL THIS MO. 365
DPTR FM NORMAL -42 [PRESSURE DATA]
TOTAL FM JAN 1 591 HIGHEST SLP M ON M
DPTR FM NORMAL -71 LOWEST SLP 29.59 ON 15
[REMARKS]
#FINAL-06-23#