000
CXUS54 KFWD 010731
CF6PWG
PRELIMINARY LOCAL CLIMATOLOGICAL DATA (WS FORM: F-6)
STATION: WACO MCGREGOR
MONTH: SEPTEMBER
YEAR: 2021
LATITUDE: 31 28 N
LONGITUDE: 97 19 W
TEMPERATURE IN F: :PCPN: SNOW: WIND :SUNSHINE: SKY :PK WND
================================================================================
1 2 3 4 5 6A 6B 7 8 9 10 11 12 13 14 15 16 17 18
12Z AVG MX 2MIN
DY MAX MIN AVG DEP HDD CDD WTR SNW DPTH SPD SPD DIR MIN PSBL S-S WX SPD DR
================================================================================
1 99 77 88 6 0 23 0.00 M M 7.8 13 130 M M 1 1 17 150
2 97 75 86 5 0 21 0.00 M M 8.0 14 170 M M 1 1 17 170
3 97 74 86 5 0 21 0.00 M M 8.7 20 150 M M 1 18 140
4 99 74 87 6 0 22 0.00 M M 7.7 12 170 M M 1 18 150
5 101 74 88 8 0 23 T M M 6.7 30 190 M M 1 3 45 190
6 95 76 86 6 0 21 0.00 M M 6.7 14 60 M M 2 M M
7 93 70 82 2 0 17 0.00 M M 4.8 8 140 M M 1 M M
8 94 62 78 -2 0 13 0.00 M M 4.6 10 30 M M 0 M M
9 92 65 79 0 0 14 0.00 M M 6.3 14 70 M M 0 18 50
10 92 59 76 -3 0 11 0.00 M M 4.2 12 120 M M 0 8 16 120
11 90 61 76 -3 0 11 0.00 M M 4.6 10 150 M M 0 8 M M
12 91 62 77 -1 0 12 0.00 M M 4.8 9 120 M M 0 8 M M
13 91 68 80 2 0 15 T M M 8.2 26 130 M M 5 32 130
14 82 69 76 -2 0 11 T M M 7.5 14 70 M M 8 20 80
15 89 73 81 4 0 16 0.00 M M 9.1 16 50 M M 7 21 50
16 91 66 79 2 0 14 0.00 M M 5.8 13 50 M M 1 M M
17 93 65 79 2 0 14 0.00 M M 3.9 9 30 M M 0 8 M M
18 95 67 81 5 0 16 0.00 M M 3.9 10 10 M M 1 M M
19 95 68 82 6 0 17 0.00 M M 3.6 8 20 M M 0 8 M M
20 101 72 87 11 0 22 0.00 M M 10.5 16 180 M M 0 21 190
21 91 71 81 6 0 16 0.00 M M 10.8 21 360 M M 0 25 360
22 84 55 70 -5 0 5 0.00 M M 8.9 16 360 M M 0 24 30
23 85 48 67 -7 0 2 0.00 M M 3.2 9 70 M M 0 M M
24 88 54 71 -3 0 6 0.00 M M 5.2 10 130 M M 0 23 90
25 89 59 74 0 0 9 0.00 M M 5.3 8 130 M M 0 M M
26 90 59 75 2 0 10 0.00 M M 6.3 12 130 M M 0 8 18 99
27 92 62 77 4 0 12 0.00 M M 7.3 13 140 M M 0 8 20 140
28 95 68 82 9 0 17 0.11 M M 9.2 18 140 M M 2 38 31 120
29 89 66 78 6 0 13 0.01 M M 9.0 23 150 M M 1 32 150
30 92 67 80 8 0 15 0.48 M M 8.8 21 360 M M 6 13 28 10
================================================================================
SM 2772 1986 0 439 0.60 M 200.9 M 39
================================================================================
AV 92.4 66.2 6.7 FASTST M M 1 MAX(MPH)
MISC ----> 30 190 45 190
================================================================================
NOTES:
# LAST OF SEVERAL OCCURRENCES
COLUMN 17 PEAK WIND IN M.P.H.
PRELIMINARY LOCAL CLIMATOLOGICAL DATA (WS FORM: F-6) , PAGE 2
STATION: WACO MCGREGOR
MONTH: SEPTEMBER
YEAR: 2021
LATITUDE: 31 28 N
LONGITUDE: 97 19 W
[TEMPERATURE DATA] [PRECIPITATION DATA] SYMBOLS USED IN COLUMN 16
AVERAGE MONTHLY: 79.3 TOTAL FOR MONTH: 0.60 1 = FOG OR MIST
DPTR FM NORMAL: 2.3 DPTR FM NORMAL: -2.23 2 = FOG REDUCING VISIBILITY
HIGHEST: 101 ON 20, 5 GRTST 24HR 0.48 ON 30-30 TO 1/4 MILE OR LESS
LOWEST: 48 ON 23 3 = THUNDER
SNOW, ICE PELLETS, HAIL 4 = ICE PELLETS
TOTAL MONTH: M 5 = HAIL
GRTST 24HR M ON M 6 = FREEZING RAIN OR DRIZZLE
GRTST DEPTH: M ON M 7 = DUSTSTORM OR SANDSTORM:
VSBY 1/2 MILE OR LESS
8 = SMOKE OR HAZE
[NO. OF DAYS WITH] [WEATHER - DAYS WITH] 9 = BLOWING SNOW
X = TORNADO
MAX 32 OR BELOW: 0 0.01 INCH OR MORE: 3
MAX 90 OR ABOVE: 23 0.10 INCH OR MORE: 2
MIN 32 OR BELOW: 0 0.50 INCH OR MORE: 0
MIN 0 OR BELOW: 0 1.00 INCH OR MORE: 0
[HDD (BASE 65) ]
TOTAL THIS MO. 0 CLEAR (SCALE 0-3) 26
DPTR FM NORMAL -7 PTCLDY (SCALE 4-7) 3
TOTAL FM JUL 1 0 CLOUDY (SCALE 8-10) 1
DPTR FM NORMAL -5
[CDD (BASE 65) ]
TOTAL THIS MO. 439
DPTR FM NORMAL 72 [PRESSURE DATA]
TOTAL FM JAN 1 2431 HIGHEST SLP 30.34 ON 22
DPTR FM NORMAL 126 LOWEST SLP 29.70 ON 28
[REMARKS]
#FINAL-09-21#