000
CXUS56 KMFR 012155
CF6RBG
PRELIMINARY LOCAL CLIMATOLOGICAL DATA (WS FORM: F-6)
STATION: ROSEBURG OR
MONTH: APRIL
YEAR: 2023
LATITUDE: 43 13 N
LONGITUDE: 123 22 W
TEMPERATURE IN F: :PCPN: SNOW: WIND :SUNSHINE: SKY :PK WND
================================================================================
1 2 3 4 5 6A 6B 7 8 9 10 11 12 13 14 15 16 17 18
12Z AVG MX 2MIN
DY MAX MIN AVG DEP HDD CDD WTR SNW DPTH SPD SPD DIR MIN PSBL S-S WX SPD DR
================================================================================
1 53 40 47 -4 18 0 0.56 M M 4.9 16 250 M M 9 1 30 230
2 46 34 40 -11 25 0 0.37 M M 3.7 13 290 M M 10 1 29 270
3 48 33 41 -10 24 0 0.13 M M 3.7 14 320 M M 8 1 21 310
4 48 36 42 -9 23 0 0.16 M M 3.0 10 160 M M 9 1 14 160
5 55 41 48 -3 17 0 0.11 M M 2.3 12 160 M M 9 19 170
6 60 46 53 2 12 0 0.25 M M 4.5 16 170 M M 9 1 24 190
7 59 47 53 2 12 0 0.26 M M 3.8 16 150 M M 8 1 22 230
8 63 41 52 1 13 0 T M M 1.8 9 220 M M 9 14 230
9 58 49 54 2 11 0 0.27 M M 0.3 9 360 M M 9 1 12 360
10 55 43 49 -3 16 0 0.84 M M 3.5 13 330 M M 10 1 20 330
11 53 39 46 -6 19 0 0.03 M M 2.3 14 230 M M 7 1 23 200
12 50 36 43 -9 22 0 0.25 M M 4.6 18 360 M M 6 25 360
13 58 33 46 -6 19 0 0.00 M M 2.4 12 20 M M 7 1 16 20
14 64 34 49 -3 16 0 0.00 M M 2.1 14 330 M M 1 20 330
15 61 41 51 -1 14 0 0.00 M M 3.0 13 10 M M 4 16 330
16 57 43 50 -3 15 0 0.06 M M 2.4 15 230 M M 6 23 220
17 52 38 45 -8 20 0 0.09 M M 5.5 17 240 M M 7 1 27 250
18 53 33 43 -10 22 0 0.02 M M 4.8 16 170 M M 7 28 180
19 53 40 47 -6 18 0 0.07 M M 4.3 17 230 M M 7 1 30 230
20 51 40 46 -8 19 0 0.16 M M 2.8 12 160 M M 10 18 160
21 60 48 54 0 11 0 0.01 M M 1.8 9 10 M M 10 12 10
22 74 53 64 10 1 0 0.18 M M 2.5 15 330 M M 6 1 20 320
23 61 49 55 1 10 0 T M M 4.5 17 320 M M 10 1 25 10
24 63 45 54 0 11 0 T M M 4.1 14 20 M M 6 18 10
25 71 39 55 0 10 0 0.00 M M 3.9 15 10 M M 2 20 10
26 82 44 63 8 2 0 0.00 M M 3.2 17 20 M M 0 22 340
27 83 49 66 11 0 1 0.00 M M 3.7 15 10 M M 0 20 10
28 95 52 74 18 0 9 0.00 M M 3.4 13 330 M M 0 20 290
29 84 53 69 13 0 4 0.00 M M 3.0 13 310 M M 0 19 310
30 65 49 57 1 8 0 0.00 M M 3.9 13 20 M M 7 18 18 330
================================================================================
SM 1835 1268 408 14 3.82 M 99.7 M 193
================================================================================
AV 61.2 42.3 3.3 FASTST M M 6 MAX(MPH)
MISC ----> 18 360 # 30 230
================================================================================
NOTES:
# LAST OF SEVERAL OCCURRENCES
COLUMN 17 PEAK WIND IN M.P.H.
PRELIMINARY LOCAL CLIMATOLOGICAL DATA (WS FORM: F-6) , PAGE 2
STATION: ROSEBURG OR
MONTH: APRIL
YEAR: 2023
LATITUDE: 43 13 N
LONGITUDE: 123 22 W
[TEMPERATURE DATA] [PRECIPITATION DATA] SYMBOLS USED IN COLUMN 16
AVERAGE MONTHLY: 51.7 TOTAL FOR MONTH: 3.82 1 = FOG OR MIST
DPTR FM NORMAL: -1.2 DPTR FM NORMAL: 1.11 2 = FOG REDUCING VISIBILITY
HIGHEST: 95 ON 28 GRTST 24HR 0.86 ON 10-11 TO 1/4 MILE OR LESS
LOWEST: 33 ON 18,13 3 = THUNDER
SNOW, ICE PELLETS, HAIL 4 = ICE PELLETS
TOTAL MONTH: M 5 = HAIL
GRTST 24HR M ON M 6 = FREEZING RAIN OR DRIZZLE
GRTST DEPTH: M ON M 7 = DUSTSTORM OR SANDSTORM:
VSBY 1/2 MILE OR LESS
8 = SMOKE OR HAZE
[NO. OF DAYS WITH] [WEATHER - DAYS WITH] 9 = BLOWING SNOW
X = TORNADO
MAX 32 OR BELOW: 0 0.01 INCH OR MORE: 18
MAX 90 OR ABOVE: 1 0.10 INCH OR MORE: 12
MIN 32 OR BELOW: 0 0.50 INCH OR MORE: 2
MIN 0 OR BELOW: 0 1.00 INCH OR MORE: 0
[HDD (BASE 65) ]
TOTAL THIS MO. 408 CLEAR (SCALE 0-3) 6
DPTR FM NORMAL 43 PTCLDY (SCALE 4-7) 13
TOTAL FM JUL 1 3891 CLOUDY (SCALE 8-10) 11
DPTR FM NORMAL 255
[CDD (BASE 65) ]
TOTAL THIS MO. 14
DPTR FM NORMAL 12 [PRESSURE DATA]
TOTAL FM JAN 1 14 HIGHEST SLP 30.43 ON 21
DPTR FM NORMAL 12 LOWEST SLP 29.80 ON 17
[REMARKS]
#FINAL-04-23#