075
CXUS56 KSTO 131747
CF6RBL
PRELIMINARY LOCAL CLIMATOLOGICAL DATA (WS FORM: F-6)
STATION: RED BLUFF AIRPORT CA
MONTH: JANUARY
YEAR: 2021
LATITUDE: 40 9 N
LONGITUDE: 122 15 W
TEMPERATURE IN F: :PCPN: SNOW: WIND :SUNSHINE: SKY :PK WND
================================================================================
1 2 3 4 5 6A 6B 7 8 9 10 11 12 13 14 15 16 17 18
12Z AVG MX 2MIN
DY MAX MIN AVG DEP HDD CDD WTR SNW DPTH SPD SPD DIR MIN PSBL S-S WX SPD DR
================================================================================
1 53 38 46 1 19 0 0.01 0.0 0 5.8 15 150 M M 2 18 17 160
2 50 47 49 4 16 0 0.03 0.0 0 3.9 10 190 M M 10 18 12 180
3 52 47 50 5 15 0 T 0.0 0 4.5 9 160 M M 9 18 11 160
4 59 41 50 5 15 0 0.57 0.0 0 13.5 33 160 M M 7 13 42 160
5 59 41 50 5 15 0 0.00 0.0 0 7.2 13 10 M M 3 15 360
6 49 38 44 -2 21 0 0.10 0.0 0 4.2 14 110 M M 4 1 16 110
7 56 36 46 0 19 0 0.00 0.0 0 5.9 14 340 M M 2 128 16 330
8 58 42 50 4 15 0 0.19 M 0 4.7 14 110 M M 5 18 17 160
9 62 35 49 3 16 0 0.00 0.0 0 6.2 17 20 M M 0 22 340
10 56 36 46 0 19 0 0.00 0.0 0 4.6 8 310 M M 3 1 10 350
11 56 37 47 1 18 0 0.00 0.0 0 3.2 12 120 M M 0 8 13 120
12 53 45 49 3 16 0 0.02 0.0 0 2.4 7 10 M M 8 18 8 340
13 60 50 55 9 10 0 0.00 0.0 0 5.7 12 360 M M 9 18 13 360
14 72 42 57 11 8 0 0.00 0.0 0 6.2 14 350 M M 0 16 340
15 61 41 51 5 14 0 0.00 0.0 0 4.9 12 310 M M 0 18 14 310
16 76 48 62 16 3 0 0.00 0.0 0 10.4 21 340 M M 0 26 10
17 79 60 70 24 0 5 0.00 0.0 0 15.2 26 350 M M 0 35 340
18 72 56 64 18 1 0 0.00 0.0 0 19.6 32 360 M M 0 42 360
19 66 49 58 11 7 0 0.00 0.0 0 14.4 24 360 M M 1 8 30 350
20 68 37 53 6 12 0 0.00 0.0 0 5.7 14 350 M M 0 16 340
21 58 35 47 0 18 0 0.00 0.0 0 3.0 8 300 M M 3 9 310
22 52 38 45 -2 20 0 T 0.0 0 4.6 12 120 M M 7 13 120
23 62 34 48 1 17 0 0.00 0.0 0 7.9 22 350 M M 2 18 29 360
24 48 32 40 -7 25 0 0.11 0.0 0 5.0 12 170 M M 6 1 15 170
25 54 37 46 -1 19 0 0.00 0.0 0 10.5 22 350 M M 2 26 330
26 44 26 35 -12 30 0 1.02 M 0 15.5 41 160 M M 6 1 50 170
27 50 35 43 -5 22 0 0.35 M 0 20.1 37 160 M M 9 1 46 160
28 49 42 46 -2 19 0 0.74 0.0 0 5.3 21 140 M M 9 1 25 130
29 51 42 47 -1 18 0 0.14 0.0 0 7.2 15 160 M M 8 1 18 160
30 56 45 51 3 14 0 T 0.0 0 3.9 15 160 M M 10 18 170
31 55 46 51 3 14 0 0.06 0.0 0 3.4 10 30 M M 9 18 11 30
================================================================================
SM 1796 1278 475 5 3.34 0.0 234.6 M 134
================================================================================
AV 57.9 41.2 7.6 FASTST M M 4 MAX(MPH)
MISC ----> # 41 160 # 50 170
================================================================================
NOTES:
# LAST OF SEVERAL OCCURRENCES
COLUMN 17 PEAK WIND IN M.P.H.
PRELIMINARY LOCAL CLIMATOLOGICAL DATA (WS FORM: F-6) , PAGE 2
STATION: RED BLUFF AIRPORT CA
MONTH: JANUARY
YEAR: 2021
LATITUDE: 40 9 N
LONGITUDE: 122 15 W
[TEMPERATURE DATA] [PRECIPITATION DATA] SYMBOLS USED IN COLUMN 16
AVERAGE MONTHLY: 49.6 TOTAL FOR MONTH: 3.34 1 = FOG OR MIST
DPTR FM NORMAL: 3.2 DPTR FM NORMAL: -1.68 2 = FOG REDUCING VISIBILITY
HIGHEST: 79 ON 17 GRTST 24HR 1.02 ON 26-26 TO 1/4 MILE OR LESS
LOWEST: 26 ON 26 3 = THUNDER
SNOW, ICE PELLETS, HAIL 4 = ICE PELLETS
TOTAL MONTH: 0.0 INCH 5 = HAIL
GRTST 24HR 0.0 6 = FREEZING RAIN OR DRIZZLE
GRTST DEPTH: 0 7 = DUSTSTORM OR SANDSTORM:
VSBY 1/2 MILE OR LESS
8 = SMOKE OR HAZE
[NO. OF DAYS WITH] [WEATHER - DAYS WITH] 9 = BLOWING SNOW
X = TORNADO
MAX 32 OR BELOW: 0 0.01 INCH OR MORE: 12
MAX 90 OR ABOVE: 0 0.10 INCH OR MORE: 8
MIN 32 OR BELOW: 2 0.50 INCH OR MORE: 3
MIN 0 OR BELOW: 0 1.00 INCH OR MORE: 1
[HDD (BASE 65) ]
TOTAL THIS MO. 475 CLEAR (SCALE 0-3) 15
DPTR FM NORMAL -102 PTCLDY (SCALE 4-7) 9
TOTAL FM JUL 1 1371 CLOUDY (SCALE 8-10) 7
DPTR FM NORMAL -273
[CDD (BASE 65) ]
TOTAL THIS MO. 5
DPTR FM NORMAL 5 [PRESSURE DATA]
TOTAL FM JAN 1 5 HIGHEST SLP 30.44 ON 13
DPTR FM NORMAL 5 LOWEST SLP 29.64 ON 27
[REMARKS]
#FINAL-01-21#