000
CXUS56 KSTO 030343
CLMRDD
CLIMATE REPORT
NATIONAL WEATHER SERVICE SACRAMENTO
743 PM PST FRI FEB 02 2024
...................................
...THE REDDING CA AIRPORT AND CITY CLIMATE SUMMARY FOR THE MONTH OF JANUARY 2024...
CLIMATE NORMAL PERIOD: 1991 TO 2020
CLIMATE RECORD PERIOD: 1893 TO 2024
WEATHER OBSERVED NORMAL DEPART LAST YEAR`S
VALUE DATE(S) VALUE FROM VALUE DATE(S)
NORMAL
................................................................
TEMPERATURE (F)
RECORD
HIGH 83 01/19/2013
LOW 16 01/17/2012
HIGHEST 78 01/28 MM MM 72 01/26
LOWEST 29 01/07 MM MM 29 01/21
AVG. MAXIMUM 57.9 57.2 0.7 56.5
AVG. MINIMUM 42.9 37.7 5.2 40.9
MEAN 50.4 47.5 2.9 48.7
DAYS MAX >= 90 0 0.0 0.0 0
DAYS MAX <= 32 0 0.0 0.0 0
DAYS MAX >= 105 0 30
DAYS MAX >= 100 0 0
DAYS MAX <= 50 4 0
DAYS MIN <= 32 2 8.0 -6.0 6
DAYS MIN <= 0 0 0.0 0.0 0
DAYS MIN >= 70 0 0
DAYS MIN <= 40 1 0
DAYS MIN <= 32 2 0
PRECIPITATION (INCHES)
RECORD
MAXIMUM 22.93 1995
MINIMUM 0.26 2015
TOTALS 6.76 6.04 0.72 9.26
DAILY AVG. 0.22
DAYS >= .01 17 16
DAYS >= .10 12 14
DAYS >= .50 4 8
DAYS >= 1.00 2 4
DAYS >= %-5.2F 0 0
GREATEST
24 HR. TOTAL 1.81
STORM TOTAL 1.78
SNOWFALL (INCHES)
RECORDS
TOTAL MM MM
24 HR TOTAL MM
TOTALS 0.0 1.1 -1.1
LIQUID EQUIV 0.00 0.10 -0.10
SINCE 7/1 0.0 1.8 -1.8
LIQUID 7/1 0.00
DAYS >= TRACE 0 0.4 -0.4
DAYS >= 1.0 0 0.2 -0.2
GREATEST
SNOW DEPTH MM
24 HR TOTAL MM
STORM TOTAL 0.0
(MM/DD(HH))
DEGREE DAYS
HEATING TOTAL 444 544 -100
SINCE 7/1 1237 1575 -338
COOLING TOTAL 1 0 1
SINCE 1/1 1 0 1
................................................................
WIND (MPH)
AVERAGE WIND SPEED 4.9
HIGHEST WIND SPEED/DIRECTION 33/170 DATE 01/20
HIGHEST GUST SPEED/DIRECTION 42/160 DATE 01/20
SKY COVER
POSSIBLE SUNSHINE (PERCENT) MM
AVERAGE SKY COVER 0.55
AVERAGE RH (PERCENT) 75
WEATHER CONDITIONS. NUMBER OF DAYS WITH
THUNDERSTORM 0 MIXED PRECIP 0
HEAVY RAIN 1 RAIN 7
LIGHT RAIN 17 FREEZING RAIN 0
LT FREEZING RAIN 0 HAIL 0
HEAVY SNOW 0 SNOW 0
LIGHT SNOW 0 SLEET 0
FOG 25 FOG W/VIS <= 1/4 MILE 4
HAZE 3
- INDICATES NEGATIVE NUMBERS.
R INDICATES RECORD WAS SET OR TIED.
MM INDICATES DATA IS MISSING.
T INDICATES TRACE AMOUNT.
$$