000
CXUS51 KPHI 161749
CF6RDG
PRELIMINARY LOCAL CLIMATOLOGICAL DATA (WS FORM: F-6)
STATION: READING PA
MONTH: NOVEMBER
YEAR: 2022
LATITUDE: 40 22 N
LONGITUDE: 75 58 W
TEMPERATURE IN F: :PCPN: SNOW: WIND :SUNSHINE: SKY :PK WND
================================================================================
1 2 3 4 5 6A 6B 7 8 9 10 11 12 13 14 15 16 17 18
12Z AVG MX 2MIN
DY MAX MIN AVG DEP HDD CDD WTR SNW DPTH SPD SPD DIR MIN PSBL S-S WX SPD DR
================================================================================
1 70 52 61 11 4 0 0.14 0.0 0 4.5 14 280 M M 6 1 17 280
2 70 47 59 10 6 0 0.00 0.0 0 3.0 9 20 M M 0 14 340
3 71 40 56 7 9 0 0.00 0.0 0 1.1 10 150 M M 0 1 14 140
4 73 42 58 10 7 0 0.00 0.0 0 3.4 15 210 M M 1 1 20 240
5 79 58 69 21 0 4 0.00 0.0 0 9.5 21 180 M M 6 29 200
6 72 67 70 22 0 5 0.10 0.0 0 9.0 20 160 M M 8 1 27 150
7 76 53 65 18 0 0 0.00 0.0 0 10.1 20 300 M M 3 27 280
8 60 42 51 4 14 0 0.00 0.0 0 8.1 21 10 M M 0 27 360
9 58 36 47 0 18 0 0.00 0.0 0 2.7 10 160 M M 0 15 170
10 68 35 52 6 13 0 0.00 0.0 0 2.2 10 230 M M 2 18 13 220
11 73 54 64 18 1 0 0.53 0.0 0 5.8 22 180 M M 9 1 34 170
12 72 55 64 18 1 0 0.08 0.0 0 10.9 26 230 M M 9 1 39 250
13 55 36 46 1 19 0 0.01 0.0 0 13.9 25 310 M M 6 32 300
14 47 31 39 -6 26 0 0.00 0.0 0 6.5 21 310 M M 2 24 320
15 43 28 36 -9 29 0 0.71 T 0 4.5 13 20 M M 5 14 17 20
16 51 37 44 0 21 0 0.17 T 0 9.9 24 310 M M 7 1 30 300
17 44 33 39 -5 26 0 T T 0 10.3 25 280 M M 5 33 310
18 44 30 37 -7 28 0 T T 0 10.2 24 260 M M 4 34 250
19 42 26 34 -9 31 0 0.00 0.0 0 6.2 18 220 M M 1 25 270
20 34 25 30 -13 35 0 0.00 0.0 0 13.8 30 300 M M 2 39 280
21 43 22 33 -10 32 0 0.00 0.0 0 5.6 18 190 M M 0 23 200
22 53 24 39 -3 26 0 0.00 0.0 0 3.3 13 230 M M 0 18 230
23 57 26 42 0 23 0 0.00 0.0 0 2.4 13 290 M M 0 18 17 300
24 57 26 42 0 23 0 0.00 0.0 0 3.0 12 210 M M 0 18 15 210
25 56 37 47 5 18 0 0.06 0.0 0 9.2 24 340 M M 6 1 31 300
26 58 36 47 6 18 0 0.00 0.0 0 7.4 23 330 M M 1 28 330
27 49 35 42 1 23 0 0.42 0.0 0 2.4 10 300 M M 6 1 14 280
28 52 37 45 5 20 0 T 0.0 0 8.1 25 320 M M 9 1 34 310
29 47 30 39 -1 26 0 0.00 0.0 0 3.6 15 160 M M 5 1 18 160
30 55 36 46 6 19 0 0.36 0.0 0 13.5 33 300 M M 7 1 40 300
================================================================================
SM 1729 1136 516 9 2.58 T 204.1 M 110
================================================================================
AV 57.6 37.9 6.8 FASTST M M 4 MAX(MPH)
MISC ----> 33 300 40 300
================================================================================
NOTES:
# LAST OF SEVERAL OCCURRENCES
COLUMN 17 PEAK WIND IN M.P.H.
PRELIMINARY LOCAL CLIMATOLOGICAL DATA (WS FORM: F-6) , PAGE 2
STATION: READING PA
MONTH: NOVEMBER
YEAR: 2022
LATITUDE: 40 22 N
LONGITUDE: 75 58 W
[TEMPERATURE DATA] [PRECIPITATION DATA] SYMBOLS USED IN COLUMN 16
AVERAGE MONTHLY: 47.8 TOTAL FOR MONTH: 2.58 1 = FOG OR MIST
DPTR FM NORMAL: 3.2 DPTR FM NORMAL: -0.44 2 = FOG REDUCING VISIBILITY
HIGHEST: 79 ON 5 GRTST 24HR 0.71 ON 15-15 TO 1/4 MILE OR LESS
LOWEST: 22 ON 21 3 = THUNDER
SNOW, ICE PELLETS, HAIL 4 = ICE PELLETS
TOTAL MONTH: T 5 = HAIL
GRTST 24HR T ON 18-18 6 = FREEZING RAIN OR DRIZZLE
GRTST DEPTH: 0 7 = DUSTSTORM OR SANDSTORM:
VSBY 1/2 MILE OR LESS
8 = SMOKE OR HAZE
[NO. OF DAYS WITH] [WEATHER - DAYS WITH] 9 = BLOWING SNOW
X = TORNADO
MAX 32 OR BELOW: 0 0.01 INCH OR MORE: 10
MAX 90 OR ABOVE: 0 0.10 INCH OR MORE: 7
MIN 32 OR BELOW: 10 0.50 INCH OR MORE: 2
MIN 0 OR BELOW: 0 1.00 INCH OR MORE: 0
[HDD (BASE 65) ]
TOTAL THIS MO. 516 CLEAR (SCALE 0-3) 15
DPTR FM NORMAL -96 PTCLDY (SCALE 4-7) 12
TOTAL FM JUL 1 905 CLOUDY (SCALE 8-10) 3
DPTR FM NORMAL -91
[CDD (BASE 65) ]
TOTAL THIS MO. 9
DPTR FM NORMAL 9 [PRESSURE DATA]
TOTAL FM JAN 1 1336 HIGHEST SLP M ON M
DPTR FM NORMAL 282 LOWEST SLP 29.38 ON 12
[REMARKS]
#FINAL-11-22#