000
CXUS53 KGRB 110317
CF6RHI
PRELIMINARY LOCAL CLIMATOLOGICAL DATA (WS FORM: F-6)
STATION: RHINELANDER WI
MONTH: MAY
YEAR: 2023
LATITUDE: 45 37 N
LONGITUDE: 89 27 W
TEMPERATURE IN F: :PCPN: SNOW: WIND :SUNSHINE: SKY :PK WND
================================================================================
1 2 3 4 5 6A 6B 7 8 9 10 11 12 13 14 15 16 17 18
12Z AVG MX 2MIN
DY MAX MIN AVG DEP HDD CDD WTR SNW DPTH SPD SPD DIR MIN PSBL S-S WX SPD DR
================================================================================
1 38 32 35 -12 30 0 T T 0 13.3 18 320 M M 10 18 41 340
2 40 33 37 -11 28 0 T T 0 10.5 21 360 M M 8 39 330
3 56 31 44 -4 21 0 0.00 0.0 0 4.6 10 300 M M 6 20 300
4 68 39 54 5 11 0 T 0.0 0 9.2 23 110 M M 6 30 120
5 61 37 49 0 16 0 0.06 0.0 0 8.1 16 200 M M 6 1 26 180
6 55 46 51 1 14 0 0.45 0.0 0 9.5 18 110 M M 10 1 27 150
7 70 46 58 8 7 0 0.20 0.0 0 7.2 21 110 M M 8 123 25 110
8 61 42 52 2 13 0 0.00 0.0 0 8.1 17 110 M M 8 12 23 100
9 74 39 57 6 8 0 T 0.0 0 3.8 10 230 M M 5 12 17 290
10 77 52 65 14 0 0 T 0.0 0 3.3 14 230 M M 6 20 220
11 78 47 63 11 2 0 T 0.0 0 3.4 15 260 M M 4 20 190
12 78 55 67 15 0 2 T 0.0 0 4.3 14 200 M M 8 20 210
13 77 52 65 13 0 0 0.00 0.0 0 9.7 18 90 M M 3 31 60
14 66 39 53 0 12 0 0.00 0.0 0 5.4 14 100 M M 0 18 70
15 77 36 57 4 8 0 0.00 0.0 0 6.6 16 270 M M 0 22 270
16 72 38 55 1 10 0 0.00 0.0 0 8.1 14 40 M M 0 24 60
17 63 31 47 -7 18 0 0.00 0.0 0 6.2 12 190 M M 0 17 160
18 71 41 56 2 9 0 0.23 0.0 0 7.2 18 220 M M 3 12 26 220
19 51 38 45 -10 20 0 0.01 0.0 0 7.5 16 300 M M 10 128 27 320
20 73 35 54 -1 11 0 0.00 0.0 0 5.9 16 270 M M 1 24 340
21 77 42 60 4 5 0 0.00 0.0 0 5.0 17 280 M M 3 24 300
22 77 45 61 5 4 0 0.00 0.0 0 4.6 15 260 M M 1 22 200
23 82 44 63 7 2 0 0.00 0.0 0 5.3 15 80 M M 0 1 25 80
24 63 45 54 -3 11 0 0.00 0.0 0 9.8 17 80 M M 3 26 50
25 70 33 52 -5 13 0 0.00 0.0 0 5.2 14 120 M M 0 19 120
26 75 32 54 -3 11 0 0.00 0.0 0 3.3 13 170 M M 0 1 18 210
27 79 36 58 0 7 0 0.00 0.0 0 3.2 12 190 M M 0 17 190
28 82 39 61 3 4 0 0.00 0.0 0 3.0 14 110 M M 0 22 130
29 83 43 63 5 2 0 0.00 0.0 0 3.1 16 150 M M 0 18 22 150
30 86 47 67 8 0 2 0.00 0.0 0 5.8 18 170 M M 0 28 210
31 88 53 71 12 0 6 0.00 0.0 0 5.4 20 210 M M 2 28 210
================================================================================
SM 2168 1268 297 10 0.95 T 195.6 M 111
================================================================================
AV 69.9 40.9 6.3 FASTST M M 4 MAX(MPH)
MISC ----> 23 110 41 340
================================================================================
NOTES:
# LAST OF SEVERAL OCCURRENCES
COLUMN 17 PEAK WIND IN M.P.H.
PRELIMINARY LOCAL CLIMATOLOGICAL DATA (WS FORM: F-6) , PAGE 2
STATION: RHINELANDER WI
MONTH: MAY
YEAR: 2023
LATITUDE: 45 37 N
LONGITUDE: 89 27 W
[TEMPERATURE DATA] [PRECIPITATION DATA] SYMBOLS USED IN COLUMN 16
AVERAGE MONTHLY: 55.4 TOTAL FOR MONTH: 0.95 1 = FOG OR MIST
DPTR FM NORMAL: 1.9 DPTR FM NORMAL: -2.47 2 = FOG REDUCING VISIBILITY
HIGHEST: 88 ON 31 GRTST 24HR 0.65 ON 6- 7 TO 1/4 MILE OR LESS
LOWEST: 31 ON 17, 3 3 = THUNDER
SNOW, ICE PELLETS, HAIL 4 = ICE PELLETS
TOTAL MONTH: 2.2 INCHES 5 = HAIL
GRTST 24HR T ON 1- 1 6 = FREEZING RAIN OR DRIZZLE
GRTST DEPTH: T 7 = DUSTSTORM OR SANDSTORM:
VSBY 1/2 MILE OR LESS
8 = SMOKE OR HAZE
[NO. OF DAYS WITH] [WEATHER - DAYS WITH] 9 = BLOWING SNOW
X = TORNADO
MAX 32 OR BELOW: 0 0.01 INCH OR MORE: 5
MAX 90 OR ABOVE: 0 0.10 INCH OR MORE: 3
MIN 32 OR BELOW: 4 0.50 INCH OR MORE: 0
MIN 0 OR BELOW: 0 1.00 INCH OR MORE: 0
[HDD (BASE 65) ]
TOTAL THIS MO. 297 CLEAR (SCALE 0-3) 17
DPTR FM NORMAL -73 PTCLDY (SCALE 4-7) 10
TOTAL FM JUL 1 8290 CLOUDY (SCALE 8-10) 4
DPTR FM NORMAL -423
[CDD (BASE 65) ]
TOTAL THIS MO. 10
DPTR FM NORMAL -3 [PRESSURE DATA]
TOTAL FM JAN 1 11 HIGHEST SLP 30.53 ON 14
DPTR FM NORMAL -3 LOWEST SLP 29.45 ON 1
[REMARKS]
#FINAL-05-23#