000
CXUS55 KGJT 011010
CF6RIL
PRELIMINARY LOCAL CLIMATOLOGICAL DATA (WS FORM: F-6)
STATION: RIFLE CO
MONTH: FEBRUARY
YEAR: 2023
LATITUDE: 39 31 N
LONGITUDE: 107 43 W
TEMPERATURE IN F: :PCPN: SNOW: WIND :SUNSHINE: SKY :PK WND
================================================================================
1 2 3 4 5 6A 6B 7 8 9 10 11 12 13 14 15 16 17 18
12Z AVG MX 2MIN
DY MAX MIN AVG DEP HDD CDD WTR SNW DPTH SPD SPD DIR MIN PSBL S-S WX SPD DR
================================================================================
1 29 -4 13 -15 52 0 0.00 M M 2.3 7 110 M M 0 10 180
2 37 4 21 -7 44 0 0.00 M M 1.9 8 120 M M 0 10 200
3 36 4 20 -8 45 0 0.00 M M 2.6 8 110 M M 0 10 160
4 40 10 25 -3 40 0 0.00 M M 1.8 7 140 M M 0 8 140
5 48 13 31 2 34 0 0.00 M M 5.0 28 310 M M 1 36 320
6 38 16 27 -2 38 0 0.02 M M 7.2 28 310 M M 6 1 36 310
7 39 10 25 -4 40 0 0.00 M M 2.5 10 130 M M 0 11 130
8 39 10 25 -5 40 0 T M M 5.0 29 350 M M 5 8 44 320
9 36 12 24 -6 41 0 0.00 M M 8.4 16 320 M M 2 22 330
10 33 5 19 -11 46 0 0.00 M M 3.2 8 100 M M 0 9 110
11 39 7 23 -7 42 0 0.00 M M 2.3 9 40 M M 0 10 140
12 48 15 32 1 33 0 0.00 M M 1.7 8 170 M M 0 9 170
13 40 15 28 -3 37 0 0.07 M M 3.7 23 260 M M 4 128 30 260
14 33 22 28 -3 37 0 0.02 M M 5.9 29 310 M M 10 1 37 310
15 24 9 17 -15 48 0 0.08 M M 10.5 23 310 M M 10 18 31 310
16 25 -6 10 -22 55 0 0.00 M M 2.7 12 150 M M 1 13 150
17 30 -5 13 -19 52 0 0.00 M M 1.8 8 110 M M 0 10 190
18 34 5 20 -13 45 0 0.00 M M 2.8 8 150 M M 1 10 150
19 42 13 28 -5 37 0 0.00 M M 5.3 24 270 M M 3 32 280
20 44 21 33 0 32 0 0.00 M M 2.8 10 250 M M 7 13 160
21 49 17 33 -1 32 0 0.27 M M 5.0 23 210 M M 3 36 210
22 44 16 30 -4 35 0 0.34 M M 12.3 45 250 M M 9 128 62 250
23 30 15 23 -11 42 0 0.16 M M 4.9 12 290 M M 9 128 15 330
24 37 17 27 -8 38 0 0.15 M M 7.5 25 270 M M 5 12 32 270
25 48 16 32 -3 33 0 0.00 M M 2.8 9 120 M M 2 12 110
26 44 23 34 -2 31 0 0.00 M M 8.4 29 270 M M 6 37 280
27 38 27 33 -3 32 0 T M M 6.9 20 260 M M 8 1 23 260
28 37 21 29 -7 36 0 0.04 M M 13.6 38 260 M M 7 128 51 230
================================================================================
SM 1061 328 1117 0 1.15 M 140.8 M 99
================================================================================
AV 37.9 11.7 5.0 FASTST M M 4 MAX(MPH)
MISC ----> 45 250 62 250
================================================================================
NOTES:
# LAST OF SEVERAL OCCURRENCES
COLUMN 17 PEAK WIND IN M.P.H.
PRELIMINARY LOCAL CLIMATOLOGICAL DATA (WS FORM: F-6) , PAGE 2
STATION: RIFLE CO
MONTH: FEBRUARY
YEAR: 2023
LATITUDE: 39 31 N
LONGITUDE: 107 43 W
[TEMPERATURE DATA] [PRECIPITATION DATA] SYMBOLS USED IN COLUMN 16
AVERAGE MONTHLY: 24.8 TOTAL FOR MONTH: 1.15 1 = FOG OR MIST
DPTR FM NORMAL: -6.8 DPTR FM NORMAL: 0.55 2 = FOG REDUCING VISIBILITY
HIGHEST: 49 ON 21 GRTST 24HR 0.61 ON 21-22 TO 1/4 MILE OR LESS
LOWEST: -6 ON 16 3 = THUNDER
SNOW, ICE PELLETS, HAIL 4 = ICE PELLETS
TOTAL MONTH: M 5 = HAIL
GRTST 24HR M ON M 6 = FREEZING RAIN OR DRIZZLE
GRTST DEPTH: M ON M 7 = DUSTSTORM OR SANDSTORM:
VSBY 1/2 MILE OR LESS
8 = SMOKE OR HAZE
[NO. OF DAYS WITH] [WEATHER - DAYS WITH] 9 = BLOWING SNOW
X = TORNADO
MAX 32 OR BELOW: 5 0.01 INCH OR MORE: 9
MAX 90 OR ABOVE: 0 0.10 INCH OR MORE: 4
MIN 32 OR BELOW: 28 0.50 INCH OR MORE: 0
MIN 0 OR BELOW: 3 1.00 INCH OR MORE: 0
[HDD (BASE 65) ]
TOTAL THIS MO. 1117 CLEAR (SCALE 0-3) 14
DPTR FM NORMAL 183 PTCLDY (SCALE 4-7) 9
TOTAL FM JUL 1 4999 CLOUDY (SCALE 8-10) 5
DPTR FM NORMAL 155
[CDD (BASE 65) ]
TOTAL THIS MO. 0
DPTR FM NORMAL 0 [PRESSURE DATA]
TOTAL FM JAN 1 0 HIGHEST SLP 30.78 ON 3
DPTR FM NORMAL 0 LOWEST SLP 28.93 ON 22
[REMARKS]
#FINAL-02-23#