000
CXUS55 KGJT 011000
CF6RIL
PRELIMINARY LOCAL CLIMATOLOGICAL DATA (WS FORM: F-6)
STATION: RIFLE CO
MONTH: MAY
YEAR: 2020
LATITUDE: 39 31 N
LONGITUDE: 107 43 W
TEMPERATURE IN F: :PCPN: SNOW: WIND :SUNSHINE: SKY :PK WND
================================================================================
1 2 3 4 5 6A 6B 7 8 9 10 11 12 13 14 15 16 17 18
12Z AVG MX 2MIN
DY MAX MIN AVG DEP HDD CDD WTR SNW DPTH SPD SPD DIR MIN PSBL S-S WX SPD DR
================================================================================
1 86 46 66 14 0 1 0.00 M M 10.7 37 250 M M 0 46 200
2 80 45 63 11 2 0 T M M 7.4 30 320 M M 2 3 43 310
3 80 42 61 8 4 0 T M M 11.9 31 320 M M 1 49 230
4 67 42 55 2 10 0 T M M 10.1 24 320 M M 3 34 350
5 74 31 53 0 12 0 0.00 M M 4.5 17 310 M M 0 24 310
6 81 36 59 5 6 0 0.00 M M 8.0 28 240 M M 0 8 39 250
7 75 38 57 3 8 0 0.00 M M 10.0 31 320 M M 0 45 330
8 75 30 53 -1 12 0 0.00 M M 7.6 23 270 M M 0 29 270
9 74 39 57 3 8 0 0.00 M M 5.9 20 320 M M 0 26 330
10 82 34 58 3 7 0 0.00 M M 6.1 23 260 M M 0 32 320
11 63 48 56 1 9 0 0.09 M M 5.6 17 60 M M 6 13 24 70
12 78 42 60 5 5 0 0.00 M M 8.4 29 220 M M 1 40 210
13 76 44 60 4 5 0 0.00 M M 10.8 29 260 M M 0 41 260
14 77 45 61 5 4 0 0.00 M M 8.4 24 280 M M 3 33 290
15 73 45 59 3 6 0 T M M 5.7 38 320 M M 3 50 310
16 77 39 58 2 7 0 0.00 M M 3.8 14 310 M M 1 21 280
17 87 44 66 9 0 1 0.00 M M 5.8 21 260 M M 1 30 290
18 89 49 69 12 0 4 0.00 M M 7.9 23 250 M M 0 32 210
19 87 56 72 15 0 7 0.00 M M 10.9 30 190 M M 0 44 200
20 73 44 59 1 6 0 0.00 M M 14.9 35 270 M M 2 52 260
21 73 34 54 -4 11 0 0.00 M M 8.7 26 260 M M 0 34 270
22 81 36 59 1 6 0 0.00 M M 8.0 25 260 M M 0 35 180
23 75 47 61 2 4 0 T M M 8.3 30 260 M M 4 39 260
24 67 42 55 -4 10 0 0.00 M M 9.5 21 320 M M 7 28 270
25 74 34 54 -5 11 0 0.00 M M 5.5 18 320 M M 0 26 320
26 80 37 59 -1 6 0 0.00 M M 5.7 22 260 M M 1 28 260
27 83 47 65 5 0 0 T M M 6.0 23 20 M M 3 3 34 10
28 91 48 70 10 0 5 0.00 M M 5.0 13 300 M M 0 17 290
29 92 53 73 13 0 8 T M M 6.2 30 300 M M 1 3 44 310
30 90 57 74 13 0 9 T M M 7.3 47 150 M M 0 8 64 170
31 89 57 73 12 0 8 T M M 5.6 28 270 M M 2 36 270
================================================================================
SM 2449 1331 159 43 0.09 M 240.2 M 41
================================================================================
AV 79.0 42.9 7.7 FASTST M M 1 MAX(MPH)
MISC ----> # 47 150 # 64 170
================================================================================
NOTES:
# LAST OF SEVERAL OCCURRENCES
COLUMN 17 PEAK WIND IN M.P.H.
PRELIMINARY LOCAL CLIMATOLOGICAL DATA (WS FORM: F-6) , PAGE 2
STATION: RIFLE CO
MONTH: MAY
YEAR: 2020
LATITUDE: 39 31 N
LONGITUDE: 107 43 W
[TEMPERATURE DATA] [PRECIPITATION DATA] SYMBOLS USED IN COLUMN 16
AVERAGE MONTHLY: 61.0 TOTAL FOR MONTH: 0.09 1 = FOG OR MIST
DPTR FM NORMAL: 4.5 DPTR FM NORMAL: -1.42 2 = FOG REDUCING VISIBILITY
HIGHEST: 92 ON 29 GRTST 24HR 0.09 ON 11-11 TO 1/4 MILE OR LESS
LOWEST: 30 ON 8 3 = THUNDER
SNOW, ICE PELLETS, HAIL 4 = ICE PELLETS
TOTAL MONTH: M 5 = HAIL
GRTST 24HR M ON M 6 = FREEZING RAIN OR DRIZZLE
GRTST DEPTH: M ON M 7 = DUSTSTORM OR SANDSTORM:
VSBY 1/2 MILE OR LESS
8 = SMOKE OR HAZE
[NO. OF DAYS WITH] [WEATHER - DAYS WITH] 9 = BLOWING SNOW
X = TORNADO
MAX 32 OR BELOW: 0 0.01 INCH OR MORE: 1
MAX 90 OR ABOVE: 3 0.10 INCH OR MORE: 0
MIN 32 OR BELOW: 2 0.50 INCH OR MORE: 0
MIN 0 OR BELOW: 0 1.00 INCH OR MORE: 0
[HDD (BASE 65) ]
TOTAL THIS MO. 159 CLEAR (SCALE 0-3) 26
DPTR FM NORMAL -110 PTCLDY (SCALE 4-7) 5
TOTAL FM JUL 1 6404 CLOUDY (SCALE 8-10) 0
DPTR FM NORMAL -162
[CDD (BASE 65) ]
TOTAL THIS MO. 43
DPTR FM NORMAL 36 [PRESSURE DATA]
TOTAL FM JAN 1 43 HIGHEST SLP 30.29 ON 5
DPTR FM NORMAL 36 LOWEST SLP 29.50 ON 19
[REMARKS]
#FINAL-05-20#