000
CXUS55 KRIW 011110
CF6RIW
PRELIMINARY LOCAL CLIMATOLOGICAL DATA (WS FORM: F-6)
STATION: RIVERTON WY
MONTH: FEBRUARY
YEAR: 2023
LATITUDE: 43 2 N
LONGITUDE: 108 27 W
TEMPERATURE IN F: :PCPN: SNOW: WIND :SUNSHINE: SKY :PK WND
================================================================================
1 2 3 4 5 6A 6B 7 8 9 10 11 12 13 14 15 16 17 18
12Z AVG MX 2MIN
DY MAX MIN AVG DEP HDD CDD WTR SNW DPTH SPD SPD DIR MIN PSBL S-S WX SPD DR
================================================================================
1 11 -16 -2 -22 67 0 0.00 0.0 15 3.0 12 60 M M 0 14 70
2 17 -3 7 -13 58 0 0.00 0.0 15 3.2 13 240 M M 0 15 70
3 19 -3 8 -13 57 0 0.00 0.0 15 3.9 14 310 M M 0 15 320
4 34 2 18 -3 47 0 0.00 0.0 15 7.7 21 260 M M 0 27 270
5 26 8 17 -4 48 0 0.00 0.0 15 6.6 15 220 M M 0 19 220
6 33 19 26 5 39 0 0.00 0.0 15 13.5 30 300 M M 4 42 310
7 23 7 15 -6 50 0 0.00 0.0 14 4.9 16 270 M M 0 18 270
8 33 4 19 -3 46 0 T 0.1 13 8.1 25 20 M M 3 1 31 10
9 25 1 13 -9 52 0 0.00 0.0 13 8.3 18 20 M M 1 25 30
10 17 -7 5 -17 60 0 0.00 0.0 13 2.8 9 340 M M 0 12 330
11 18 -5 7 -15 58 0 0.00 0.0 13 2.1 8 190 M M 0 1 10 190
12 18 -1 9 -13 56 0 0.00 0.0 13 3.1 10 10 M M 0 12 10
13 20 -4 8 -15 57 0 0.00 0.0 13 3.1 14 320 M M 0 18 15 320
14 25 2 14 -9 51 0 0.11 2.0 13 13.2 36 10 M M 8 129 44 20
15 17 -11 3 -20 62 0 0.00 0.0 15 10.8 32 10 M M 3 89 42 10
16 7 -16 -4 -28 69 0 0.00 0.0 15 2.1 8 330 M M 0 18 9 330
17 10 -12 -1 -25 66 0 0.00 0.0 14 2.7 10 300 M M 0 11 230
18 27 -9 9 -15 56 0 0.00 0.0 14 4.5 23 310 M M 2 30 310
19 31 10 21 -4 44 0 0.00 0.0 13 13.3 32 270 M M 2 40 260
20 44 18 31 6 34 0 0.00 0.0 13 10.5 26 310 M M 0 40 310
21 44 7 26 0 39 0 0.21 4.3 13 12.8 36 20 M M 4 12 43 20
22 7 -14 -3 -29 68 0 0.36 5.5 20 9.8 20 100 M M 9 128 26 120
23 -5 -27 -16 -42 81 0 0.00 0.0 22 4.7 12 330 M M 1 13 30
24 0 -26 -13 -40 78 0 0.00 0.0 22 3.2 13 320 M M 1 1 13 280
25 27 -13 7 -20 58 0 0.00 0.0 22 4.7 13 180 M M 0 14 170
26 32 6 19 -9 46 0 0.00 0.0 22 5.5 15 320 M M 0 16 320
27 35 8 22 -6 43 0 0.00 0.0 21 6.8 17 190 M M 2 21 190
28 32 7 20 -9 45 0 0.00 0.0 20 12.2 25 250 M M 1 32 240
================================================================================
SM 627 -68 1535 0 0.68 11.9 187.1 M 41
================================================================================
AV 22.4 -2.4 6.7 FASTST M M 1 MAX(MPH)
MISC ----> # 36 10 44 20
================================================================================
NOTES:
# LAST OF SEVERAL OCCURRENCES
COLUMN 17 PEAK WIND IN M.P.H.
PRELIMINARY LOCAL CLIMATOLOGICAL DATA (WS FORM: F-6) , PAGE 2
STATION: RIVERTON WY
MONTH: FEBRUARY
YEAR: 2023
LATITUDE: 43 2 N
LONGITUDE: 108 27 W
[TEMPERATURE DATA] [PRECIPITATION DATA] SYMBOLS USED IN COLUMN 16
AVERAGE MONTHLY: 10.0 TOTAL FOR MONTH: 0.68 1 = FOG OR MIST
DPTR FM NORMAL: -13.7 DPTR FM NORMAL: 0.28 2 = FOG REDUCING VISIBILITY
HIGHEST: 44 ON 21,20 GRTST 24HR 0.57 ON 21-22 TO 1/4 MILE OR LESS
LOWEST: -27 ON 23 3 = THUNDER
SNOW, ICE PELLETS, HAIL 4 = ICE PELLETS
TOTAL MONTH: 11.9 INCHES 5 = HAIL
GRTST 24HR 5.5 ON 22-22 6 = FREEZING RAIN OR DRIZZLE
GRTST DEPTH: 22 ON 26,25 7 = DUSTSTORM OR SANDSTORM:
VSBY 1/2 MILE OR LESS
8 = SMOKE OR HAZE
[NO. OF DAYS WITH] [WEATHER - DAYS WITH] 9 = BLOWING SNOW
X = TORNADO
MAX 32 OR BELOW: 22 0.01 INCH OR MORE: 3
MAX 90 OR ABOVE: 0 0.10 INCH OR MORE: 3
MIN 32 OR BELOW: 28 0.50 INCH OR MORE: 0
MIN 0 OR BELOW: 15 1.00 INCH OR MORE: 0
[HDD (BASE 65) ]
TOTAL THIS MO. 1535 CLEAR (SCALE 0-3) 22
DPTR FM NORMAL 379 PTCLDY (SCALE 4-7) 5
TOTAL FM JUL 1 6621 CLOUDY (SCALE 8-10) 1
DPTR FM NORMAL 743
[CDD (BASE 65) ]
TOTAL THIS MO. 0
DPTR FM NORMAL 0 [PRESSURE DATA]
TOTAL FM JAN 1 0 HIGHEST SLP 30.53 ON 24
DPTR FM NORMAL 0 LOWEST SLP 29.48 ON 28
[REMARKS]
#FINAL-02-23#