000
CXUS55 KRIW 012108
CF6RIW
PRELIMINARY LOCAL CLIMATOLOGICAL DATA (WS FORM: F-6)
STATION: RIVERTON WY
MONTH: SEPTEMBER
YEAR: 2022
LATITUDE: 43 2 N
LONGITUDE: 108 27 W
TEMPERATURE IN F: :PCPN: SNOW: WIND :SUNSHINE: SKY :PK WND
================================================================================
1 2 3 4 5 6A 6B 7 8 9 10 11 12 13 14 15 16 17 18
12Z AVG MX 2MIN
DY MAX MIN AVG DEP HDD CDD WTR SNW DPTH SPD SPD DIR MIN PSBL S-S WX SPD DR
================================================================================
1 97 61 79 14 0 14 0.00 0.0 0 10.4 23 310 M M 0 29 320
2 90 59 75 10 0 10 0.00 0.0 0 7.3 14 100 M M 0 20 100
3 94 53 74 10 0 9 0.00 0.0 0 5.7 14 200 M M 0 16 210
4 100 56 78 14 0 13 0.00 0.0 0 11.2 26 310 M M 0 36 300
5 97 64 81 17 0 16 0.00 0.0 0 12.1 21 320 M M 1 26 310
6 93 57 75 12 0 10 0.00 0.0 0 8.5 18 300 M M 0 24 310
7 93 56 75 12 0 10 0.00 0.0 0 7.3 21 300 M M 0 26 300
8 91 55 73 11 0 8 T 0.0 0 13.2 33 270 M M 2 8 43 260
9 56 44 50 -12 15 0 0.10 0.0 0 10.0 17 40 M M 10 18 22 40
10 64 36 50 -12 15 0 0.00 0.0 0 3.7 10 310 M M 3 13 80
11 80 41 61 0 4 0 0.00 0.0 0 7.3 14 310 M M 0 19 50
12 84 49 67 6 0 2 0.00 0.0 0 7.1 16 320 M M 0 19 270
13 80 45 63 3 2 0 0.00 0.0 0 7.6 22 240 M M 1 29 250
14 76 53 65 5 0 0 0.29 0.0 0 7.5 25 350 M M 7 1 32 330
15 60 52 56 -4 9 0 0.50 0.0 0 3.1 9 100 M M 8 1 12 80
16 67 46 57 -2 8 0 T 0.0 0 8.3 25 290 M M 4 12 35 280
17 69 43 56 -3 9 0 0.00 0.0 0 7.3 20 310 M M 2 25 310
18 79 45 62 4 3 0 0.06 0.0 0 6.7 18 280 M M 2 23 270
19 84 49 67 9 0 2 0.00 0.0 0 8.2 24 260 M M 0 34 250
20 83 48 66 9 0 1 0.00 0.0 0 8.6 25 60 M M 1 35 70
21 65 44 55 -2 10 0 T 0.0 0 8.3 17 90 M M 4 38 24 90
22 70 46 58 2 7 0 T 0.0 0 10.5 39 320 M M 3 38 50 260
23 75 45 60 4 5 0 0.00 0.0 0 18.2 37 290 M M 0 48 290
24 76 47 62 6 3 0 0.00 0.0 0 11.5 28 290 M M 0 39 290
25 73 41 57 2 8 0 0.00 0.0 0 5.0 12 320 M M 0 13 90
26 78 47 63 9 2 0 0.00 0.0 0 7.5 14 310 M M 0 19 110
27 79 44 62 8 3 0 0.00 0.0 0 7.4 14 300 M M 0 18 300
28 83 49 66 12 0 1 0.00 0.0 0 7.6 16 270 M M 0 21 300
29 78 51 65 12 0 0 0.04 0.0 0 6.0 24 270 M M 3 13 33 260
30 65 48 57 5 8 0 0.15 0.0 0 9.4 24 300 M M 6 13 32 320
================================================================================
SM 2379 1474 111 96 1.14 0.0 252.5 M 57
================================================================================
AV 79.3 49.1 8.4 FASTST M M 2 MAX(MPH)
MISC ----> 39 320 50 260
================================================================================
NOTES:
# LAST OF SEVERAL OCCURRENCES
COLUMN 17 PEAK WIND IN M.P.H.
PRELIMINARY LOCAL CLIMATOLOGICAL DATA (WS FORM: F-6) , PAGE 2
STATION: RIVERTON WY
MONTH: SEPTEMBER
YEAR: 2022
LATITUDE: 43 2 N
LONGITUDE: 108 27 W
[TEMPERATURE DATA] [PRECIPITATION DATA] SYMBOLS USED IN COLUMN 16
AVERAGE MONTHLY: 64.2 TOTAL FOR MONTH: 1.14 1 = FOG OR MIST
DPTR FM NORMAL: 5.0 DPTR FM NORMAL: 0.37 2 = FOG REDUCING VISIBILITY
HIGHEST: 100 ON 4 GRTST 24HR 0.79 ON 14-15 TO 1/4 MILE OR LESS
LOWEST: 36 ON 10 3 = THUNDER
SNOW, ICE PELLETS, HAIL 4 = ICE PELLETS
TOTAL MONTH: 0.0 INCH 5 = HAIL
GRTST 24HR 0.0 6 = FREEZING RAIN OR DRIZZLE
GRTST DEPTH: 0 7 = DUSTSTORM OR SANDSTORM:
VSBY 1/2 MILE OR LESS
8 = SMOKE OR HAZE
[NO. OF DAYS WITH] [WEATHER - DAYS WITH] 9 = BLOWING SNOW
X = TORNADO
MAX 32 OR BELOW: 0 0.01 INCH OR MORE: 6
MAX 90 OR ABOVE: 8 0.10 INCH OR MORE: 4
MIN 32 OR BELOW: 0 0.50 INCH OR MORE: 1
MIN 0 OR BELOW: 0 1.00 INCH OR MORE: 0
[HDD (BASE 65) ]
TOTAL THIS MO. 111 CLEAR (SCALE 0-3) 22
DPTR FM NORMAL -94 PTCLDY (SCALE 4-7) 6
TOTAL FM JUL 1 112 CLOUDY (SCALE 8-10) 2
DPTR FM NORMAL -129
[CDD (BASE 65) ]
TOTAL THIS MO. 96
DPTR FM NORMAL 65 [PRESSURE DATA]
TOTAL FM JAN 1 703 HIGHEST SLP 30.31 ON 10
DPTR FM NORMAL 204 LOWEST SLP 29.62 ON 8
[REMARKS]
#FINAL-09-22#