000
CXUS51 KRNK 010715
CF6RNK
PRELIMINARY LOCAL CLIMATOLOGICAL DATA (WS FORM: F-6)
STATION: BLACKSBURG VA
MONTH: MAY
YEAR: 2023
LATITUDE: 37 13 N
LONGITUDE: 80 25 W
TEMPERATURE IN F: :PCPN: SNOW: WIND :SUNSHINE: SKY :PK WND
================================================================================
1 2 3 4 5 6A 6B 7 8 9 10 11 12 13 14 15 16 17 18
12Z AVG MX 2MIN
DY MAX MIN AVG DEP HDD CDD WTR SNW DPTH SPD SPD DIR MIN PSBL S-S WX SPD DR
================================================================================
1 51 40 46 -10 19 0 0.03 0.0 0 6.7 18 310 M M 9 28 290
2 61 41 51 -6 14 0 T 0.0 0 8.8 14 260 M M 7 31 290
3 53 39 46 -11 19 0 0.08 T 0 8.8 20 310 M M 8 4 32 290
4 64 40 52 -5 13 0 0.00 0.0 0 5.5 12 330 M M 6 18 300
5 71 35 53 -5 12 0 0.00 0.0 0 1.6 8 120 M M 1 M M
6 76 41 59 1 6 0 0.00 0.0 0 1.7 8 180 M M 0 M M
7 72 47 60 2 5 0 0.07 0.0 0 2.4 8 300 M M 2 13 20 280
8 79 55 67 9 0 2 0.00 0.0 0 3.3 9 310 M M 2 9 320
9 79 57 68 10 0 3 T 0.0 0 4.3 14 330 M M 5 21 300
10 74 47 61 2 4 0 0.00 0.0 0 2.6 8 170 M M 2 1 M M
11 81 47 64 5 1 0 0.00 0.0 0 2.1 9 190 M M 0 M M
12 81 52 67 8 0 2 0.03 0.0 0 1.3 9 100 M M 4 M M
13 79 62 71 12 0 6 0.01 0.0 0 3.2 10 310 M M 7 1 18 300
14 74 60 67 7 0 2 0.01 0.0 0 3.7 9 100 M M 9 1 M M
15 62 57 60 0 5 0 0.27 0.0 0 3.3 7 110 M M 10 12 M M
16 71 57 64 4 1 0 0.45 0.0 0 1.1 7 300 M M 9 13 20 250
17 72 48 60 0 5 0 T 0.0 0 4.9 12 330 M M 3 17 310
18 67 48 58 -3 7 0 0.00 0.0 0 7.1 14 110 M M 8 18 110
19 70 48 59 -2 6 0 0.00 0.0 0 4.8 9 130 M M 8 M M
20 73 58 66 5 0 1 0.01 0.0 0 2.7 10 320 M M 10 16 320
21 75 48 62 1 3 0 0.00 0.0 0 2.8 8 330 M M 2 1 M M
22 74 46 60 -2 5 0 0.00 0.0 0 3.5 10 110 M M 1 18 90
23 70 50 60 -2 5 0 0.00 0.0 0 5.7 14 110 M M 1 21 70
24 76 46 61 -1 4 0 0.00 0.0 0 3.5 12 350 M M 1 1 18 90
25 71 47 59 -3 6 0 T 0.0 0 4.7 12 80 M M 5 17 80
26 69 51 60 -3 5 0 0.00 0.0 0 6.0 14 100 M M 2 20 100
27 65 45 55 -8 10 0 T 0.0 0 8.4 20 110 M M 4 28 90
28 60 52 56 -7 9 0 0.82 0.0 0 8.3 17 80 M M 10 13 29 80
29 72 54 63 0 2 0 2.30 0.0 0 4.7 12 80 M M 9 13 17 60
30 73 60 67 3 0 2 0.05 0.0 0 6.7 15 80 M M 10 22 100
31 73 54 64 0 1 0 T 0.0 0 4.4 9 80 M M 7 1 M M
================================================================================
SM 2188 1532 167 18 4.13 T 138.6 M 162
================================================================================
AV 70.6 49.4 4.5 FASTST M M 5 MAX(MPH)
MISC ----> # 20 310 32 290
================================================================================
NOTES:
# LAST OF SEVERAL OCCURRENCES
COLUMN 17 PEAK WIND IN M.P.H.
PRELIMINARY LOCAL CLIMATOLOGICAL DATA (WS FORM: F-6) , PAGE 2
STATION: BLACKSBURG VA
MONTH: MAY
YEAR: 2023
LATITUDE: 37 13 N
LONGITUDE: 80 25 W
[TEMPERATURE DATA] [PRECIPITATION DATA] SYMBOLS USED IN COLUMN 16
AVERAGE MONTHLY: 60.0 TOTAL FOR MONTH: 4.13 1 = FOG OR MIST
DPTR FM NORMAL: -0.2 DPTR FM NORMAL: -0.34 2 = FOG REDUCING VISIBILITY
HIGHEST: 81 ON 12,11 GRTST 24HR 2.30 ON 29-29 TO 1/4 MILE OR LESS
LOWEST: 35 ON 5 3 = THUNDER
SNOW, ICE PELLETS, HAIL 4 = ICE PELLETS
TOTAL MONTH: T 5 = HAIL
GRTST 24HR T ON 3- 3 6 = FREEZING RAIN OR DRIZZLE
GRTST DEPTH: 0 7 = DUSTSTORM OR SANDSTORM:
VSBY 1/2 MILE OR LESS
8 = SMOKE OR HAZE
[NO. OF DAYS WITH] [WEATHER - DAYS WITH] 9 = BLOWING SNOW
X = TORNADO
MAX 32 OR BELOW: 0 0.01 INCH OR MORE: 12
MAX 90 OR ABOVE: 0 0.10 INCH OR MORE: 4
MIN 32 OR BELOW: 0 0.50 INCH OR MORE: 2
MIN 0 OR BELOW: 0 1.00 INCH OR MORE: 1
[HDD (BASE 65) ]
TOTAL THIS MO. 167 CLEAR (SCALE 0-3) 12
DPTR FM NORMAL -16 PTCLDY (SCALE 4-7) 11
TOTAL FM JUL 1 4411 CLOUDY (SCALE 8-10) 8
DPTR FM NORMAL -850
[CDD (BASE 65) ]
TOTAL THIS MO. 18
DPTR FM NORMAL -14 [PRESSURE DATA]
TOTAL FM JAN 1 22 HIGHEST SLP M ON M
DPTR FM NORMAL -13 LOWEST SLP M ON M
[REMARKS]
#FINAL-05-23#