000
CXUS56 KSGX 011057
CF6RNM
PRELIMINARY LOCAL CLIMATOLOGICAL DATA (WS FORM: F-6)
STATION: RAMONA AIRPORT CA
MONTH: JUNE
YEAR: 2023
LATITUDE: 33 2 N
LONGITUDE: 116 55 W
TEMPERATURE IN F: :PCPN: SNOW: WIND :SUNSHINE: SKY :PK WND
================================================================================
1 2 3 4 5 6A 6B 7 8 9 10 11 12 13 14 15 16 17 18
12Z AVG MX 2MIN
DY MAX MIN AVG DEP HDD CDD WTR SNW DPTH SPD SPD DIR MIN PSBL S-S WX SPD DR
================================================================================
1 64 54 59 -5 6 0 0.00 M M 4.5 10 230 M M 10 18 13 280
2 74 52 63 -2 2 0 0.00 M M 5.2 16 320 M M 7 18 18 280
3 77 55 66 1 0 1 0.00 M M 4.1 13 270 M M 7 128 18 300
4 78 56 67 2 0 2 0.00 M M 4.6 14 280 M M 6 18 21 280
5 69 53 61 -4 4 0 0.00 M M 5.7 16 260 M M 9 8 21 250
6 70 50 60 -5 5 0 0.00 M M 5.5 15 290 M M 8 18 270
7 70 51 61 -5 4 0 0.00 M M 4.5 14 270 M M 8 8 18 280
8 75 51 63 -3 2 0 0.00 M M 4.8 14 270 M M 7 1 19 270
9 74 57 66 0 0 1 0.00 M M 6.5 16 240 M M 8 18 23 300
10 68 57 63 -3 2 0 0.00 M M 5.3 12 280 M M 10 18 15 260
11 63 56 60 -6 5 0 0.02 M M 4.8 20 170 M M 10 18 31 330
12 71 56 64 -3 1 0 0.01 M M 4.6 13 270 M M 10 18 19 330
13 73 54 64 -3 1 0 0.00 M M 5.3 13 300 M M 8 1 20 290
14 74 56 65 -2 0 0 0.00 M M 3.9 12 270 M M 7 18 17 300
15 75 55 65 -2 0 0 0.00 M M 5.1 15 290 M M 6 18 18 280
16 83 57 70 2 0 5 0.00 M M 4.6 15 270 M M 4 128 21 270
17 87 53 70 2 0 5 0.00 M M 5.8 15 270 M M 2 128 19 270
18 82 50 66 -2 0 1 0.00 M M 4.8 15 280 M M 4 128 21 270
19 78 53 66 -2 0 1 0.00 M M 5.0 14 290 M M 5 18 17 320
20 82 47 65 -3 0 0 0.00 M M 4.8 14 250 M M 2 12 19 270
21 82 41 62 -7 3 0 0.00 M M 4.1 14 270 M M 0 12 19 260
22 75 43 59 -10 6 0 0.00 M M 5.1 15 270 M M 3 128 20 290
23 78 48 63 -6 2 0 0.00 M M 4.7 15 270 M M 2 23 230
24 81 44 63 -6 2 0 0.00 M M 5.1 16 270 M M 1 12 21 270
25 81 50 66 -4 0 1 0.00 M M 4.6 13 280 M M 4 18 18 280
26 82 45 64 -6 1 0 0.00 M M 4.6 14 260 M M 2 128 19 260
27 84 42 63 -7 2 0 0.00 M M 4.7 13 290 M M 0 128 19 270
28 79 50 65 -5 0 0 0.00 M M 5.0 14 290 M M 4 128 17 250
29 85 46 66 -5 0 1 0.00 M M 4.4 13 290 M M 3 128 18 290
30 94 52 73 2 0 8 0.00 M M 4.6 15 300 M M 1 12 19 280
================================================================================
SM 2308 1534 48 26 0.03 M 146.3 M 158
================================================================================
AV 76.9 51.1 4.9 FASTST M M 5 MAX(MPH)
MISC ----> 20 170 31 330
================================================================================
NOTES:
# LAST OF SEVERAL OCCURRENCES
COLUMN 17 PEAK WIND IN M.P.H.
PRELIMINARY LOCAL CLIMATOLOGICAL DATA (WS FORM: F-6) , PAGE 2
STATION: RAMONA AIRPORT CA
MONTH: JUNE
YEAR: 2023
LATITUDE: 33 2 N
LONGITUDE: 116 55 W
[TEMPERATURE DATA] [PRECIPITATION DATA] SYMBOLS USED IN COLUMN 16
AVERAGE MONTHLY: 64.0 TOTAL FOR MONTH: 0.03 1 = FOG OR MIST
DPTR FM NORMAL: -3.5 DPTR FM NORMAL: -0.03 2 = FOG REDUCING VISIBILITY
HIGHEST: 94 ON 30 GRTST 24HR 0.03 ON 11-12 TO 1/4 MILE OR LESS
LOWEST: 41 ON 21 3 = THUNDER
SNOW, ICE PELLETS, HAIL 4 = ICE PELLETS
TOTAL MONTH: M 5 = HAIL
GRTST 24HR M ON M 6 = FREEZING RAIN OR DRIZZLE
GRTST DEPTH: M ON M 7 = DUSTSTORM OR SANDSTORM:
VSBY 1/2 MILE OR LESS
8 = SMOKE OR HAZE
[NO. OF DAYS WITH] [WEATHER - DAYS WITH] 9 = BLOWING SNOW
X = TORNADO
MAX 32 OR BELOW: 0 0.01 INCH OR MORE: 2
MAX 90 OR ABOVE: 1 0.10 INCH OR MORE: 0
MIN 32 OR BELOW: 0 0.50 INCH OR MORE: 0
MIN 0 OR BELOW: 0 1.00 INCH OR MORE: 0
[HDD (BASE 65) ]
TOTAL THIS MO. 48 CLEAR (SCALE 0-3) 10
DPTR FM NORMAL 24 PTCLDY (SCALE 4-7) 15
TOTAL FM JUL 1 2715 CLOUDY (SCALE 8-10) 5
DPTR FM NORMAL 390
[CDD (BASE 65) ]
TOTAL THIS MO. 26
DPTR FM NORMAL -71 [PRESSURE DATA]
TOTAL FM JAN 1 45 HIGHEST SLP 30.05 ON 25
DPTR FM NORMAL -89 LOWEST SLP 29.80 ON 30
[REMARKS]
#FINAL-06-23#