000
CXUS56 KSGX 011145
CF6RNM
PRELIMINARY LOCAL CLIMATOLOGICAL DATA (WS FORM: F-6)
STATION: RAMONA AIRPORT CA
MONTH: JANUARY
YEAR: 2022
LATITUDE: 33 2 N
LONGITUDE: 116 55 W
TEMPERATURE IN F: :PCPN: SNOW: WIND :SUNSHINE: SKY :PK WND
================================================================================
1 2 3 4 5 6A 6B 7 8 9 10 11 12 13 14 15 16 17 18
12Z AVG MX 2MIN
DY MAX MIN AVG DEP HDD CDD WTR SNW DPTH SPD SPD DIR MIN PSBL S-S WX SPD DR
================================================================================
1 62 37 50 -1 15 0 0.00 M M 5.5 16 50 M M 3 1 22 40
2 69 28 49 -2 16 0 0.00 M M 4.5 17 60 M M 0 23 60
3 63 25 44 -7 21 0 0.00 M M 2.7 12 310 M M 0 1 15 290
4 63 27 45 -6 20 0 0.00 M M 2.8 13 310 M M 0 1 15 310
5 72 32 52 1 13 0 0.00 M M 2.6 9 290 M M 0 1 11 300
6 75 33 54 3 11 0 0.00 M M 2.3 13 310 M M 0 1 15 300
7 66 33 50 -1 15 0 0.00 M M 3.6 14 270 M M 2 18 17 280
8 61 35 48 -3 17 0 0.00 M M 2.5 8 280 M M 5 12 10 220
9 73 31 52 1 13 0 0.00 M M 6.6 20 80 M M 2 12 26 90
10 71 41 56 5 9 0 0.00 M M 9.2 21 70 M M 0 27 70
11 76 56 66 15 0 1 0.00 M M 11.2 24 80 M M 0 32 70
12 78 42 60 9 5 0 0.00 M M 5.1 17 90 M M 0 22 60
13 73 41 57 6 8 0 0.00 M M 2.2 6 20 M M 4 M M
14 76 47 62 11 3 0 0.00 M M 5.2 17 60 M M 0 24 60
15 67 51 59 7 6 0 T M M 7.9 18 80 M M 7 27 80
16 71 46 59 7 6 0 0.00 M M 3.0 9 260 M M 4 M M
17 63 46 55 3 10 0 0.04 M M 1.7 13 250 M M 9 1 17 250
18 60 50 55 3 10 0 0.04 M M 4.2 10 280 M M 9 1 12 280
19 65 37 51 -1 14 0 0.00 M M 2.6 12 300 M M 5 12 13 300
20 75 34 55 3 10 0 0.00 M M 4.9 14 300 M M 1 12 16 60
21 67 32 50 -2 15 0 0.00 M M 4.7 16 20 M M 1 1 24 20
22 67 39 53 1 12 0 0.00 M M 6.2 18 50 M M 1 24 40
23 71 35 53 1 12 0 0.00 M M 6.3 23 50 M M 0 28 50
24 71 30 51 -1 14 0 0.00 M M 2.4 13 260 M M 0 20 250
25 67 29 48 -4 17 0 0.00 M M 2.1 12 290 M M 1 12 14 290
26 71 33 52 0 13 0 0.00 M M 5.6 15 80 M M 3 12 21 70
27 71 30 51 -1 14 0 0.00 M M 5.3 20 100 M M 0 23 90
28 68 36 52 0 13 0 0.00 M M 12.6 28 70 M M 0 36 70
29 68 33 51 -1 14 0 0.00 M M 3.7 17 80 M M 2 21 90
30 71 28 50 -2 15 0 0.00 M M 3.4 16 270 M M 0 1 19 270
31 67 27 47 -5 18 0 0.00 M M 3.1 9 270 M M 0 1 11 270
================================================================================
SM 2138 1124 379 1 0.08 M 145.7 M 59
================================================================================
AV 69.0 36.3 4.7 FASTST M M 2 MAX(MPH)
MISC ----> 28 70 36 70
================================================================================
NOTES:
# LAST OF SEVERAL OCCURRENCES
COLUMN 17 PEAK WIND IN M.P.H.
PRELIMINARY LOCAL CLIMATOLOGICAL DATA (WS FORM: F-6) , PAGE 2
STATION: RAMONA AIRPORT CA
MONTH: JANUARY
YEAR: 2022
LATITUDE: 33 2 N
LONGITUDE: 116 55 W
[TEMPERATURE DATA] [PRECIPITATION DATA] SYMBOLS USED IN COLUMN 16
AVERAGE MONTHLY: 52.6 TOTAL FOR MONTH: 0.08 1 = FOG OR MIST
DPTR FM NORMAL: 1.2 DPTR FM NORMAL: -3.02 2 = FOG REDUCING VISIBILITY
HIGHEST: 78 ON 12 GRTST 24HR 0.13 ON 17-17 TO 1/4 MILE OR LESS
LOWEST: 25 ON 3 3 = THUNDER
SNOW, ICE PELLETS, HAIL 4 = ICE PELLETS
TOTAL MONTH: M 5 = HAIL
GRTST 24HR M ON M 6 = FREEZING RAIN OR DRIZZLE
GRTST DEPTH: M ON M 7 = DUSTSTORM OR SANDSTORM:
VSBY 1/2 MILE OR LESS
8 = SMOKE OR HAZE
[NO. OF DAYS WITH] [WEATHER - DAYS WITH] 9 = BLOWING SNOW
X = TORNADO
MAX 32 OR BELOW: 0 0.01 INCH OR MORE: 2
MAX 90 OR ABOVE: 0 0.10 INCH OR MORE: 0
MIN 32 OR BELOW: 11 0.50 INCH OR MORE: 0
MIN 0 OR BELOW: 0 1.00 INCH OR MORE: 0
[HDD (BASE 65) ]
TOTAL THIS MO. 379 CLEAR (SCALE 0-3) 23
DPTR FM NORMAL -45 PTCLDY (SCALE 4-7) 6
TOTAL FM JUL 1 1171 CLOUDY (SCALE 8-10) 2
DPTR FM NORMAL -72
[CDD (BASE 65) ]
TOTAL THIS MO. 1
DPTR FM NORMAL 0 [PRESSURE DATA]
TOTAL FM JAN 1 1 HIGHEST SLP 30.30 ON 10
DPTR FM NORMAL 0 LOWEST SLP 29.86 ON 1
[REMARKS]
#FINAL-01-22#