000
CXUS56 KSGX 011045
CF6RNM
PRELIMINARY LOCAL CLIMATOLOGICAL DATA (WS FORM: F-6)
STATION: RAMONA AIRPORT CA
MONTH: MARCH
YEAR: 2021
LATITUDE: 33 2 N
LONGITUDE: 116 55 W
TEMPERATURE IN F: :PCPN: SNOW: WIND :SUNSHINE: SKY :PK WND
================================================================================
1 2 3 4 5 6A 6B 7 8 9 10 11 12 13 14 15 16 17 18
12Z AVG MX 2MIN
DY MAX MIN AVG DEP HDD CDD WTR SNW DPTH SPD SPD DIR MIN PSBL S-S WX SPD DR
================================================================================
1 72 29 51 -1 14 0 0.00 M M 8.1 18 80 M M 0 25 50
2 74 31 53 1 12 0 0.00 M M 3.2 14 250 M M 0 19 280
3 58 27 43 -9 22 0 0.77 M M 4.3 21 230 M M 6 13 27 230
4 63 37 50 -2 15 0 0.00 M M 4.0 13 280 M M 3 12 17 270
5 75 30 53 1 12 0 0.00 M M 3.9 16 270 M M 1 12 20 280
6 67 34 51 -1 14 0 0.00 M M 4.5 14 260 M M 4 12 18 260
7 63 38 51 -1 14 0 0.00 M M 4.1 13 290 M M 7 12 17 290
8 62 44 53 1 12 0 T M M 5.2 15 260 M M 9 1 19 260
9 59 38 49 -4 16 0 T M M 5.9 20 280 M M 7 12 24 270
10 57 42 50 -3 15 0 0.47 M M 6.7 25 270 M M 9 1 32 280
11 53 35 44 -9 21 0 0.46 M M 5.9 16 250 M M 7 18 20 270
12 55 35 45 -8 20 0 0.03 M M 4.7 18 250 M M 6 13 23 270
13 59 36 48 -5 17 0 0.01 M M 5.1 20 250 M M 7 1 23 250
14 59 40 50 -3 15 0 0.00 M M 3.6 13 270 M M 9 1 16 260
15 51 40 46 -7 19 0 0.22 M M 11.0 24 260 M M 9 18 33 240
16 56 33 45 -8 20 0 0.04 M M 4.0 23 270 M M 6 1 30 280
17 66 28 47 -6 18 0 0.00 M M 3.5 15 290 M M 0 1 19 290
18 67 32 50 -3 15 0 0.00 M M 4.7 16 280 M M 3 12 22 280
19 73 34 54 1 11 0 0.00 M M 3.6 16 280 M M 1 12 20 270
20 65 40 53 0 12 0 0.00 M M 5.0 15 270 M M 6 128 20 260
21 62 31 47 -6 18 0 0.00 M M 4.2 16 260 M M 2 1 20 260
22 67 29 48 -5 17 0 0.00 M M 4.1 15 270 M M 0 20 250
23 60 42 51 -2 14 0 T M M 7.2 18 270 M M 4 1 22 280
24 67 31 49 -4 16 0 0.00 M M 3.8 21 260 M M 1 25 260
25 57 33 45 -8 20 0 0.11 M M 9.8 20 210 M M 7 18 27 240
26 61 36 49 -4 16 0 0.02 M M 4.6 17 270 M M 5 1 22 270
27 74 31 53 -1 12 0 0.00 M M 5.3 16 270 M M 0 1 22 280
28 85 33 59 5 6 0 0.00 M M 5.2 15 350 M M 0 23 10
29 80 37 59 5 6 0 0.00 M M 4.1 10 280 M M 0 16 290
30 74 34 54 0 11 0 0.00 M M 4.2 14 310 M M 2 12 17 330
31 82 50 66 12 0 1 0.00 M M 11.3 22 80 M M 0 30 60
================================================================================
SM 2023 1090 450 1 2.13 M 164.8 M 121
================================================================================
AV 65.3 35.2 5.3 FASTST M M 4 MAX(MPH)
MISC ----> 25 270 33 240
================================================================================
NOTES:
# LAST OF SEVERAL OCCURRENCES
COLUMN 17 PEAK WIND IN M.P.H.
PRELIMINARY LOCAL CLIMATOLOGICAL DATA (WS FORM: F-6) , PAGE 2
STATION: RAMONA AIRPORT CA
MONTH: MARCH
YEAR: 2021
LATITUDE: 33 2 N
LONGITUDE: 116 55 W
[TEMPERATURE DATA] [PRECIPITATION DATA] SYMBOLS USED IN COLUMN 16
AVERAGE MONTHLY: 50.2 TOTAL FOR MONTH: 2.13 1 = FOG OR MIST
DPTR FM NORMAL: -2.7 DPTR FM NORMAL: -0.95 2 = FOG REDUCING VISIBILITY
HIGHEST: 85 ON 28 GRTST 24HR 0.77 ON 3- 3 TO 1/4 MILE OR LESS
LOWEST: 27 ON 3 3 = THUNDER
SNOW, ICE PELLETS, HAIL 4 = ICE PELLETS
TOTAL MONTH: M 5 = HAIL
GRTST 24HR M ON M 6 = FREEZING RAIN OR DRIZZLE
GRTST DEPTH: M ON M 7 = DUSTSTORM OR SANDSTORM:
VSBY 1/2 MILE OR LESS
8 = SMOKE OR HAZE
[NO. OF DAYS WITH] [WEATHER - DAYS WITH] 9 = BLOWING SNOW
X = TORNADO
MAX 32 OR BELOW: 0 0.01 INCH OR MORE: 9
MAX 90 OR ABOVE: 0 0.10 INCH OR MORE: 5
MIN 32 OR BELOW: 10 0.50 INCH OR MORE: 1
MIN 0 OR BELOW: 0 1.00 INCH OR MORE: 0
[HDD (BASE 65) ]
TOTAL THIS MO. 450 CLEAR (SCALE 0-3) 13
DPTR FM NORMAL 75 PTCLDY (SCALE 4-7) 14
TOTAL FM JUL 1 2032 CLOUDY (SCALE 8-10) 4
DPTR FM NORMAL -85
[CDD (BASE 65) ]
TOTAL THIS MO. 1
DPTR FM NORMAL 1 [PRESSURE DATA]
TOTAL FM JAN 1 1 HIGHEST SLP 30.27 ON 14
DPTR FM NORMAL 0 LOWEST SLP 29.78 ON 3
[REMARKS]
#FINAL-03-21#