000
CXUS55 KREV 011638
CF6RNO
PRELIMINARY LOCAL CLIMATOLOGICAL DATA (WS FORM: F-6)
STATION: RENO-TAHOE INTL AIRPORT NV
MONTH: AUGUST
YEAR: 2022
LATITUDE: 39 30 N
LONGITUDE: 119 47 W
TEMPERATURE IN F: :PCPN: SNOW: WIND :SUNSHINE: SKY :PK WND
================================================================================
1 2 3 4 5 6A 6B 7 8 9 10 11 12 13 14 15 16 17 18
12Z AVG MX 2MIN
DY MAX MIN AVG DEP HDD CDD WTR SNW DPTH SPD SPD DIR MIN PSBL S-S WX SPD DR
================================================================================
1 89 71 80 2 0 15 0.00 0.0 0 9.9 25 290 M M 8 31 280
2 93 64 79 1 0 14 0.01 0.0 0 6.3 20 350 M M 5 3 22 350
3 97 67 82 4 0 17 1.22 0.0 0 5.1 28 270 M M 4 35 40 270
4 93 67 80 3 0 15 0.24 0.0 0 4.6 22 210 M M 4 13 29 270
5 79 65 72 -5 0 7 0.08 0.0 0 6.0 16 290 M M 9 13 23 300
6 92 63 78 1 0 13 0.00 0.0 0 4.1 18 330 M M 2 23 330
7 98 65 82 5 0 17 T 0.0 0 3.9 30 170 M M 4 38 170
8 92 67 80 3 0 15 T 0.0 0 5.8 23 120 M M 4 3 30 170
9 93 67 80 3 0 15 T 0.0 0 5.6 21 200 M M 6 27 190
10 93 64 79 3 0 14 0.00 0.0 0 6.4 24 280 M M 3 32 290
11 95 65 80 4 0 15 0.00 0.0 0 7.9 24 280 M M 2 31 270
12 96 63 80 4 0 15 0.00 0.0 0 6.3 24 280 M M 1 33 270
13 96 58 77 1 0 12 0.00 0.0 0 5.7 21 350 M M 1 28 290
14 97 60 79 3 0 14 0.00 0.0 0 5.9 23 350 M M 0 30 360
15 98 60 79 4 0 14 0.00 0.0 0 4.7 17 290 M M 1 22 350
16 98 63 81 6 0 16 T 0.0 0 4.6 26 160 M M 6 3 32 140
17 94 64 79 4 0 14 0.11 0.0 0 7.2 28 170 M M 8 1 36 280
18 86 61 74 -1 0 9 0.06 0.0 0 3.8 24 330 M M 4 3 28 340
19 92 59 76 1 0 11 0.00 0.0 0 4.5 18 300 M M 1 25 290
20 97 63 80 6 0 15 0.00 0.0 0 5.0 17 290 M M 1 24 300
21 99 64 82 8 0 17 0.00 0.0 0 6.8 25 280 M M 1 34 290
22 98 61 80 6 0 15 0.00 0.0 0 6.6 21 290 M M 0 26 280
23 98 57 78 4 0 13 0.00 0.0 0 5.6 20 290 M M 1 26 290
24 99 65 82 8 0 17 0.00 0.0 0 6.0 21 280 M M 2 31 260
25 98 60 79 6 0 14 0.00 0.0 0 6.4 21 300 M M 1 30 280
26 96 60 78 5 0 13 0.00 0.0 0 6.6 24 290 M M 1 31 300
27 94 58 76 3 0 11 0.00 0.0 0 6.4 23 270 M M 1 28 280
28 95 57 76 3 0 11 0.00 0.0 0 4.6 18 330 M M 2 22 320
29 96 60 78 6 0 13 T 0.0 0 4.2 23 290 M M 2 29 290
30 99 66 83 11 0 18 0.00 0.0 0 4.8 21 300 M M 2 27 160
31 100 64 82 10 0 17 0.00 0.0 0 6.3 20 320 M M 0 28 300
================================================================================
SM 2940 1948 0 436 1.72 0.0 177.6 M 87
================================================================================
AV 94.8 62.8 5.7 FASTST M M 3 MAX(MPH)
MISC ----> 30 170 40 270
================================================================================
NOTES:
# LAST OF SEVERAL OCCURRENCES
COLUMN 17 PEAK WIND IN M.P.H.
PRELIMINARY LOCAL CLIMATOLOGICAL DATA (WS FORM: F-6) , PAGE 2
STATION: RENO-TAHOE INTL AIRPORT NV
MONTH: AUGUST
YEAR: 2022
LATITUDE: 39 30 N
LONGITUDE: 119 47 W
[TEMPERATURE DATA] [PRECIPITATION DATA] SYMBOLS USED IN COLUMN 16
AVERAGE MONTHLY: 78.8 TOTAL FOR MONTH: 1.72 1 = FOG OR MIST
DPTR FM NORMAL: 3.7 DPTR FM NORMAL: 1.48 2 = FOG REDUCING VISIBILITY
HIGHEST: 100 ON 31 GRTST 24HR 1.46 ON 3- 4 TO 1/4 MILE OR LESS
LOWEST: 57 ON 28,23 3 = THUNDER
SNOW, ICE PELLETS, HAIL 4 = ICE PELLETS
TOTAL MONTH: 0.0 INCH 5 = HAIL
GRTST 24HR 0.0 6 = FREEZING RAIN OR DRIZZLE
GRTST DEPTH: 0 7 = DUSTSTORM OR SANDSTORM:
VSBY 1/2 MILE OR LESS
8 = SMOKE OR HAZE
[NO. OF DAYS WITH] [WEATHER - DAYS WITH] 9 = BLOWING SNOW
X = TORNADO
MAX 32 OR BELOW: 0 0.01 INCH OR MORE: 6
MAX 90 OR ABOVE: 28 0.10 INCH OR MORE: 3
MIN 32 OR BELOW: 0 0.50 INCH OR MORE: 1
MIN 0 OR BELOW: 0 1.00 INCH OR MORE: 1
[HDD (BASE 65) ]
TOTAL THIS MO. 0 CLEAR (SCALE 0-3) 20
DPTR FM NORMAL -3 PTCLDY (SCALE 4-7) 10
TOTAL FM JUL 1 0 CLOUDY (SCALE 8-10) 1
DPTR FM NORMAL -2
[CDD (BASE 65) ]
TOTAL THIS MO. 436
DPTR FM NORMAL 120 [PRESSURE DATA]
TOTAL FM JAN 1 1111 HIGHEST SLP 30.07 ON 18
DPTR FM NORMAL 198 LOWEST SLP 29.70 ON 28
[REMARKS]
#FINAL-08-22#