000
CXUS51 KRNK 010851
CF6ROA
PRELIMINARY LOCAL CLIMATOLOGICAL DATA (WS FORM: F-6)
STATION: ROANOKE VA
MONTH: MARCH
YEAR: 2022
LATITUDE: 37 19 N
LONGITUDE: 79 58 W
TEMPERATURE IN F: :PCPN: SNOW: WIND :SUNSHINE: SKY :PK WND
================================================================================
1 2 3 4 5 6A 6B 7 8 9 10 11 12 13 14 15 16 17 18
12Z AVG MX 2MIN
DY MAX MIN AVG DEP HDD CDD WTR SNW DPTH SPD SPD DIR MIN PSBL S-S WX SPD DR
================================================================================
1 66 32 49 5 16 0 0.00 0.0 0 5.7 16 230 M M 1 20 230
2 72 47 60 16 5 0 0.00 0.0 0 8.4 22 320 M M 0 30 330
3 74 47 61 16 4 0 0.00 0.0 0 11.5 30 310 M M 1 37 290
4 55 34 45 0 20 0 0.00 0.0 0 7.2 17 120 M M 2 20 120
5 74 37 56 11 9 0 0.00 0.0 0 5.6 22 160 M M 1 27 160
6 75 58 67 22 0 2 0.00 0.0 0 5.7 17 230 M M 7 26 240
7 77 53 65 19 0 0 0.06 0.0 0 11.2 29 200 M M 4 41 310
8 59 40 50 4 15 0 0.25 0.0 0 7.9 25 320 M M 4 1 30 300
9 55 40 48 2 17 0 0.55 0.0 0 6.8 24 310 M M 8 1 30 310
10 53 37 45 -1 20 0 0.00 0.0 0 5.4 13 160 M M 7 15 90
11 66 32 49 2 16 0 0.00 0.0 0 4.1 18 150 M M 1 23 150
12 54 23 39 -8 26 0 0.41 0.3 0 19.2 39 300 M M 9 1 53 300
13 51 20 36 -11 29 0 0.00 0.0 0 12.9 32 310 M M 0 42 300
14 65 35 50 2 15 0 0.00 0.0 0 5.8 17 150 M M 0 23 120
15 71 34 53 5 12 0 0.00 0.0 0 2.4 15 260 M M 1 21 250
16 66 43 55 7 10 0 0.17 0.0 0 2.6 16 80 M M 6 1 20 170
17 73 51 62 14 3 0 0.04 0.0 0 4.3 15 320 M M 7 1 20 340
18 74 44 59 10 6 0 0.00 0.0 0 6.6 24 150 M M 5 31 140
19 77 52 65 16 0 0 0.00 0.0 0 9.0 26 290 M M 5 32 290
20 59 48 54 5 11 0 T 0.0 0 17.4 29 300 M M 4 39 290
21 72 44 58 8 7 0 0.00 0.0 0 5.2 20 300 M M 0 27 290
22 71 44 58 8 7 0 0.00 0.0 0 3.5 15 150 M M 2 19 150
23 60 53 57 7 8 0 0.85 0.0 0 6.4 14 130 M M 8 13 16 120
24 68 52 60 9 5 0 T 0.0 0 4.3 15 200 M M 4 12 19 190
25 60 46 53 2 12 0 T 0.0 0 11.5 22 280 M M 4 31 300
26 49 36 43 -8 22 0 0.03 T 0 15.5 36 320 M M 7 51 300
27 46 35 41 -11 24 0 0.00 0.0 0 17.5 26 300 M M 3 35 300
28 48 32 40 -12 25 0 0.00 0.0 0 17.1 31 300 M M 0 41 300
29 56 30 43 -9 22 0 0.00 0.0 0 4.6 13 140 M M 4 17 150
30 68 42 55 2 10 0 0.00 0.0 0 9.3 26 160 M M 5 33 160
31 74 57 66 13 0 1 0.11 0.0 0 12.3 23 180 M M 8 34 170
================================================================================
SM 1988 1278 376 3 2.47 0.3 266.9 M 118
================================================================================
AV 64.1 41.2 8.6 FASTST M M 4 MAX(MPH)
MISC ----> 39 300 53 300
================================================================================
NOTES:
# LAST OF SEVERAL OCCURRENCES
COLUMN 17 PEAK WIND IN M.P.H.
PRELIMINARY LOCAL CLIMATOLOGICAL DATA (WS FORM: F-6) , PAGE 2
STATION: ROANOKE VA
MONTH: MARCH
YEAR: 2022
LATITUDE: 37 19 N
LONGITUDE: 79 58 W
[TEMPERATURE DATA] [PRECIPITATION DATA] SYMBOLS USED IN COLUMN 16
AVERAGE MONTHLY: 52.7 TOTAL FOR MONTH: 2.47 1 = FOG OR MIST
DPTR FM NORMAL: 4.4 DPTR FM NORMAL: -1.04 2 = FOG REDUCING VISIBILITY
HIGHEST: 77 ON 19, 7 GRTST 24HR 0.85 ON 23-23 TO 1/4 MILE OR LESS
LOWEST: 20 ON 13 3 = THUNDER
SNOW, ICE PELLETS, HAIL 4 = ICE PELLETS
TOTAL MONTH: 0.3 INCH 5 = HAIL
GRTST 24HR 0.3 ON 12-12 6 = FREEZING RAIN OR DRIZZLE
GRTST DEPTH: 0 7 = DUSTSTORM OR SANDSTORM:
VSBY 1/2 MILE OR LESS
8 = SMOKE OR HAZE
[NO. OF DAYS WITH] [WEATHER - DAYS WITH] 9 = BLOWING SNOW
X = TORNADO
MAX 32 OR BELOW: 0 0.01 INCH OR MORE: 9
MAX 90 OR ABOVE: 0 0.10 INCH OR MORE: 6
MIN 32 OR BELOW: 6 0.50 INCH OR MORE: 2
MIN 0 OR BELOW: 0 1.00 INCH OR MORE: 0
[HDD (BASE 65) ]
TOTAL THIS MO. 376 CLEAR (SCALE 0-3) 13
DPTR FM NORMAL -147 PTCLDY (SCALE 4-7) 16
TOTAL FM JUL 1 3103 CLOUDY (SCALE 8-10) 2
DPTR FM NORMAL -440
[CDD (BASE 65) ]
TOTAL THIS MO. 3
DPTR FM NORMAL -2 [PRESSURE DATA]
TOTAL FM JAN 1 3 HIGHEST SLP 30.54 ON 4
DPTR FM NORMAL -2 LOWEST SLP 29.42 ON 31
[REMARKS]
#FINAL-03-22#