000
CXUS51 KRNK 010638
CF6ROA
PRELIMINARY LOCAL CLIMATOLOGICAL DATA (WS FORM: F-6)
STATION: ROANOKE VA
MONTH: JUNE
YEAR: 2021
LATITUDE: 37 19 N
LONGITUDE: 79 58 W
TEMPERATURE IN F: :PCPN: SNOW: WIND :SUNSHINE: SKY :PK WND
================================================================================
1 2 3 4 5 6A 6B 7 8 9 10 11 12 13 14 15 16 17 18
12Z AVG MX 2MIN
DY MAX MIN AVG DEP HDD CDD WTR SNW DPTH SPD SPD DIR MIN PSBL S-S WX SPD DR
================================================================================
1 79 53 66 -4 0 1 0.00 0.0 0 3.9 13 140 M M 4 17 140
2 80 60 70 0 0 5 0.00 0.0 0 7.1 18 150 M M 6 25 150
3 84 67 76 5 0 11 T 0.0 0 4.5 20 300 M M 8 24 290
4 85 66 76 5 0 11 0.00 0.0 0 6.8 21 310 M M 4 27 310
5 90 59 75 4 0 10 0.00 0.0 0 3.6 14 150 M M 2 18 150
6 91 67 79 8 0 14 0.00 0.0 0 4.3 16 140 M M 5 19 210
7 86 70 78 6 0 13 0.63 0.0 0 4.1 13 210 M M 6 1 19 170
8 87 68 78 6 0 13 0.66 0.0 0 4.7 26 250 M M 4 13 36 240
9 87 70 79 7 0 14 0.09 0.0 0 4.0 16 320 M M 7 13 21 320
10 82 70 76 4 0 11 0.26 0.0 0 0.7 15 170 M M 8 13 19 170
11 84 69 77 4 0 12 0.61 0.0 0 3.6 16 30 M M 7 13 20 40
12 81 67 74 1 0 9 T 0.0 0 6.9 14 120 M M 9 1 17 120
13 84 67 76 3 0 11 0.83 0.0 0 7.7 38 30 M M 7 13 42 30
14 90 64 77 3 0 12 0.00 0.0 0 4.7 14 300 M M 2 19 310
15 81 64 73 -1 0 8 T 0.0 0 8.4 21 320 M M 4 26 320
16 80 61 71 -3 0 6 T 0.0 0 8.8 22 330 M M 2 26 330
17 82 53 68 -6 0 3 T 0.0 0 3.3 13 280 M M 1 18 310
18 88 55 72 -3 0 7 0.00 0.0 0 5.4 15 280 M M 2 19 220
19 89 73 81 6 0 16 0.00 0.0 0 5.8 20 320 M M 3 26 310
20 87 69 78 3 0 13 0.00 0.0 0 5.4 13 150 M M 5 18 150
21 94 70 82 7 0 17 0.00 0.0 0 8.1 22 320 M M 3 26 240
22 77 61 69 -7 0 4 0.28 0.0 0 8.0 20 310 M M 6 1 26 320
23 77 53 65 -11 0 0 0.00 0.0 0 4.7 14 120 M M 3 16 110
24 77 60 69 -7 0 4 0.00 0.0 0 2.8 12 120 M M 6 14 140
25 81 54 68 -8 0 3 0.00 0.0 0 4.0 16 140 M M 3 20 140
26 87 67 77 1 0 12 0.00 0.0 0 5.3 16 170 M M 5 20 160
27 90 68 79 3 0 14 1.01 0.0 0 4.0 28 320 M M 4 13 34 320
28 91 67 79 2 0 14 0.00 0.0 0 3.8 15 140 M M 3 12 18 140
29 89 71 80 3 0 15 0.00 0.0 0 5.3 18 150 M M 2 21 160
30 93 70 82 5 0 17 0.00 0.0 0 5.2 23 330 M M 3 3 28 320
================================================================================
SM 2553 1933 0 300 4.37 0.0 154.9 M 134
================================================================================
AV 85.1 64.4 5.2 FASTST M M 4 MAX(MPH)
MISC ----> 38 30 42 30
================================================================================
NOTES:
# LAST OF SEVERAL OCCURRENCES
COLUMN 17 PEAK WIND IN M.P.H.
PRELIMINARY LOCAL CLIMATOLOGICAL DATA (WS FORM: F-6) , PAGE 2
STATION: ROANOKE VA
MONTH: JUNE
YEAR: 2021
LATITUDE: 37 19 N
LONGITUDE: 79 58 W
[TEMPERATURE DATA] [PRECIPITATION DATA] SYMBOLS USED IN COLUMN 16
AVERAGE MONTHLY: 74.8 TOTAL FOR MONTH: 4.37 1 = FOG OR MIST
DPTR FM NORMAL: 1.0 DPTR FM NORMAL: -0.29 2 = FOG REDUCING VISIBILITY
HIGHEST: 94 ON 21 GRTST 24HR 1.01 ON 27-27 TO 1/4 MILE OR LESS
LOWEST: 53 ON 23,17 3 = THUNDER
SNOW, ICE PELLETS, HAIL 4 = ICE PELLETS
TOTAL MONTH: 0.0 INCH 5 = HAIL
GRTST 24HR 0.0 6 = FREEZING RAIN OR DRIZZLE
GRTST DEPTH: 0 7 = DUSTSTORM OR SANDSTORM:
VSBY 1/2 MILE OR LESS
8 = SMOKE OR HAZE
[NO. OF DAYS WITH] [WEATHER - DAYS WITH] 9 = BLOWING SNOW
X = TORNADO
MAX 32 OR BELOW: 0 0.01 INCH OR MORE: 8
MAX 90 OR ABOVE: 7 0.10 INCH OR MORE: 7
MIN 32 OR BELOW: 0 0.50 INCH OR MORE: 5
MIN 0 OR BELOW: 0 1.00 INCH OR MORE: 1
[HDD (BASE 65) ]
TOTAL THIS MO. 0 CLEAR (SCALE 0-3) 12
DPTR FM NORMAL -8 PTCLDY (SCALE 4-7) 17
TOTAL FM JUL 1 3658 CLOUDY (SCALE 8-10) 1
DPTR FM NORMAL -209
[CDD (BASE 65) ]
TOTAL THIS MO. 300
DPTR FM NORMAL 28 [PRESSURE DATA]
TOTAL FM JAN 1 440 HIGHEST SLP M ON M
DPTR FM NORMAL 19 LOWEST SLP 29.69 ON 21
[REMARKS]
#FINAL-06-21#