000
CXUS55 KABQ 011110
CF6ROW
PRELIMINARY LOCAL CLIMATOLOGICAL DATA (WS FORM: F-6)
STATION: ROSWELL NM
MONTH: JANUARY
YEAR: 2024
LATITUDE: 33 17 N
LONGITUDE: 104 32 W
TEMPERATURE IN F: :PCPN: SNOW: WIND :SUNSHINE: SKY :PK WND
================================================================================
1 2 3 4 5 6A 6B 7 8 9 10 11 12 13 14 15 16 17 18
12Z AVG MX 2MIN
DY MAX MIN AVG DEP HDD CDD WTR SNW DPTH SPD SPD DIR MIN PSBL S-S WX SPD DR
================================================================================
1 52 27 40 -1 25 0 0.00 0.0 0 5.6 14 150 M M 0 20 160
2 53 31 42 1 23 0 0.00 0.0 0 5.2 12 360 M M 2 14 20
3 58 26 42 1 23 0 0.00 0.0 0 6.3 16 150 M M 0 21 180
4 50 33 42 1 23 0 0.03 0.0 0 7.4 20 170 M M 5 18 25 170
5 56 31 44 3 21 0 0.00 0.0 0 7.3 23 350 M M 4 40 360
6 49 27 38 -3 27 0 T 0.0 0 9.1 23 350 M M 2 30 360
7 61 27 44 3 21 0 0.00 0.0 0 15.3 32 200 M M 1 8 43 190
8 47 33 40 -2 25 0 0.00 0.0 0 19.8 39 360 M M 3 78 62 290
9 52 21 37 -5 28 0 0.00 0.0 M 5.4 20 330 M M 0 27 330
10 66 22 44 2 21 0 0.00 0.0 0 7.7 24 10 M M 0 32 360
11 63 33 48 6 17 0 0.00 0.0 0 20.1 45 260 M M 4 78 60 260
12 53 22 38 -4 27 0 0.00 0.0 0 7.9 30 320 M M 0 44 310
13 65 26 46 4 19 0 0.00 0.0 0 8.5 20 220 M M 0 27 220
14 39 19 29 -13 36 0 0.00 0.0 0 8.9 18 180 M M 0 23 180
15 43 13 28 -14 37 0 0.00 0.0 0 12.3 31 10 M M 0 41 40
16 34 8 21 -21 44 0 0.00 0.0 0 6.8 17 180 M M 0 21 160
17 59 14 37 -6 28 0 0.00 0.0 0 4.6 18 210 M M 0 23 210
18 73 32 53 10 12 0 0.00 0.0 0 8.2 26 340 M M 0 36 340
19 40 23 32 -11 33 0 0.00 0.0 0 8.4 29 30 M M 0 34 30
20 39 22 31 -12 34 0 0.00 0.0 0 10.2 18 180 M M 0 22 170
21 41 30 36 -7 29 0 T 0.0 0 6.1 15 210 M M 7 18 220
22 65 29 47 3 18 0 T 0.0 0 1.3 7 350 M M 2 10 360
23 59 34 47 3 18 0 0.00 0.0 0 3.7 15 190 M M 4 18 180
24 58 40 49 5 16 0 0.13 0.0 0 3.8 15 260 M M 7 1 20 270
25 63 32 48 4 17 0 0.00 0.0 0 3.8 9 280 M M 1 18 13 260
26 57 40 49 5 16 0 0.01 0.0 0 10.7 25 10 M M 7 35 10
27 60 31 46 2 19 0 0.00 0.0 0 4.6 12 300 M M 0 17 300
28 63 29 46 2 19 0 0.00 0.0 0 3.5 13 190 M M 0 16 200
29 65 33 49 4 16 0 0.00 0.0 0 4.2 9 290 M M 0 12 290
30 68 32 50 5 15 0 0.00 0.0 0 4.5 10 330 M M 0 13 330
31 68 42 55 10 10 0 0.00 0.0 0 6.9 20 170 M M 6 25 160
================================================================================
SM 1719 862 717 0 0.17 0.0 238.1 M 55
================================================================================
AV 55.5 27.8 7.7 FASTST M M 2 MAX(MPH)
MISC ----> 45 260 62 290
================================================================================
NOTES:
# LAST OF SEVERAL OCCURRENCES
COLUMN 17 PEAK WIND IN M.P.H.
PRELIMINARY LOCAL CLIMATOLOGICAL DATA (WS FORM: F-6) , PAGE 2
STATION: ROSWELL NM
MONTH: JANUARY
YEAR: 2024
LATITUDE: 33 17 N
LONGITUDE: 104 32 W
[TEMPERATURE DATA] [PRECIPITATION DATA] SYMBOLS USED IN COLUMN 16
AVERAGE MONTHLY: 41.6 TOTAL FOR MONTH: 0.17 1 = FOG OR MIST
DPTR FM NORMAL: -1.1 DPTR FM NORMAL: -0.19 2 = FOG REDUCING VISIBILITY
HIGHEST: 73 ON 18 GRTST 24HR 0.42 ON 3- 4 TO 1/4 MILE OR LESS
LOWEST: 8 ON 16 3 = THUNDER
SNOW, ICE PELLETS, HAIL 4 = ICE PELLETS
TOTAL MONTH: 0.0 INCH 5 = HAIL
GRTST 24HR 0.0 6 = FREEZING RAIN OR DRIZZLE
GRTST DEPTH: 0 7 = DUSTSTORM OR SANDSTORM:
VSBY 1/2 MILE OR LESS
8 = SMOKE OR HAZE
[NO. OF DAYS WITH] [WEATHER - DAYS WITH] 9 = BLOWING SNOW
X = TORNADO
MAX 32 OR BELOW: 0 0.01 INCH OR MORE: 3
MAX 90 OR ABOVE: 0 0.10 INCH OR MORE: 1
MIN 32 OR BELOW: 23 0.50 INCH OR MORE: 0
MIN 0 OR BELOW: 0 1.00 INCH OR MORE: 0
[HDD (BASE 65) ]
TOTAL THIS MO. 717 CLEAR (SCALE 0-3) 23
DPTR FM NORMAL 26 PTCLDY (SCALE 4-7) 8
TOTAL FM JUL 1 1734 CLOUDY (SCALE 8-10) 0
DPTR FM NORMAL -211
[CDD (BASE 65) ]
TOTAL THIS MO. 0
DPTR FM NORMAL 0 [PRESSURE DATA]
TOTAL FM JAN 1 0 HIGHEST SLP 30.50 ON 19
DPTR FM NORMAL 0 LOWEST SLP 29.35 ON 11
[REMARKS]
#FINAL-01-24#