000
CXUS56 KFGZ 010910
CF6RQE
PRELIMINARY LOCAL CLIMATOLOGICAL DATA (WS FORM: F-6)
STATION: WINDOW ROCK AZ AIRPORT
MONTH: JANUARY
YEAR: 2023
LATITUDE: 35 39 N
LONGITUDE: 109 4 W
TEMPERATURE IN F: :PCPN: SNOW: WIND :SUNSHINE: SKY :PK WND
================================================================================
1 2 3 4 5 6A 6B 7 8 9 10 11 12 13 14 15 16 17 18
12Z AVG MX 2MIN
DY MAX MIN AVG DEP HDD CDD WTR SNW DPTH SPD SPD DIR MIN PSBL S-S WX SPD DR
================================================================================
1 43 31 37 9 28 0 0.57 M M 7.0 21 170 M M 7 1 25 170
2 34 28 31 3 34 0 0.03 M M 13.2 23 250 M M 10 18 31 230
3 34 25 30 2 35 0 0.05 M M 8.2 22 260 M M 8 18 29 250
4 36 19 28 -1 37 0 0.00 M M 4.6 14 270 M M 6 128 17 260
5 44 15 30 1 35 0 0.00 M M 2.3 15 180 M M 1 21 190
6 42 20 31 2 34 0 T M M 4.6 18 250 M M 4 25 270
7 43 13 28 -1 37 0 0.00 M M 2.7 10 60 M M 0 13 60
8 50 15 33 4 32 0 0.00 M M 2.8 16 230 M M 0 21 230
9 51 19 35 6 30 0 0.00 M M 4.4 21 230 M M 3 25 240
10 52 32 42 13 23 0 0.00 M M 11.6 24 210 M M 0 32 210
11 42 22 32 3 33 0 0.04 M M 10.2 32 230 M M 2 1 45 230
12 47 14 31 2 34 0 0.00 M M 3.3 13 340 M M 0 16 50
13 54 16 35 6 30 0 0.00 M M 1.1 7 210 M M 0 8 200
14 50 22 36 6 29 0 T M M 5.8 18 230 M M 4 1 37 200
15 35 30 33 3 32 0 0.35 M M 9.3 29 240 M M 10 128 36 240
16 37 27 32 2 33 0 0.16 M M 6.1 16 220 M M 10 1 23 210
17 34 24 29 -1 36 0 0.26 M M 12.7 25 260 M M 9 12 32 250
18 31 0 16 -14 49 0 0.01 M M 8.8 24 240 M M 5 1 30 240
19 31 -4 14 -16 51 0 0.00 M M 1.3 7 200 M M 5 12 9 90
20 28 4 16 -14 49 0 0.09 M M 4.8 21 260 M M 8 18 26 270
21 33 5 19 -11 46 0 0.00 M M 6.0 16 350 M M 3 20 360
22 35 -5 15 -15 50 0 0.00 M M 2.7 13 190 M M 2 17 180
23 35 13 24 -7 41 0 0.05 M M 8.6 22 40 M M 8 18 32 40
24 32 -1 16 -15 49 0 0.00 M M 4.7 18 340 M M 2 24 340
25 30 -2 14 -17 51 0 0.00 M M 5.2 20 10 M M 1 25 360
26 33 -9 12 -19 53 0 0.00 M M 2.4 9 350 M M 0 12 350
27 41 -2 20 -11 45 0 0.00 M M 3.3 12 260 M M 0 15 260
28 38 1 20 -11 45 0 0.00 M M 4.2 20 270 M M 1 24 230
29 42 3 23 -8 42 0 0.00 M M 6.6 26 230 M M 0 34 230
30 39 10 25 -7 40 0 0.00 M M 4.5 24 230 M M 0 29 210
31 37 6 22 -10 43 0 0.00 M M 2.7 13 60 M M 2 16 50
================================================================================
SM 1213 391 1206 0 1.61 M 175.7 M 111
================================================================================
AV 39.1 12.6 5.7 FASTST M M 4 MAX(MPH)
MISC ----> 32 230 45 230
================================================================================
NOTES:
# LAST OF SEVERAL OCCURRENCES
COLUMN 17 PEAK WIND IN M.P.H.
PRELIMINARY LOCAL CLIMATOLOGICAL DATA (WS FORM: F-6) , PAGE 2
STATION: WINDOW ROCK AZ AIRPORT
MONTH: JANUARY
YEAR: 2023
LATITUDE: 35 39 N
LONGITUDE: 109 4 W
[TEMPERATURE DATA] [PRECIPITATION DATA] SYMBOLS USED IN COLUMN 16
AVERAGE MONTHLY: 25.9 TOTAL FOR MONTH: 1.61 1 = FOG OR MIST
DPTR FM NORMAL: -4.0 DPTR FM NORMAL: 0.57 2 = FOG REDUCING VISIBILITY
HIGHEST: 54 ON 13 GRTST 24HR 0.57 ON 1- 1 TO 1/4 MILE OR LESS
LOWEST: -9 ON 26 3 = THUNDER
SNOW, ICE PELLETS, HAIL 4 = ICE PELLETS
TOTAL MONTH: M 5 = HAIL
GRTST 24HR M ON M 6 = FREEZING RAIN OR DRIZZLE
GRTST DEPTH: M ON M 7 = DUSTSTORM OR SANDSTORM:
VSBY 1/2 MILE OR LESS
8 = SMOKE OR HAZE
[NO. OF DAYS WITH] [WEATHER - DAYS WITH] 9 = BLOWING SNOW
X = TORNADO
MAX 32 OR BELOW: 5 0.01 INCH OR MORE: 10
MAX 90 OR ABOVE: 0 0.10 INCH OR MORE: 4
MIN 32 OR BELOW: 31 0.50 INCH OR MORE: 1
MIN 0 OR BELOW: 7 1.00 INCH OR MORE: 0
[HDD (BASE 65) ]
TOTAL THIS MO. 1206 CLEAR (SCALE 0-3) 18
DPTR FM NORMAL 116 PTCLDY (SCALE 4-7) 8
TOTAL FM JUL 1 3625 CLOUDY (SCALE 8-10) 5
DPTR FM NORMAL 3
[CDD (BASE 65) ]
TOTAL THIS MO. 0
DPTR FM NORMAL 0 [PRESSURE DATA]
TOTAL FM JAN 1 0 HIGHEST SLP M ON M
DPTR FM NORMAL 0 LOWEST SLP 29.54 ON 17
[REMARKS]
#FINAL-01-23#