000
CXUS53 KARX 010757
CLMRST
CLIMATE REPORT
NATIONAL WEATHER SERVICE LA CROSSE WI
257 AM CDT SAT JUL 01 2023
...................................
...THE ROCHESTER MN CLIMATE SUMMARY FOR THE MONTH OF JUNE 2023...
CLIMATE NORMAL PERIOD 1991 TO 2020
CLIMATE RECORD PERIOD 1886 TO 2023
WEATHER OBSERVED NORMAL DEPART LAST YEAR`S
VALUE DATE(S) VALUE FROM VALUE DATE(S)
NORMAL
................................................................
TEMPERATURE (F)
RECORD
HIGH 105 06/27/1934
LOW 31 06/09/1937
HIGHEST 89 06/23 96 06/20
LOWEST 45 06/12 48 06/02
06/16
AVG. MAXIMUM 81.7 77.6 4.1 79.9
AVG. MINIMUM 58.2 57.5 0.7 59.2
MEAN 69.9 67.5 2.4 69.5
DAYS MAX >= 90 0 1.5 -1.5 4
DAYS MAX <= 32 0 0.0 0.0 0
DAYS MIN <= 32 0 0.0 0.0 0
DAYS MIN <= 0 0 0.0 0.0 0
PRECIPITATION (INCHES)
RECORD
MAXIMUM 12.52 2000
TOTALS 1.34 5.35 -4.01 4.28
DAYS >= .01 7 12.5 -5.5 12
DAYS >= .10 3 7.8 -4.8 5
DAYS >= .50 1 3.8 -2.8 3
DAYS >= 1.00 0 1.5 -1.5 2
GREATEST
24 HR. TOTAL 0.50 06/25 TO 06/25 1.51 06/13 TO 06/13
SNOWFALL (INCHES)
RECORDS
TOTAL 0.0 2020
SNOW DEPTH 0 06/30/2020
TOTALS 0.0 0.0 0.0 0.0
SINCE 7/1 63.3 53.1 10.2 MM
SNOWDEPTH AVG. 0 0
DAYS >= TRACE 0 0.0 0.0 0
DAYS >= 1.0 0 0.0 0.0 0
GREATEST
SNOW DEPTH 0 0 MM
DEGREE DAYS
HEATING TOTAL 18 49 -31 25
SINCE 7/1 7614 7857 -243 MM
COOLING TOTAL 173 126 47 168
SINCE 1/1 212 160 52 MM
................................................................
WIND (MPH)
AVERAGE WIND SPEED 8.2
HIGHEST WIND SPEED/DIRECTION 30/170 DATE 06/01
HIGHEST GUST SPEED/DIRECTION 41/190 DATE 06/01
AVERAGE RH (PERCENT) 66
WEATHER CONDITIONS. NUMBER OF DAYS WITH
THUNDERSTORM 4 MIXED PRECIP 0
HEAVY RAIN 3 RAIN 3
LIGHT RAIN 10 FREEZING RAIN 0
LT FREEZING RAIN 0 HAIL 0
HEAVY SNOW 0 SNOW 0
LIGHT SNOW 0 SLEET 0
FOG 11 FOG W/VIS <= 1/4 MILE 1
HAZE 6
- INDICATES NEGATIVE NUMBERS.
R INDICATES RECORD WAS SET OR TIED.
MM INDICATES DATA IS MISSING.
T INDICATES TRACE AMOUNT.
$$