000
CXUS53 KMPX 012209
CF6RWF
PRELIMINARY LOCAL CLIMATOLOGICAL DATA (WS FORM: F-6)
STATION: REDWOOD FALLS MN
MONTH: OCTOBER
YEAR: 2023
LATITUDE: 44 32 N
LONGITUDE: 95 5 W
TEMPERATURE IN F: :PCPN: SNOW: WIND :SUNSHINE: SKY :PK WND
================================================================================
1 2 3 4 5 6A 6B 7 8 9 10 11 12 13 14 15 16 17 18
12Z AVG MX 2MIN
DY MAX MIN AVG DEP HDD CDD WTR SNW DPTH SPD SPD DIR MIN PSBL S-S WX SPD DR
================================================================================
1 93 66 80 24 0 15 0.02 M M 12.6 25 170 M M 0 3 34 160
2 91 63 77 22 0 12 T M M 13.0 26 170 M M 1 37 160
3 84 59 72 17 0 7 0.76 M M 15.2 35 170 M M 4 13 47 180
4 66 53 60 6 5 0 0.00 M M 9.9 20 270 M M 4 26 260
5 63 48 56 2 9 0 T M M 16.0 35 260 M M 5 47 290
6 56 40 48 -5 17 0 0.01 M M 16.2 29 280 M M 8 40 320
7 58 37 48 -5 17 0 0.00 M M 6.7 15 270 M M 6 20 300
8 65 39 52 0 13 0 0.00 M M 4.2 13 330 M M 5 18 330
9 57 37 47 -5 18 0 0.00 M M 7.4 18 320 M M 3 25 320
10 59 32 46 -5 19 0 0.00 M M 5.1 13 290 M M 0 18 300
11 65 29 47 -4 18 0 0.00 M M 5.8 14 70 M M 1 20 80
12 50 45 48 -2 17 0 1.13 M M 14.2 24 50 M M 7 18 43 60
13 49 45 47 -3 18 0 0.80 M M 12.3 20 60 M M 10 1 36 50
14 53 46 50 1 15 0 T M M 7.4 13 20 M M 10 23 10
15 57 41 49 0 16 0 T M M 9.4 17 350 M M 3 25 340
16 63 36 50 2 15 0 0.00 M M 5.7 12 280 M M 0 19 300
17 69 34 52 4 13 0 0.00 M M 6.8 14 180 M M 0 18 180
18 60 48 54 7 11 0 T M M 11.2 22 270 M M 7 1 29 280
19 65 44 55 8 10 0 0.00 M M 7.7 16 290 M M 4 12 22 290
20 74 42 58 12 7 0 0.00 M M 6.8 18 300 M M 1 28 300
21 62 44 53 7 12 0 0.00 M M 12.2 24 320 M M 3 35 320
22 61 35 48 3 17 0 T M M 6.5 16 160 M M 3 1 20 140
23 66 48 57 12 8 0 T M M 7.5 17 140 M M 2 24 140
24 57 51 54 10 11 0 0.42 M M 5.5 18 20 M M 6 13 27 30
25 M M M M M M M M M M M M M M 0 M M
26 57 44 51 8 14 0 M M M 8.9 18 280 M M 7 12 23 290
27 42 27 35 -8 30 0 T M M 16.8 29 280 M M 10 1 39 290
28 30 24 27 -15 38 0 0.01 M M 6.5 16 300 M M 8 18 23 290
29 39 22 31 -11 34 0 0.00 M M 7.7 16 270 M M 3 22 330
30 41 21 31 -10 34 0 0.00 M M 15.4 33 290 M M 4 1 48 300
31 32 22 27 -14 38 0 T M M 14.8 33 310 M M 8 1 55 300
================================================================================
SM 1784 1222 474 34 3.15 M 295.4 M 133
================================================================================
AV 59.5 40.7 9.8 FASTST M M 4 MAX(MPH)
MISC ----> # 35 170 55 300
================================================================================
NOTES:
# LAST OF SEVERAL OCCURRENCES
COLUMN 17 PEAK WIND IN M.P.H.
PRELIMINARY LOCAL CLIMATOLOGICAL DATA (WS FORM: F-6) , PAGE 2
STATION: REDWOOD FALLS MN
MONTH: OCTOBER
YEAR: 2023
LATITUDE: 44 32 N
LONGITUDE: 95 5 W
[TEMPERATURE DATA] [PRECIPITATION DATA] SYMBOLS USED IN COLUMN 16
AVERAGE MONTHLY: 50.1 TOTAL FOR MONTH: 3.15 1 = FOG OR MIST
DPTR FM NORMAL: 1.8 DPTR FM NORMAL: 0.94 2 = FOG REDUCING VISIBILITY
HIGHEST: 93 ON 1 GRTST 24HR 1.91 ON 12-13 TO 1/4 MILE OR LESS
LOWEST: 21 ON 30 3 = THUNDER
SNOW, ICE PELLETS, HAIL 4 = ICE PELLETS
TOTAL MONTH: M 5 = HAIL
GRTST 24HR M ON M 6 = FREEZING RAIN OR DRIZZLE
GRTST DEPTH: M ON M 7 = DUSTSTORM OR SANDSTORM:
VSBY 1/2 MILE OR LESS
8 = SMOKE OR HAZE
[NO. OF DAYS WITH] [WEATHER - DAYS WITH] 9 = BLOWING SNOW
X = TORNADO
MAX 32 OR BELOW: 2 0.01 INCH OR MORE: 7
MAX 90 OR ABOVE: 2 0.10 INCH OR MORE: 4
MIN 32 OR BELOW: 7 0.50 INCH OR MORE: 3
MIN 0 OR BELOW: 0 1.00 INCH OR MORE: 1
[HDD (BASE 65) ]
TOTAL THIS MO. 474 CLEAR (SCALE 0-3) 13
DPTR FM NORMAL -52 PTCLDY (SCALE 4-7) 15
TOTAL FM JUL 1 522 CLOUDY (SCALE 8-10) 3
DPTR FM NORMAL -179
[CDD (BASE 65) ]
TOTAL THIS MO. 34
DPTR FM NORMAL 28 [PRESSURE DATA]
TOTAL FM JAN 1 956 HIGHEST SLP 30.50 ON 28
DPTR FM NORMAL 266 LOWEST SLP 29.54 ON 18
[REMARKS]
#FINAL-10-23#
THE ASOS WAS OUT OF SERVICE FOR PART OF OCTOBER 25TH.
THE PRECIPITATION VALUE ON OCTOBER 26TH WAS UNREPRESENTATIVE
AND A BACKUP PRECIPITATION AMOUNT WAS UNAVAILABLE.
THE PRECIPITATION VALUES ON OCTOBER 17TH...19TH...20TH...
AND 28TH THROUGH 30TH ARE FROM COCORAHS STATION
MN-BU-23.