000
CXUS55 KPIH 011416
CF6RXE
PRELIMINARY LOCAL CLIMATOLOGICAL DATA (WS FORM: F-6)
STATION: REXBURG
MONTH: MARCH
YEAR: 2023
LATITUDE: 43 49 N
LONGITUDE: 111 48 W
TEMPERATURE IN F: :PCPN: SNOW: WIND :SUNSHINE: SKY :PK WND
================================================================================
1 2 3 4 5 6A 6B 7 8 9 10 11 12 13 14 15 16 17 18
12Z AVG MX 2MIN
DY MAX MIN AVG DEP HDD CDD WTR SNW DPTH SPD SPD DIR MIN PSBL S-S WX SPD DR
================================================================================
1 32 14 23 -6 42 0 0.05 M M 5.0 13 170 M M 9 18 21 140
2 25 14 20 -9 45 0 T M M 5.4 16 220 M M 10 128 23 220
3 26 4 15 -15 50 0 0.15 M M 6.4 15 210 M M 7 18 23 220
4 28 3 16 -14 49 0 0.08 M M 3.7 9 210 M M 9 18 13 210
5 31 16 24 -7 41 0 0.02 M M 8.8 20 200 M M 4 1 32 180
6 25 7 16 -15 49 0 0.02 M M 5.1 15 240 M M 8 1 21 170
7 27 4 16 -16 49 0 T M M 3.6 8 60 M M 5 11 50
8 27 -1 13 -19 52 0 0.02 M M 3.4 8 50 M M 7 18 12 50
9 29 15 22 -10 43 0 0.03 M M 6.3 14 220 M M 6 1 20 220
10 41 23 32 -1 33 0 0.26 M M 16.2 39 230 M M 7 12 60 240
11 28 10 19 -14 46 0 0.00 M M 5.7 15 200 M M 3 21 200
12 35 3 19 -15 46 0 0.00 M M 2.4 8 40 M M 4 11 30
13 37 27 32 -2 33 0 0.12 M M 5.3 17 180 M M 9 1 26 200
14 45 35 40 5 25 0 0.13 M M 12.3 22 180 M M 8 1 34 200
15 40 20 30 -5 35 0 0.07 M M 11.5 35 200 M M 6 16 54 210
16 34 8 21 -14 44 0 0.00 M M 2.9 9 360 M M 0 13 360
17 32 7 20 -16 45 0 0.00 M M 3.4 9 220 M M 0 11 240
18 33 4 19 -17 46 0 0.00 M M 3.7 8 50 M M 0 11 40
19 37 6 22 -14 43 0 0.00 M M 5.5 9 60 M M 0 12 70
20 37 24 31 -6 34 0 0.12 M M 6.8 18 200 M M 9 1 26 200
21 36 18 27 -10 38 0 0.12 M M 7.1 14 200 M M 6 12 19 200
22 38 18 28 -10 37 0 0.01 M M 6.9 12 210 M M 6 18 18 190
23 37 27 32 -6 33 0 0.02 M M 5.4 13 230 M M 9 18 190
24 33 24 29 -9 36 0 0.02 M M 11.2 25 200 M M 10 18 37 200
25 27 20 24 -14 41 0 0.10 M M 9.3 20 230 M M 10 18 26 230
26 26 21 24 -15 41 0 0.06 M M 8.3 16 200 M M 10 18 25 200
27 29 13 21 -18 44 0 T M M 4.1 10 230 M M 7 18 14 240
28 38 M M M M M 0.00 M M 5.4 15 30 M M 4 21 30
29 47 26 37 -3 28 0 0.11 M M 4.0 10 50 M M 9 1 12 210
30 35 30 33 -7 32 0 0.17 M M 9.0 16 210 M M 10 1 23 210
31 37 24 31 -9 34 0 T M M 11.1 21 210 M M 6 12 32 210
================================================================================
SM 1032 464 1214 0 1.68 M 205.2 M 198
================================================================================
AV 33.3 15.5 6.6 FASTST M M 6 MAX(MPH)
MISC ----> 39 230 60 240
================================================================================
NOTES:
# LAST OF SEVERAL OCCURRENCES
COLUMN 17 PEAK WIND IN M.P.H.
PRELIMINARY LOCAL CLIMATOLOGICAL DATA (WS FORM: F-6) , PAGE 2
STATION: REXBURG
MONTH: MARCH
YEAR: 2023
LATITUDE: 43 49 N
LONGITUDE: 111 48 W
[TEMPERATURE DATA] [PRECIPITATION DATA] SYMBOLS USED IN COLUMN 16
AVERAGE MONTHLY: 24.4 TOTAL FOR MONTH: 1.68 1 = FOG OR MIST
DPTR FM NORMAL: -10.7 DPTR FM NORMAL: 0.79 2 = FOG REDUCING VISIBILITY
HIGHEST: 47 ON 29 GRTST 24HR 0.26 ON 10-10 TO 1/4 MILE OR LESS
LOWEST: -1 ON 8 3 = THUNDER
SNOW, ICE PELLETS, HAIL 4 = ICE PELLETS
TOTAL MONTH: M 5 = HAIL
GRTST 24HR M ON M 6 = FREEZING RAIN OR DRIZZLE
GRTST DEPTH: M ON M 7 = DUSTSTORM OR SANDSTORM:
VSBY 1/2 MILE OR LESS
8 = SMOKE OR HAZE
[NO. OF DAYS WITH] [WEATHER - DAYS WITH] 9 = BLOWING SNOW
X = TORNADO
MAX 32 OR BELOW: 14 0.01 INCH OR MORE: 20
MAX 90 OR ABOVE: 0 0.10 INCH OR MORE: 9
MIN 32 OR BELOW: 29 0.50 INCH OR MORE: 0
MIN 0 OR BELOW: 1 1.00 INCH OR MORE: 0
[HDD (BASE 65) ]
TOTAL THIS MO. 1214 CLEAR (SCALE 0-3) 5
DPTR FM NORMAL 285 PTCLDY (SCALE 4-7) 15
TOTAL FM JUL 1 7098 CLOUDY (SCALE 8-10) 11
DPTR FM NORMAL 385
[CDD (BASE 65) ]
TOTAL THIS MO. 0
DPTR FM NORMAL 0 [PRESSURE DATA]
TOTAL FM JAN 1 0 HIGHEST SLP 30.51 ON 18
DPTR FM NORMAL 0 LOWEST SLP 29.36 ON 10
[REMARKS]
28TH: LOW MISSING DUE TO MISSING OBSERVATIONS.
#FINAL-03-23#