000
CXUS54 KEWX 011110
CF6RYW
PRELIMINARY LOCAL CLIMATOLOGICAL DATA (WS FORM: F-6)
STATION: LAGO VISTA
MONTH: FEBRUARY
YEAR: 2022
LATITUDE: 30 30 N
LONGITUDE: 97 58 W
TEMPERATURE IN F: :PCPN: SNOW: WIND :SUNSHINE: SKY :PK WND
================================================================================
1 2 3 4 5 6A 6B 7 8 9 10 11 12 13 14 15 16 17 18
12Z AVG MX 2MIN
DY MAX MIN AVG DEP HDD CDD WTR SNW DPTH SPD SPD DIR MIN PSBL S-S WX SPD DR
================================================================================
1 67 52 60 M 5 0 0.02 M M 2.8 6 110 M M 7 12 M M
2 55 34 45 M 20 0 0.16 M M 7.5 14 330 M M 7 23 340
3 34 19 27 M 38 0 0.22 M M 13.8 14 350 M M 9 26 350
4 38 18 28 M 37 0 0.00 M M 9.0 14 340 M M 5 8 24 340
5 54 22 38 M 27 0 0.00 M M 5.2 8 280 M M 0 M M
6 62 30 46 M 19 0 0.00 M M 4.9 8 220 M M 0 M M
7 61 35 48 M 17 0 0.00 M M 7.1 12 360 M M 0 18 360
8 68 32 50 M 15 0 0.00 M M 5.3 9 230 M M 0 M M
9 76 41 59 M 6 0 0.00 M M 6.7 15 270 M M 0 22 280
10 76 45 61 M 4 0 0.00 M M 4.6 9 260 M M 0 M M
11 77 47 62 M 3 0 0.00 M M 8.2 13 190 M M 0 20 200
12 58 35 47 M 18 0 0.00 M M 11.2 20 20 M M 5 32 30
13 65 28 47 M 18 0 0.00 M M 6.3 9 270 M M 0 17 330
14 72 43 58 M 7 0 0.00 M M 7.7 14 190 M M 0 20 190
15 73 41 57 M 8 0 0.00 M M 8.9 16 160 M M 2 25 170
16 78 58 68 M 0 3 0.00 M M 11.3 17 180 M M 9 32 180
17 68 31 50 M 15 0 0.00 M M 12.0 20 10 M M 4 27 310
18 61 27 44 M 21 0 0.00 M M 6.9 12 350 M M 0 20 360
19 69 33 51 M 14 0 0.00 M M 3.8 8 80 M M 0 M M
20 71 40 56 M 9 0 0.00 M M 7.7 14 190 M M 0 22 190
21 85 59 72 M 0 7 0.00 M M 9.8 16 160 M M 6 1 26 170
22 88 44 66 M 0 1 0.00 M M 9.3 17 200 M M 4 29 200
23 44 26 35 M 30 0 0.00 M M 9.7 13 360 M M 10 24 40
24 33 26 30 M 35 0 0.00 M M M M M M M 10 1 M M
25 36 26 31 M 34 0 0.00 M M 6.4 9 50 M M 10 17 30
26 38 32 35 M 30 0 0.01 M M 6.1 10 10 M M 10 1 17 10
27 60 32 46 M 19 0 0.00 M M 7.4 12 10 M M 3 1 18 10
28 71 32 52 M 13 0 0.00 M M 4.9 8 270 M M 0 M M
================================================================================
SM 1738 988 462 11 0.41 M 204.6 M 101
================================================================================
AV 62.1 35.3 7.6 FASTST M M 4 MAX(MPH)
MISC ----> # 20 20 # 32 30
================================================================================
NOTES:
# LAST OF SEVERAL OCCURRENCES
COLUMN 17 PEAK WIND IN M.P.H.
PRELIMINARY LOCAL CLIMATOLOGICAL DATA (WS FORM: F-6) , PAGE 2
STATION: LAGO VISTA
MONTH: FEBRUARY
YEAR: 2022
LATITUDE: 30 30 N
LONGITUDE: 97 58 W
[TEMPERATURE DATA] [PRECIPITATION DATA] SYMBOLS USED IN COLUMN 16
AVERAGE MONTHLY: 48.7 TOTAL FOR MONTH: 0.41 1 = FOG OR MIST
DPTR FM NORMAL: 0.0 DPTR FM NORMAL: 0.41 2 = FOG REDUCING VISIBILITY
HIGHEST: 88 ON 22 GRTST 24HR 0.22 ON 3- 3 TO 1/4 MILE OR LESS
LOWEST: 18 ON 4 3 = THUNDER
SNOW, ICE PELLETS, HAIL 4 = ICE PELLETS
TOTAL MONTH: M 5 = HAIL
GRTST 24HR M ON M 6 = FREEZING RAIN OR DRIZZLE
GRTST DEPTH: M ON M 7 = DUSTSTORM OR SANDSTORM:
VSBY 1/2 MILE OR LESS
8 = SMOKE OR HAZE
[NO. OF DAYS WITH] [WEATHER - DAYS WITH] 9 = BLOWING SNOW
X = TORNADO
MAX 32 OR BELOW: 0 0.01 INCH OR MORE: 4
MAX 90 OR ABOVE: 0 0.10 INCH OR MORE: 2
MIN 32 OR BELOW: 14 0.50 INCH OR MORE: 0
MIN 0 OR BELOW: 0 1.00 INCH OR MORE: 0
[HDD (BASE 65) ]
TOTAL THIS MO. 462 CLEAR (SCALE 0-3) 15
DPTR FM NORMAL M PTCLDY (SCALE 4-7) 7
TOTAL FM JUL 1 1232 CLOUDY (SCALE 8-10) 6
DPTR FM NORMAL M
[CDD (BASE 65) ]
TOTAL THIS MO. 11
DPTR FM NORMAL M [PRESSURE DATA]
TOTAL FM JAN 1 11 HIGHEST SLP M ON M
DPTR FM NORMAL M LOWEST SLP M ON M
[REMARKS]
#FINAL-02-22#