000
CXUS56 KSTO 011400
CF6SAC
PRELIMINARY LOCAL CLIMATOLOGICAL DATA (WS FORM: F-6)
STATION: SACRAMENTO EXEC. AIRPORT CA
MONTH: JANUARY
YEAR: 2023
LATITUDE: 38 31 N
LONGITUDE: 121 30 W
TEMPERATURE IN F: :PCPN: SNOW: WIND :SUNSHINE: SKY :PK WND
================================================================================
1 2 3 4 5 6A 6B 7 8 9 10 11 12 13 14 15 16 17 18
12Z AVG MX 2MIN
DY MAX MIN AVG DEP HDD CDD WTR SNW DPTH SPD SPD DIR MIN PSBL S-S WX SPD DR
================================================================================
1 59 43 51 4 14 0 T 0.0 M 16.1 28 330 M M 1 40 340
2 48 38 43 -4 22 0 0.74 0.0 M 6.7 17 120 M M 5 1 25 120
3 47 42 45 -2 20 0 0.01 M M 6.4 13 350 M M 10 1 16 360
4 63 44 54 7 11 0 0.36 M M 13.3 30 140 M M 10 18 46 140
5 58 48 53 6 12 0 0.99 M M 9.9 26 150 M M 9 1 38 160
6 59 49 54 7 11 0 0.01 M M 6.5 14 120 M M 5 21 130
7 60 49 55 8 10 0 0.11 M M 12.2 38 130 M M 8 57 120
8 59 50 55 8 10 0 0.34 M M 10.9 43 130 M M 6 13 66 120
9 M M M M M M M M M M M M M M M 1 M M
10 55 49 52 5 13 0 M M M 11.1 17 200 M M 4 25 160
11 55 49 52 5 13 0 0.10 M M 11.7 23 130 M M 10 18 34 120
12 65 52 59 12 6 0 0.00 M M 6.3 15 140 M M 4 22 150
13 60 52 56 9 9 0 0.46 M M 6.9 15 120 M M 5 1 23 140
14 59 47 53 6 12 0 0.77 M M 11.2 32 130 M M 8 13 45 120
15 53 47 50 3 15 0 0.45 M M 7.7 16 160 M M 8 18 25 160
16 55 44 50 2 15 0 0.30 M M 8.3 21 320 M M 7 28 340
17 55 37 46 -2 19 0 0.00 M M 3.3 10 280 M M 1 1 14 290
18 54 34 44 -4 21 0 0.37 M M 5.8 13 150 M M 3 1 19 150
19 53 39 46 -2 19 0 0.00 M M 10.4 18 330 M M 4 12 25 320
20 55 36 46 -2 19 0 0.00 M M 6.4 16 310 M M 0 21 320
21 55 31 43 -5 22 0 0.00 M M 1.7 9 300 M M 0 12 300
22 57 34 46 -2 19 0 0.00 M M 13.3 28 320 M M 0 1 37 320
23 61 41 51 3 14 0 0.00 M M 11.5 23 330 M M 0 29 330
24 58 31 45 -3 20 0 0.00 M M 1.4 7 200 M M 0 18 11 190
25 68 33 51 3 14 0 0.00 M M 6.6 21 330 M M 0 18 25 340
26 62 35 49 1 16 0 0.00 M M 1.3 7 80 M M 0 1 10 140
27 61 34 48 -1 17 0 0.00 M M 2.0 8 340 M M 0 1 10 160
28 59 34 47 -2 18 0 0.00 M M 3.0 8 210 M M 0 12 11 170
29 50 41 46 -3 19 0 0.11 M M 6.4 21 330 M M 6 1 27 330
30 54 35 45 -4 20 0 0.00 M M 14.4 24 320 M M 0 30 330
31 56 29 43 -6 22 0 0.00 M M 3.6 14 330 M M 0 18 340
================================================================================
SM 1713 1227 472 0 5.12 0.0 236.3 M 114
================================================================================
AV 57.1 40.9 7.9 FASTST M M 4 MAX(MPH)
MISC ----> 43 130 66 120
================================================================================
NOTES:
# LAST OF SEVERAL OCCURRENCES
COLUMN 17 PEAK WIND IN M.P.H.
PRELIMINARY LOCAL CLIMATOLOGICAL DATA (WS FORM: F-6) , PAGE 2
STATION: SACRAMENTO EXEC. AIRPORT CA
MONTH: JANUARY
YEAR: 2023
LATITUDE: 38 31 N
LONGITUDE: 121 30 W
[TEMPERATURE DATA] [PRECIPITATION DATA] SYMBOLS USED IN COLUMN 16
AVERAGE MONTHLY: 49.0 TOTAL FOR MONTH: 5.12 1 = FOG OR MIST
DPTR FM NORMAL: 1.4 DPTR FM NORMAL: 1.46 2 = FOG REDUCING VISIBILITY
HIGHEST: 68 ON 25 GRTST 24HR 2.22 ON 13-14 TO 1/4 MILE OR LESS
LOWEST: 29 ON 31 3 = THUNDER
SNOW, ICE PELLETS, HAIL 4 = ICE PELLETS
TOTAL MONTH: 0.0 INCH 5 = HAIL
GRTST 24HR 0.0 6 = FREEZING RAIN OR DRIZZLE
GRTST DEPTH: M ON M 7 = DUSTSTORM OR SANDSTORM:
VSBY 1/2 MILE OR LESS
8 = SMOKE OR HAZE
[NO. OF DAYS WITH] [WEATHER - DAYS WITH] 9 = BLOWING SNOW
X = TORNADO
MAX 32 OR BELOW: 0 0.01 INCH OR MORE: 14
MAX 90 OR ABOVE: 0 0.10 INCH OR MORE: 12
MIN 32 OR BELOW: 3 0.50 INCH OR MORE: 3
MIN 0 OR BELOW: 0 1.00 INCH OR MORE: 0
[HDD (BASE 65) ]
TOTAL THIS MO. 472 CLEAR (SCALE 0-3) 13
DPTR FM NORMAL -67 PTCLDY (SCALE 4-7) 12
TOTAL FM JUL 1 1549 CLOUDY (SCALE 8-10) 6
DPTR FM NORMAL 43
[CDD (BASE 65) ]
TOTAL THIS MO. 0
DPTR FM NORMAL 0 [PRESSURE DATA]
TOTAL FM JAN 1 0 HIGHEST SLP 30.49 ON 26
DPTR FM NORMAL 0 LOWEST SLP 29.48 ON 16
[REMARKS]
#FINAL-01-23#