000
CXUS56 KSGX 011245
CF6SAN
PRELIMINARY LOCAL CLIMATOLOGICAL DATA (WS FORM: F-6)
STATION: SAN DIEGO INTL AIRPORT CA
MONTH: APRIL
YEAR: 2020
LATITUDE: 32 43 N
LONGITUDE: 117 10 W
TEMPERATURE IN F: :PCPN: SNOW: WIND :SUNSHINE: SKY :PK WND
================================================================================
1 2 3 4 5 6A 6B 7 8 9 10 11 12 13 14 15 16 17 18
12Z AVG MX 2MIN
DY MAX MIN AVG DEP HDD CDD WTR SNW DPTH SPD SPD DIR MIN PSBL S-S WX SPD DR
================================================================================
1 66 58 62 2 3 0 0.00 0.0 0 7.8 12 200 M M 9 1 17 180
2 66 60 63 3 2 0 0.00 0.0 0 7.8 14 190 M M 8 21 170
3 67 54 61 0 4 0 0.00 0.0 0 5.6 13 230 M M 4 22 200
4 66 59 63 2 2 0 0.00 0.0 0 9.0 15 190 M M 8 20 190
5 67 58 63 2 2 0 0.19 0.0 0 8.7 15 190 M M 8 1 22 190
6 67 58 63 2 2 0 0.75 0.0 0 12.7 24 170 M M 8 1 31 190
7 65 56 61 0 4 0 0.37 0.0 0 8.4 26 160 M M 10 1 36 160
8 63 54 59 -2 6 0 0.07 0.0 0 8.1 15 180 M M 8 26 190
9 64 55 60 -1 5 0 1.16 0.0 0 8.9 18 240 M M 8 1 21 250
10 60 55 58 -3 7 0 1.04 0.0 0 8.7 20 210 M M 10 1 24 210
11 66 51 59 -2 6 0 0.01 0.0 0 5.2 13 280 M M 7 16 200
12 64 58 61 0 4 0 T 0.0 0 6.5 14 260 M M 8 19 210
13 65 58 62 1 3 0 0.06 0.0 0 5.8 13 300 M M 8 1 18 290
14 69 59 64 2 1 0 T 0.0 0 6.6 17 320 M M 5 23 320
15 76 54 65 3 0 0 0.00 0.0 0 3.4 10 280 M M 0 14 280
16 74 53 64 2 1 0 0.00 0.0 0 3.9 13 290 M M 2 15 280
17 68 60 64 2 1 0 0.00 0.0 0 6.0 13 230 M M 8 22 200
18 68 59 64 2 1 0 0.03 0.0 0 6.7 16 280 M M 8 1 21 310
19 67 60 64 2 1 0 T 0.0 0 6.7 15 290 M M 9 19 270
20 70 62 66 4 0 1 T 0.0 0 7.8 18 280 M M 9 24 280
21 70 62 66 4 0 1 T 0.0 0 7.4 15 280 M M 6 19 280
22 78 57 68 6 0 3 0.00 0.0 0 4.6 14 280 M M 1 17 310
23 82 59 71 9 0 6 0.00 0.0 0 3.1 9 280 M M 1 15 230
24 83 63 73 11 0 8 0.00 0.0 0 4.5 14 310 M M 3 128 19 210
25 83 63 73 10 0 8 0.00 0.0 0 4.5 12 270 M M 5 128 14 280
26 88 64 76 13 0 11 0.00 0.0 0 3.4 10 310 M M 6 128 14 200
27 73 66 70 7 0 5 0.00 0.0 0 5.4 12 190 M M 5 18 21 210
28 74 65 70 7 0 5 0.00 0.0 0 5.0 13 210 M M 6 18 18 200
29 71 65 68 5 0 3 T 0.0 0 4.6 10 260 M M 10 18 14 200
30 74 64 69 6 0 4 0.00 0.0 0 4.6 12 210 M M 9 18 14 220
================================================================================
SM 2114 1769 55 55 3.68 0.0 191.4 M 197
================================================================================
AV 70.5 59.0 6.4 FASTST M M 7 MAX(MPH)
MISC ----> # 26 160 # 36 160
================================================================================
NOTES:
# LAST OF SEVERAL OCCURRENCES
COLUMN 17 PEAK WIND IN M.P.H.
PRELIMINARY LOCAL CLIMATOLOGICAL DATA (WS FORM: F-6) , PAGE 2
STATION: SAN DIEGO INTL AIRPORT CA
MONTH: APRIL
YEAR: 2020
LATITUDE: 32 43 N
LONGITUDE: 117 10 W
[TEMPERATURE DATA] [PRECIPITATION DATA] SYMBOLS USED IN COLUMN 16
AVERAGE MONTHLY: 64.7 TOTAL FOR MONTH: 3.68 1 = FOG OR MIST
DPTR FM NORMAL: 3.0 DPTR FM NORMAL: 2.90 2 = FOG REDUCING VISIBILITY
HIGHEST: 88 ON 26 GRTST 24HR 1.16 ON 9- 9 TO 1/4 MILE OR LESS
LOWEST: 51 ON 11 3 = THUNDER
SNOW, ICE PELLETS, HAIL 4 = ICE PELLETS
TOTAL MONTH: 0.0 INCH 5 = HAIL
GRTST 24HR 0.0 6 = FREEZING RAIN OR DRIZZLE
GRTST DEPTH: 0 7 = DUSTSTORM OR SANDSTORM:
VSBY 1/2 MILE OR LESS
8 = SMOKE OR HAZE
[NO. OF DAYS WITH] [WEATHER - DAYS WITH] 9 = BLOWING SNOW
X = TORNADO
MAX 32 OR BELOW: 0 0.01 INCH OR MORE: 9
MAX 90 OR ABOVE: 0 0.10 INCH OR MORE: 5
MIN 32 OR BELOW: 0 0.50 INCH OR MORE: 3
MIN 0 OR BELOW: 0 1.00 INCH OR MORE: 2
[HDD (BASE 65) ]
TOTAL THIS MO. 55 CLEAR (SCALE 0-3) 5
DPTR FM NORMAL -58 PTCLDY (SCALE 4-7) 15
TOTAL FM JUL 1 791 CLOUDY (SCALE 8-10) 10
DPTR FM NORMAL -358
[CDD (BASE 65) ]
TOTAL THIS MO. 55
DPTR FM NORMAL 41 [PRESSURE DATA]
TOTAL FM JAN 1 65 HIGHEST SLP 30.17 ON 13
DPTR FM NORMAL 41 LOWEST SLP 29.85 ON 1
[REMARKS]
#FINAL-04-20#