000
CXUS54 KEWX 051820
CF6SAT
PRELIMINARY LOCAL CLIMATOLOGICAL DATA (WS FORM: F-6)
STATION: SAN ANTONIO
MONTH: JULY
YEAR: 2022
LATITUDE: 29 31 N
LONGITUDE: 98 28 W
TEMPERATURE IN F: :PCPN: SNOW: WIND :SUNSHINE: SKY :PK WND
================================================================================
1 2 3 4 5 6A 6B 7 8 9 10 11 12 13 14 15 16 17 18
12Z AVG MX 2MIN
DY MAX MIN AVG DEP HDD CDD WTR SNW DPTH SPD SPD DIR MIN PSBL S-S WX SPD DR
================================================================================
1 100 76 88 4 0 23 0.00 0.0 0 8.0 23 120 M M 4 39 120
2 101 78 90 6 0 25 0.00 0.0 0 12.0 28 140 M M 4 36 130
3 100 80 90 6 0 25 0.00 0.0 0 12.4 23 140 M M 8 30 150
4 101 77 89 5 0 24 0.00 0.0 0 14.4 24 140 M M 5 32 140
5 100 78 89 5 0 24 0.00 0.0 0 12.9 24 140 M M 4 32 150
6 101 78 90 6 0 25 0.00 0.0 0 10.1 23 150 M M 4 29 140
7 100 78 89 5 0 24 0.00 0.0 0 10.8 22 150 M M 3 28 150
8 101 78 90 6 0 25 0.00 0.0 0 9.2 22 140 M M 3 28 140
9 104 78 91 7 0 26 0.00 0.0 0 8.2 18 150 M M 2 23 140
10 106 80 93 9 0 28 0.00 0.0 0 6.3 20 30 M M 2 3 29 10
11 107 82 95 11 0 30 0.00 0.0 0 7.5 23 150 M M 3 32 150
12 105 80 93 9 0 28 0.00 0.0 0 8.1 23 140 M M 6 28 150
13 104 81 93 9 0 28 0.00 0.0 0 9.2 21 120 M M 6 32 130
14 102 78 90 5 0 25 0.00 0.0 0 6.5 30 340 M M 4 3 39 350
15 97 74 86 1 0 21 0.01 0.0 0 7.5 25 60 M M 6 3 39 70
16 100 76 88 3 0 23 0.00 0.0 0 9.8 23 150 M M 6 30 170
17 102 76 89 4 0 24 0.00 0.0 0 9.5 22 150 M M 4 30 150
18 101 77 89 4 0 24 0.00 0.0 0 9.3 22 150 M M 4 29 160
19 103 78 91 6 0 26 0.00 0.0 0 10.7 25 140 M M 1 34 160
20 104 78 91 6 0 26 0.00 0.0 0 11.1 24 130 M M 3 30 130
21 102 80 91 6 0 26 0.00 0.0 0 12.8 24 130 M M 7 30 120
22 102 79 91 6 0 26 0.00 0.0 0 12.0 25 120 M M 6 33 120
23 101 78 90 5 0 25 0.00 0.0 0 12.7 29 140 M M 5 37 140
24 101 79 90 4 0 25 0.00 0.0 0 13.9 25 140 M M 5 31 140
25 101 78 90 4 0 25 0.00 0.0 0 12.8 25 140 M M 3 32 150
26 101 75 88 2 0 23 0.00 0.0 0 11.2 24 150 M M 5 34 140
27 99 78 89 3 0 24 0.00 0.0 0 11.9 24 130 M M 6 30 140
28 100 77 89 3 0 24 0.00 0.0 0 12.7 28 120 M M 5 35 120
29 101 79 90 4 0 25 0.00 0.0 0 12.5 25 140 M M 5 34 130
30 101 75 88 2 0 23 0.00 0.0 0 11.1 25 140 M M 3 34 150
31 101 79 90 4 0 25 0.00 0.0 0 11.1 24 150 M M 6 32 150
================================================================================
SM 3149 2418 0 775 0.01 0.0 328.2 M 138
================================================================================
AV101.6 78.0 10.6 FASTST M M 4 MAX(MPH)
MISC ----> 30 340 # 39 120
================================================================================
NOTES:
# LAST OF SEVERAL OCCURRENCES
COLUMN 17 PEAK WIND IN M.P.H.
PRELIMINARY LOCAL CLIMATOLOGICAL DATA (WS FORM: F-6) , PAGE 2
STATION: SAN ANTONIO
MONTH: JULY
YEAR: 2022
LATITUDE: 29 31 N
LONGITUDE: 98 28 W
[TEMPERATURE DATA] [PRECIPITATION DATA] SYMBOLS USED IN COLUMN 16
AVERAGE MONTHLY: 89.8 TOTAL FOR MONTH: 0.01 1 = FOG OR MIST
DPTR FM NORMAL: 5.0 DPTR FM NORMAL: -2.40 2 = FOG REDUCING VISIBILITY
HIGHEST: 107 ON 11 GRTST 24HR 0.01 ON 15-15 TO 1/4 MILE OR LESS
LOWEST: 74 ON 15 3 = THUNDER
SNOW, ICE PELLETS, HAIL 4 = ICE PELLETS
TOTAL MONTH: 0.0 INCH 5 = HAIL
GRTST 24HR 0.0 6 = FREEZING RAIN OR DRIZZLE
GRTST DEPTH: 0 7 = DUSTSTORM OR SANDSTORM:
VSBY 1/2 MILE OR LESS
8 = SMOKE OR HAZE
[NO. OF DAYS WITH] [WEATHER - DAYS WITH] 9 = BLOWING SNOW
X = TORNADO
MAX 32 OR BELOW: 0 0.01 INCH OR MORE: 1
MAX 90 OR ABOVE: 31 0.10 INCH OR MORE: 0
MIN 32 OR BELOW: 0 0.50 INCH OR MORE: 0
MIN 0 OR BELOW: 0 1.00 INCH OR MORE: 0
[HDD (BASE 65) ]
TOTAL THIS MO. 0 CLEAR (SCALE 0-3) 6
DPTR FM NORMAL 0 PTCLDY (SCALE 4-7) 25
TOTAL FM JUL 1 0 CLOUDY (SCALE 8-10) 0
DPTR FM NORMAL 0
[CDD (BASE 65) ]
TOTAL THIS MO. 775
DPTR FM NORMAL 161 [PRESSURE DATA]
TOTAL FM JAN 1 2402 HIGHEST SLP 30.08 ON 31
DPTR FM NORMAL 637 LOWEST SLP 29.68 ON 11
[REMARKS]
#FINAL-07-22#