000
CXUS56 KLOX 011655
CF6SBA
PRELIMINARY LOCAL CLIMATOLOGICAL DATA (WS FORM: F-6)
STATION: SANTA BARBARA AIRPORT CA
MONTH: MAY
YEAR: 2020
LATITUDE: 34 25 N
LONGITUDE: 119 50 W
TEMPERATURE IN F: :PCPN: SNOW: WIND :SUNSHINE: SKY :PK WND
================================================================================
1 2 3 4 5 6A 6B 7 8 9 10 11 12 13 14 15 16 17 18
12Z AVG MX 2MIN
DY MAX MIN AVG DEP HDD CDD WTR SNW DPTH SPD SPD DIR MIN PSBL S-S WX SPD DR
================================================================================
1 81 57 69 10 0 4 0.00 0.0 0 9.0 26 280 M M 0 18 35 280
2 85 52 69 10 0 4 0.00 0.0 0 8.3 23 300 M M 0 8 29 320
3 78 55 67 8 0 2 0.00 0.0 0 5.6 15 90 M M 0 21 80
4 78 51 65 6 0 0 0.00 0.0 0 5.0 12 140 M M 0 18 15 130
5 79 49 64 4 1 0 0.00 0.0 0 5.8 24 20 M M 0 8 30 20
6 75 52 64 4 1 0 0.00 0.0 0 4.1 12 150 M M 0 1 14 150
7 83 51 67 7 0 2 0.00 0.0 0 4.5 15 250 M M 0 18 18 250
8 72 54 63 3 2 0 0.00 0.0 0 4.0 14 150 M M 3 18 16 160
9 66 55 61 1 4 0 0.00 0.0 0 4.7 14 270 M M 9 18 18 270
10 64 54 59 -1 6 0 0.00 0.0 0 5.1 13 280 M M 10 1 16 280
11 66 50 58 -2 7 0 0.00 0.0 0 8.2 20 260 M M 6 1 24 270
12 71 50 61 1 4 0 T 0.0 0 6.9 24 260 M M 4 32 260
13 79 47 63 3 2 0 0.00 0.0 0 7.1 22 250 M M 0 30 260
14 84 56 70 10 0 5 0.00 0.0 0 10.6 24 260 M M 0 31 280
15 83 56 70 10 0 5 0.00 0.0 0 11.8 26 240 M M 0 34 240
16 74 53 64 4 1 0 0.00 0.0 0 5.6 12 140 M M 0 15 200
17 72 49 61 1 4 0 0.00 0.0 0 8.2 21 250 M M 3 1 26 250
18 69 54 62 2 3 0 0.05 0.0 0 10.9 24 260 M M 6 1 29 260
19 70 54 62 2 3 0 0.00 0.0 0 15.3 30 250 M M 1 38 260
20 73 49 61 1 4 0 0.00 0.0 0 5.2 14 50 M M 0 17 120
21 76 48 62 2 3 0 0.00 0.0 0 4.5 12 250 M M 0 18 14 240
22 69 53 61 1 4 0 0.00 0.0 0 5.8 14 150 M M 1 18 16 140
23 69 51 60 0 5 0 0.00 0.0 0 5.6 13 240 M M 2 18 17 260
24 69 50 60 0 5 0 0.00 0.0 0 6.0 16 260 M M 0 18 19 260
25 69 54 62 1 3 0 0.00 0.0 0 6.2 13 260 M M 1 18 16 150
26 67 57 62 1 3 0 0.00 0.0 0 7.4 13 140 M M 7 18 17 110
27 67 56 62 1 3 0 0.00 0.0 0 5.9 12 260 M M 8 18 15 260
28 67 56 62 1 3 0 0.00 0.0 0 6.3 14 260 M M 7 18 18 250
29 66 57 62 1 3 0 0.00 0.0 0 4.4 10 230 M M 9 18 14 130
30 74 53 64 3 1 0 0.00 0.0 0 7.5 18 270 M M 4 23 270
31 71 51 61 0 4 0 0.00 0.0 0 4.4 12 110 M M 4 1 15 90
================================================================================
SM 2266 1634 79 22 0.05 0.0 209.9 M 85
================================================================================
AV 73.1 52.7 6.8 FASTST M M 3 MAX(MPH)
MISC ----> # 30 250 # 38 260
================================================================================
NOTES:
# LAST OF SEVERAL OCCURRENCES
COLUMN 17 PEAK WIND IN M.P.H.
PRELIMINARY LOCAL CLIMATOLOGICAL DATA (WS FORM: F-6) , PAGE 2
STATION: SANTA BARBARA AIRPORT CA
MONTH: MAY
YEAR: 2020
LATITUDE: 34 25 N
LONGITUDE: 119 50 W
[TEMPERATURE DATA] [PRECIPITATION DATA] SYMBOLS USED IN COLUMN 16
AVERAGE MONTHLY: 62.9 TOTAL FOR MONTH: 0.05 1 = FOG OR MIST
DPTR FM NORMAL: 2.8 DPTR FM NORMAL: -0.29 2 = FOG REDUCING VISIBILITY
HIGHEST: 85 ON 2 GRTST 24HR 0.05 ON 18-18 TO 1/4 MILE OR LESS
LOWEST: 47 ON 13 3 = THUNDER
SNOW, ICE PELLETS, HAIL 4 = ICE PELLETS
TOTAL MONTH: 0.0 INCH 5 = HAIL
GRTST 24HR 0.0 6 = FREEZING RAIN OR DRIZZLE
GRTST DEPTH: 0 7 = DUSTSTORM OR SANDSTORM:
VSBY 1/2 MILE OR LESS
8 = SMOKE OR HAZE
[NO. OF DAYS WITH] [WEATHER - DAYS WITH] 9 = BLOWING SNOW
X = TORNADO
MAX 32 OR BELOW: 0 0.01 INCH OR MORE: 1
MAX 90 OR ABOVE: 0 0.10 INCH OR MORE: 0
MIN 32 OR BELOW: 0 0.50 INCH OR MORE: 0
MIN 0 OR BELOW: 0 1.00 INCH OR MORE: 0
[HDD (BASE 65) ]
TOTAL THIS MO. 79 CLEAR (SCALE 0-3) 19
DPTR FM NORMAL -80 PTCLDY (SCALE 4-7) 9
TOTAL FM JUL 1 1956 CLOUDY (SCALE 8-10) 3
DPTR FM NORMAL -328
[CDD (BASE 65) ]
TOTAL THIS MO. 22
DPTR FM NORMAL 15 [PRESSURE DATA]
TOTAL FM JAN 1 50 HIGHEST SLP 30.08 ON 20
DPTR FM NORMAL 36 LOWEST SLP 29.79 ON 7
[REMARKS]
#FINAL-05-20#