000
CXUS51 KAKQ 020547
CF6SBY
PRELIMINARY LOCAL CLIMATOLOGICAL DATA (WS FORM: F-6)
STATION: SALISBURY MD
MONTH: OCTOBER
YEAR: 2022
LATITUDE: 38 20 N
LONGITUDE: 75 30 W
TEMPERATURE IN F: :PCPN: SNOW: WIND :SUNSHINE: SKY :PK WND
================================================================================
1 2 3 4 5 6A 6B 7 8 9 10 11 12 13 14 15 16 17 18
12Z AVG MX 2MIN
DY MAX MIN AVG DEP HDD CDD WTR SNW DPTH SPD SPD DIR MIN PSBL S-S WX SPD DR
================================================================================
1 74 65 70 6 0 5 1.34 0.0 0 11.1 29 60 M M 10 13 37 50
2 66 52 59 -5 6 0 0.52 0.0 0 14.1 26 10 M M 10 1 40 40
3 53 49 51 -13 14 0 0.11 0.0 0 15.4 24 10 M M 10 1 36 10
4 53 47 50 -13 15 0 0.08 0.0 0 15.6 21 330 M M 10 1 29 350
5 62 53 58 -5 7 0 0.11 0.0 0 10.2 17 330 M M 10 1 24 330
6 77 52 65 3 0 0 0.00 0.0 0 2.5 10 270 M M 2 128 15 320
7 79 51 65 3 0 0 0.00 0.0 0 3.2 13 340 M M 0 1 15 350
8 63 41 52 -10 13 0 0.00 0.0 0 8.3 17 320 M M 4 22 340
9 64 37 51 -10 14 0 0.00 0.0 0 4.4 17 240 M M 0 23 250
10 69 39 54 -7 11 0 0.00 0.0 0 3.0 15 250 M M 1 18 250
11 74 42 58 -2 7 0 0.00 0.0 0 1.8 10 210 M M 0 14 160
12 74 42 58 -2 7 0 0.00 0.0 0 5.4 15 200 M M 1 1 20 210
13 71 59 65 5 0 0 0.06 0.0 0 6.9 24 330 M M 7 12 31 330
14 72 45 59 0 6 0 0.03 0.0 0 3.9 21 330 M M 5 1 26 320
15 76 41 59 0 6 0 0.00 0.0 0 4.8 20 200 M M 0 24 210
16 75 50 63 5 2 0 0.13 0.0 0 3.7 10 210 M M 3 1 13 210
17 69 54 62 4 3 0 1.04 0.0 0 5.5 16 190 M M 9 13 23 190
18 57 36 47 -11 18 0 0.00 0.0 0 6.5 16 320 M M 4 16 320
19 57 32 45 -12 20 0 0.00 0.0 0 6.6 17 270 M M 0 8 29 270
20 62 33 48 -9 17 0 0.00 0.0 0 5.6 17 200 M M 0 21 240
21 70 38 54 -2 11 0 0.00 0.0 0 2.6 13 150 M M 0 17 160
22 70 37 54 -2 11 0 0.00 0.0 0 2.7 12 100 M M 0 16 80
23 65 51 58 2 7 0 0.30 0.0 0 9.6 21 40 M M 9 1 27 30
24 62 56 59 3 6 0 0.01 0.0 0 6.1 13 310 M M 10 1 16 310
25 65 58 62 7 3 0 0.00 0.0 0 2.1 7 270 M M 10 12 9 280
26 67 55 61 6 4 0 T 0.0 0 3.6 12 250 M M 8 12 15 270
27 69 48 59 5 6 0 0.00 0.0 0 6.8 18 330 M M 0 24 350
28 64 47 56 2 9 0 T 0.0 0 10.6 23 50 M M 5 29 50
29 64 46 55 1 10 0 0.00 0.0 0 6.5 16 30 M M 6 20 20
30 64 48 56 3 9 0 0.00 0.0 0 3.0 8 100 M M 9 1 12 90
31 72 46 59 6 6 0 0.10 0.0 0 3.8 12 200 M M 6 1 14 180
================================================================================
SM 2079 1450 248 5 3.83 0.0 195.9 M 149
================================================================================
AV 67.1 46.8 6.3 FASTST M M 5 MAX(MPH)
MISC ----> 29 60 40 40
================================================================================
NOTES:
# LAST OF SEVERAL OCCURRENCES
COLUMN 17 PEAK WIND IN M.P.H.
PRELIMINARY LOCAL CLIMATOLOGICAL DATA (WS FORM: F-6) , PAGE 2
STATION: SALISBURY MD
MONTH: OCTOBER
YEAR: 2022
LATITUDE: 38 20 N
LONGITUDE: 75 30 W
[TEMPERATURE DATA] [PRECIPITATION DATA] SYMBOLS USED IN COLUMN 16
AVERAGE MONTHLY: 56.9 TOTAL FOR MONTH: 3.83 1 = FOG OR MIST
DPTR FM NORMAL: -1.6 DPTR FM NORMAL: -0.32 2 = FOG REDUCING VISIBILITY
HIGHEST: 79 ON 7 GRTST 24HR 1.87 ON 30- 1 TO 1/4 MILE OR LESS
LOWEST: 32 ON 19 3 = THUNDER
SNOW, ICE PELLETS, HAIL 4 = ICE PELLETS
TOTAL MONTH: 0.0 INCH 5 = HAIL
GRTST 24HR 0.0 6 = FREEZING RAIN OR DRIZZLE
GRTST DEPTH: 0 7 = DUSTSTORM OR SANDSTORM:
VSBY 1/2 MILE OR LESS
8 = SMOKE OR HAZE
[NO. OF DAYS WITH] [WEATHER - DAYS WITH] 9 = BLOWING SNOW
X = TORNADO
MAX 32 OR BELOW: 0 0.01 INCH OR MORE: 12
MAX 90 OR ABOVE: 0 0.10 INCH OR MORE: 8
MIN 32 OR BELOW: 1 0.50 INCH OR MORE: 3
MIN 0 OR BELOW: 0 1.00 INCH OR MORE: 2
[HDD (BASE 65) ]
TOTAL THIS MO. 248 CLEAR (SCALE 0-3) 13
DPTR FM NORMAL 13 PTCLDY (SCALE 4-7) 8
TOTAL FM JUL 1 274 CLOUDY (SCALE 8-10) 10
DPTR FM NORMAL 8
[CDD (BASE 65) ]
TOTAL THIS MO. 5
DPTR FM NORMAL -29 [PRESSURE DATA]
TOTAL FM JAN 1 1474 HIGHEST SLP 30.44 ON 28
DPTR FM NORMAL 176 LOWEST SLP 29.60 ON 17
[REMARKS]
#FINAL-10-22#