000
CXUS51 KAKQ 010710
CF6SBY
PRELIMINARY LOCAL CLIMATOLOGICAL DATA (WS FORM: F-6)
STATION: SALISBURY MD
MONTH: APRIL
YEAR: 2022
LATITUDE: 38 20 N
LONGITUDE: 75 30 W
TEMPERATURE IN F: :PCPN: SNOW: WIND :SUNSHINE: SKY :PK WND
================================================================================
1 2 3 4 5 6A 6B 7 8 9 10 11 12 13 14 15 16 17 18
12Z AVG MX 2MIN
DY MAX MIN AVG DEP HDD CDD WTR SNW DPTH SPD SPD DIR MIN PSBL S-S WX SPD DR
================================================================================
1 66 45 56 6 9 0 0.01 0.0 0 12.4 25 320 M M 5 34 310
2 57 34 46 -4 19 0 0.00 0.0 0 7.2 15 300 M M 0 24 170
3 65 42 54 3 11 0 0.00 0.0 0 11.8 26 320 M M 4 37 300
4 58 36 47 -4 18 0 0.00 0.0 0 6.6 15 300 M M 1 20 310
5 63 43 53 1 12 0 0.38 0.0 0 6.4 12 130 M M 8 1 20 140
6 61 48 55 3 10 0 0.55 0.0 0 8.7 18 130 M M 10 1 30 140
7 65 48 57 5 8 0 0.25 0.0 0 10.1 18 110 M M 10 13 23 110
8 65 46 56 3 9 0 0.07 0.0 0 8.0 18 210 M M 4 27 180
9 58 47 53 0 12 0 0.02 0.0 0 6.9 16 290 M M 8 23 270
10 54 33 44 -9 21 0 0.00 0.0 0 10.6 25 300 M M 4 33 310
11 62 30 46 -8 19 0 0.00 0.0 0 3.9 16 150 M M 0 21 180
12 77 48 63 9 2 0 0.00 0.0 0 5.5 16 260 M M 3 21 270
13 84 51 68 14 0 3 0.00 0.0 0 8.5 20 200 M M 0 28 210
14 81 55 68 13 0 3 0.04 0.0 0 13.5 23 230 M M 3 3 32 240
15 71 48 60 5 5 0 0.01 0.0 0 7.9 18 180 M M 1 26 150
16 75 48 62 7 3 0 0.03 0.0 0 11.1 24 10 M M 1 32 200
17 60 41 51 -5 14 0 0.00 0.0 0 9.6 21 330 M M 3 27 320
18 53 35 44 -12 21 0 1.24 0.0 0 11.7 25 60 M M 5 1 38 60
19 54 39 47 -9 18 0 T 0.0 0 13.3 23 280 M M 6 1 39 290
20 60 38 49 -8 16 0 0.00 0.0 0 6.3 18 320 M M 0 8 25 320
21 69 38 54 -3 11 0 0.00 0.0 0 6.2 16 180 M M 2 20 180
22 77 48 63 6 2 0 0.00 0.0 0 4.8 16 320 M M 1 21 330
23 71 46 59 1 6 0 0.00 0.0 0 5.6 15 160 M M 1 22 130
24 84 54 69 11 0 4 0.00 0.0 0 6.9 18 50 M M 0 22 50
25 73 51 62 4 3 0 0.00 0.0 0 7.8 16 120 M M 3 20 120
26 83 58 71 12 0 6 0.41 0.0 0 6.7 20 320 M M 4 13 25 300
27 62 43 53 -6 12 0 0.00 0.0 0 12.7 24 300 M M 2 34 290
28 58 38 48 -11 17 0 0.00 0.0 0 11.4 25 330 M M 1 35 330
29 63 32 48 -11 17 0 0.00 0.0 0 6.5 18 310 M M 0 25 260
30 70 34 52 -8 13 0 0.00 0.0 0 3.9 15 250 M M 0 19 250
================================================================================
SM 1999 1297 308 16 3.01 0.0 252.5 M 90
================================================================================
AV 66.6 43.2 8.4 FASTST M M 3 MAX(MPH)
MISC ----> 26 320 39 290
================================================================================
NOTES:
# LAST OF SEVERAL OCCURRENCES
COLUMN 17 PEAK WIND IN M.P.H.
PRELIMINARY LOCAL CLIMATOLOGICAL DATA (WS FORM: F-6) , PAGE 2
STATION: SALISBURY MD
MONTH: APRIL
YEAR: 2022
LATITUDE: 38 20 N
LONGITUDE: 75 30 W
[TEMPERATURE DATA] [PRECIPITATION DATA] SYMBOLS USED IN COLUMN 16
AVERAGE MONTHLY: 54.9 TOTAL FOR MONTH: 3.01 1 = FOG OR MIST
DPTR FM NORMAL: -0.2 DPTR FM NORMAL: -0.41 2 = FOG REDUCING VISIBILITY
HIGHEST: 84 ON 24,13 GRTST 24HR 1.24 ON 18-18 TO 1/4 MILE OR LESS
LOWEST: 30 ON 11 3 = THUNDER
SNOW, ICE PELLETS, HAIL 4 = ICE PELLETS
TOTAL MONTH: 0.0 INCH 5 = HAIL
GRTST 24HR 0.0 6 = FREEZING RAIN OR DRIZZLE
GRTST DEPTH: 0 7 = DUSTSTORM OR SANDSTORM:
VSBY 1/2 MILE OR LESS
8 = SMOKE OR HAZE
[NO. OF DAYS WITH] [WEATHER - DAYS WITH] 9 = BLOWING SNOW
X = TORNADO
MAX 32 OR BELOW: 0 0.01 INCH OR MORE: 11
MAX 90 OR ABOVE: 0 0.10 INCH OR MORE: 5
MIN 32 OR BELOW: 2 0.50 INCH OR MORE: 2
MIN 0 OR BELOW: 0 1.00 INCH OR MORE: 1
[HDD (BASE 65) ]
TOTAL THIS MO. 308 CLEAR (SCALE 0-3) 16
DPTR FM NORMAL -11 PTCLDY (SCALE 4-7) 11
TOTAL FM JUL 1 3602 CLOUDY (SCALE 8-10) 3
DPTR FM NORMAL -470
[CDD (BASE 65) ]
TOTAL THIS MO. 16
DPTR FM NORMAL -6 [PRESSURE DATA]
TOTAL FM JAN 1 24 HIGHEST SLP M ON M
DPTR FM NORMAL 0 LOWEST SLP 29.49 ON 6
[REMARKS]
#FINAL-04-22#