528
CXUS56 KLOX 011255
CF6SDB
PRELIMINARY LOCAL CLIMATOLOGICAL DATA (WS FORM: F-6)
STATION: SANDBERG CA
MONTH: FEBRUARY
YEAR: 2021
LATITUDE: 34 45 N
LONGITUDE: 118 44 W
TEMPERATURE IN F: :PCPN: SNOW: WIND :SUNSHINE: SKY :PK WND
================================================================================
1 2 3 4 5 6A 6B 7 8 9 10 11 12 13 14 15 16 17 18
12Z AVG MX 2MIN
DY MAX MIN AVG DEP HDD CDD WTR SNW DPTH SPD SPD DIR MIN PSBL S-S WX SPD DR
================================================================================
1 57 46 52 9 13 0 0.00 M M 11.6 23 60 M M 7 31 70
2 63 44 54 11 11 0 0.00 M M 11.2 16 320 M M 1 27 320
3 48 35 42 -1 23 0 T M M 18.6 31 320 M M 7 128 38 340
4 53 35 44 1 21 0 0.00 M M 15.3 23 70 M M 0 36 60
5 65 43 54 11 11 0 0.00 M M 14.2 28 320 M M 0 37 320
6 65 49 57 14 8 0 0.00 M M 13.3 21 60 M M 0 30 60
7 69 52 61 18 4 0 0.00 M M 11.5 22 300 M M 0 30 310
8 63 47 55 12 10 0 0.00 M M 8.6 13 190 M M 0 20 190
9 58 45 52 9 13 0 0.00 M M 11.6 25 320 M M 2 8 35 320
10 56 42 49 6 16 0 0.00 M M 15.2 28 340 M M 3 18 37 340
11 64 44 54 11 11 0 0.00 M M 11.4 29 320 M M 1 8 39 330
12 51 37 44 0 21 0 0.03 M M 17.3 58 320 M M 5 128 71 330
13 50 37 44 0 21 0 T M M 21.6 44 320 M M 5 8 59 330
14 45 36 41 -3 24 0 0.00 M M 10.6 29 320 M M 9 12 39 320
15 53 37 45 1 20 0 0.00 M M 15.4 28 300 M M 9 1 48 300
16 44 38 41 -3 24 0 T M M 23.6 47 330 M M 9 128 71 330
17 48 35 42 -2 23 0 0.00 M M 10.7 24 330 M M 6 12 35 320
18 52 32 42 -2 23 0 0.00 M M 13.7 21 50 M M 0 35 60
19 60 43 52 8 13 0 0.00 M M 12.3 29 320 M M 0 37 320
20 46 34 40 -4 25 0 0.01 M M 23.8 38 330 M M 4 128 51 330
21 53 34 44 0 21 0 0.00 M M 17.7 27 60 M M 0 37 60
22 60 43 52 8 13 0 0.00 M M 21.5 29 60 M M 0 44 80
23 70 49 60 16 5 0 0.00 M M 10.8 17 320 M M 0 18 60
24 62 41 52 7 13 0 0.00 M M 16.2 40 310 M M 0 51 310
25 51 34 43 -2 22 0 0.00 M M 23.2 37 60 M M 0 58 60
26 61 41 51 6 14 0 0.00 M M 13.6 28 320 M M 0 38 340
27 48 36 42 -3 23 0 0.00 M M 20.0 38 330 M M 1 48 320
28 49 33 41 -4 24 0 0.00 M M 23.3 31 60 M M 0 43 60
================================================================================
SM 1564 1122 470 0 0.04 M 437.7 M 69
================================================================================
AV 55.9 40.1 15.6 FASTST M M 2 MAX(MPH)
MISC ----> 58 320 # 71 330
================================================================================
NOTES:
# LAST OF SEVERAL OCCURRENCES
COLUMN 17 PEAK WIND IN M.P.H.
PRELIMINARY LOCAL CLIMATOLOGICAL DATA (WS FORM: F-6) , PAGE 2
STATION: SANDBERG CA
MONTH: FEBRUARY
YEAR: 2021
LATITUDE: 34 45 N
LONGITUDE: 118 44 W
[TEMPERATURE DATA] [PRECIPITATION DATA] SYMBOLS USED IN COLUMN 16
AVERAGE MONTHLY: 48.0 TOTAL FOR MONTH: 0.04 1 = FOG OR MIST
DPTR FM NORMAL: 4.2 DPTR FM NORMAL: -3.20 2 = FOG REDUCING VISIBILITY
HIGHEST: 70 ON 23 GRTST 24HR 0.03 ON 12-12 TO 1/4 MILE OR LESS
LOWEST: 32 ON 18 3 = THUNDER
SNOW, ICE PELLETS, HAIL 4 = ICE PELLETS
TOTAL MONTH: M 5 = HAIL
GRTST 24HR M ON M 6 = FREEZING RAIN OR DRIZZLE
GRTST DEPTH: M ON M 7 = DUSTSTORM OR SANDSTORM:
VSBY 1/2 MILE OR LESS
8 = SMOKE OR HAZE
[NO. OF DAYS WITH] [WEATHER - DAYS WITH] 9 = BLOWING SNOW
X = TORNADO
MAX 32 OR BELOW: 0 0.01 INCH OR MORE: 2
MAX 90 OR ABOVE: 0 0.10 INCH OR MORE: 0
MIN 32 OR BELOW: 1 0.50 INCH OR MORE: 0
MIN 0 OR BELOW: 0 1.00 INCH OR MORE: 0
[HDD (BASE 65) ]
TOTAL THIS MO. 470 CLEAR (SCALE 0-3) 19
DPTR FM NORMAL -124 PTCLDY (SCALE 4-7) 6
TOTAL FM JUL 1 1944 CLOUDY (SCALE 8-10) 3
DPTR FM NORMAL -816
[CDD (BASE 65) ]
TOTAL THIS MO. 0
DPTR FM NORMAL 0 [PRESSURE DATA]
TOTAL FM JAN 1 0 HIGHEST SLP M ON M
DPTR FM NORMAL 0 LOWEST SLP M ON M
[REMARKS]
#FINAL-02-21#