000
CXUS53 KLMK 020931
CLMSDF
CLIMATE REPORT
NATIONAL WEATHER SERVICE LOUISVILLE KY
431 AM EST SAT DEC 02 2023
...................................
...THE LOUISVILLE KY CLIMATE SUMMARY FOR THE MONTH OF NOVEMBER 2023...
CLIMATE NORMAL PERIOD 1991 TO 2020
CLIMATE RECORD PERIOD 1871 TO 2023
WEATHER OBSERVED NORMAL DEPART LAST YEAR`S
VALUE DATE(S) VALUE FROM VALUE DATE(S)
NORMAL
................................................................
TEMPERATURE (F)
RECORD
HIGH 85 11/02/2016
11/01/2016
LOW 11/25/1950
HIGHEST 83 11/08 MM MM 79 11/04
11/09
LOWEST 22 11/29 MM MM 22 11/19
11/20
AVG. MAXIMUM 61.4 57.6 3.8 58.9
AVG. MINIMUM 40.6 39.4 1.2 39.4
MEAN 51.0 48.5 2.5 49.2
DAYS MAX >= 90 0 0.0 0.0 0
DAYS MAX <= 32 0 0.2 -0.2 0
DAYS MIN <= 32 4 8.1 -4.1 13
DAYS MIN <= 0 0 0.0 0.0 0
PRECIPITATION (INCHES)
RECORD
MAXIMUM 9.12 1957
MINIMUM 0.25 1904
TOTALS 1.32 3.42 -2.10 1.74
DAILY AVG. 0.04 0.11 -0.07 0.06
DAYS >= .01 4 9.8 -5.8 9
DAYS >= .10 2 6.0 -4.0 6
DAYS >= .50 1 2.7 -1.7 1
DAYS >= 1.00 0 0.7 -0.7 0
GREATEST
24 HR. TOTAL 1.17 11/20 TO 11/21
SNOWFALL (INCHES)
RECORDS
TOTAL 13.2 5
TOTALS T 0.3 -0.3 1.5
SINCE 7/1 T 0.4 -0.4 MM
SNOWDEPTH AVG. 0 -1
DAYS >= 1.0 0 0.0 0.0 1
GREATEST
SNOW DEPTH 0 MM 11/17
11/12
11/17
DEGREE DAYS
HEATING TOTAL 425 499 -74 474
SINCE 7/1 589 720 -131 MM
COOLING TOTAL 12 4 8 6
SINCE 1/1 1726 1743 -17 MM
................................................................
WIND (MPH)
AVERAGE WIND SPEED 7.1
RESULTANT WIND SPEED/DIRECTION 1/230
HIGHEST WIND SPEED/DIRECTION 26/180 DATE 11/08
HIGHEST GUST SPEED/DIRECTION 37/170 DATE 11/08
SKY COVER
POSSIBLE SUNSHINE (PERCENT) MM
AVERAGE SKY COVER 0.55
NUMBER OF DAYS FAIR 10
NUMBER OF DAYS PC 10
NUMBER OF DAYS CLOUDY 10
AVERAGE RH (PERCENT) 55
WEATHER CONDITIONS. NUMBER OF DAYS WITH
THUNDERSTORM 0 MIXED PRECIP 0
HEAVY RAIN 1 RAIN 1
LIGHT RAIN 7 FREEZING RAIN 0
LT FREEZING RAIN 0 HAIL 0
HEAVY SNOW 0 SNOW 0
LIGHT SNOW 1 SLEET 0
FOG 4 FOG W/VIS <= 1/4 MILE 0
HAZE 1
- INDICATES NEGATIVE NUMBERS.
R INDICATES RECORD WAS SET OR TIED.
MM INDICATES DATA IS MISSING.
T INDICATES TRACE AMOUNT.
$$