000
CXUS56 KSGX 011045
CF6SDM
PRELIMINARY LOCAL CLIMATOLOGICAL DATA (WS FORM: F-6)
STATION: SAN DIEGO/BROWN
MONTH: JULY
YEAR: 2021
LATITUDE: 32 34 N
LONGITUDE: 116 59 W
TEMPERATURE IN F: :PCPN: SNOW: WIND :SUNSHINE: SKY :PK WND
================================================================================
1 2 3 4 5 6A 6B 7 8 9 10 11 12 13 14 15 16 17 18
12Z AVG MX 2MIN
DY MAX MIN AVG DEP HDD CDD WTR SNW DPTH SPD SPD DIR MIN PSBL S-S WX SPD DR
================================================================================
1 79 63 71 3 0 6 0.00 M M 4.9 12 260 M M 3 8 20 270
2 77 65 71 3 0 6 0.00 M M 4.2 14 270 M M 4 8 17 260
3 77 62 70 1 0 5 0.00 M M 4.6 13 270 M M 4 18 17 290
4 77 63 70 1 0 5 0.00 M M 5.7 14 280 M M 5 8 18 280
5 78 64 71 2 0 6 0.00 M M 4.5 15 280 M M 4 18 290
6 76 62 69 0 0 4 0.00 M M 5.1 12 280 M M 3 8 18 280
7 78 61 70 1 0 5 0.00 M M 4.5 13 270 M M 4 8 20 280
8 80 63 72 3 0 7 0.00 M M 3.8 13 270 M M 1 8 16 280
9 82 63 73 4 0 8 0.00 M M 3.8 12 270 M M 0 18 16 280
10 86 65 76 6 0 11 0.00 M M 3.5 16 250 M M 0 20 290
11 81 65 73 3 0 8 0.00 M M 5.2 14 270 M M 1 8 20 270
12 81 65 73 3 0 8 0.00 M M 4.4 13 280 M M 6 17 270
13 81 66 74 4 0 9 0.00 M M 4.3 13 270 M M 1 8 17 300
14 81 65 73 3 0 8 0.00 M M 4.6 13 280 M M 2 8 17 300
15 82 66 74 4 0 9 0.00 M M 4.5 13 270 M M 3 17 260
16 82 64 73 3 0 8 0.00 M M 4.8 14 270 M M 0 19 270
17 82 65 74 4 0 9 T M M 4.2 12 280 M M 3 17 300
18 85 69 77 7 0 12 T M M 5.1 15 270 M M 3 19 260
19 85 67 76 6 0 11 0.00 M M 4.9 14 270 M M 1 18 18 270
20 87 66 77 7 0 12 0.00 M M 5.0 15 270 M M 1 8 20 270
21 84 67 76 6 0 11 0.00 M M 4.2 14 280 M M 2 8 19 250
22 82 66 74 4 0 9 0.00 M M 4.4 15 270 M M 2 8 18 290
23 82 66 74 4 0 9 0.00 M M 4.3 14 280 M M 4 8 20 280
24 80 67 74 3 0 9 0.00 M M 4.5 13 250 M M 5 8 18 270
25 78 66 72 1 0 7 T M M 4.9 13 260 M M 6 17 260
26 76 68 72 1 0 7 T M M 4.6 13 270 M M 9 16 270
27 80 68 74 3 0 9 0.00 M M 4.7 13 280 M M 4 8 20 280
28 82 64 73 2 0 8 0.00 M M 4.9 14 280 M M 0 8 18 280
29 82 65 74 3 0 9 0.00 M M 4.8 15 270 M M 0 8 20 270
30 80 64 72 1 0 7 0.00 M M 4.6 14 270 M M 3 8 18 290
31 82 64 73 2 0 8 0.00 M M 5.0 13 260 M M 2 8 19 300
================================================================================
SM 2505 2014 0 250 T M 142.5 M 86
================================================================================
AV 80.8 65.0 4.6 FASTST M M 3 MAX(MPH)
MISC ----> 16 250 # 20 270
================================================================================
NOTES:
# LAST OF SEVERAL OCCURRENCES
COLUMN 17 PEAK WIND IN M.P.H.
PRELIMINARY LOCAL CLIMATOLOGICAL DATA (WS FORM: F-6) , PAGE 2
STATION: SAN DIEGO/BROWN
MONTH: JULY
YEAR: 2021
LATITUDE: 32 34 N
LONGITUDE: 116 59 W
[TEMPERATURE DATA] [PRECIPITATION DATA] SYMBOLS USED IN COLUMN 16
AVERAGE MONTHLY: 72.9 TOTAL FOR MONTH: T 1 = FOG OR MIST
DPTR FM NORMAL: 3.0 DPTR FM NORMAL: -0.04 2 = FOG REDUCING VISIBILITY
HIGHEST: 87 ON 20 GRTST 24HR T ON 17-17 TO 1/4 MILE OR LESS
LOWEST: 61 ON 7 3 = THUNDER
SNOW, ICE PELLETS, HAIL 4 = ICE PELLETS
TOTAL MONTH: M 5 = HAIL
GRTST 24HR M ON M 6 = FREEZING RAIN OR DRIZZLE
GRTST DEPTH: M ON M 7 = DUSTSTORM OR SANDSTORM:
VSBY 1/2 MILE OR LESS
8 = SMOKE OR HAZE
[NO. OF DAYS WITH] [WEATHER - DAYS WITH] 9 = BLOWING SNOW
X = TORNADO
MAX 32 OR BELOW: 0 0.01 INCH OR MORE: 0
MAX 90 OR ABOVE: 0 0.10 INCH OR MORE: 0
MIN 32 OR BELOW: 0 0.50 INCH OR MORE: 0
MIN 0 OR BELOW: 0 1.00 INCH OR MORE: 0
[HDD (BASE 65) ]
TOTAL THIS MO. 0 CLEAR (SCALE 0-3) 16
DPTR FM NORMAL -1 PTCLDY (SCALE 4-7) 14
TOTAL FM JUL 1 0 CLOUDY (SCALE 8-10) 1
DPTR FM NORMAL 0
[CDD (BASE 65) ]
TOTAL THIS MO. 250
DPTR FM NORMAL 97 [PRESSURE DATA]
TOTAL FM JAN 1 431 HIGHEST SLP 30.05 ON 23
DPTR FM NORMAL 175 LOWEST SLP 29.79 ON 7
[REMARKS]
#FINAL-07-21#