000
CXUS53 KLSX 011400
CF6SET
PRELIMINARY LOCAL CLIMATOLOGICAL DATA (WS FORM: F-6)
STATION: ST_CHARLES MO
MONTH: APRIL
YEAR: 2021
LATITUDE: 38 55 N
LONGITUDE: 90 26 W
TEMPERATURE IN F: :PCPN: SNOW: WIND :SUNSHINE: SKY :PK WND
================================================================================
1 2 3 4 5 6A 6B 7 8 9 10 11 12 13 14 15 16 17 18
12Z AVG MX 2MIN
DY MAX MIN AVG DEP HDD CDD WTR SNW DPTH SPD SPD DIR MIN PSBL S-S WX SPD DR
================================================================================
1 49 30 40 -11 25 0 0.00 0.0 0 8.1 18 10 M M 0 24 330
2 57 28 43 -8 22 0 0.00 0.0 0 9.2 17 170 M M 0 24 150
3 76 34 55 3 10 0 0.00 0.0 0 8.4 24 230 M M 0 34 220
4 80 43 62 10 3 0 0.00 0.0 0 4.6 15 210 M M 0 21 220
5 83 47 65 13 0 0 0.00 0.0 0 6.9 22 200 M M 0 28 210
6 83 51 67 14 0 2 0.00 0.0 0 10.4 21 210 M M 3 33 190
7 79 58 69 16 0 4 0.88 0.0 0 13.1 41 220 M M 6 13 62 230
8 59 51 55 2 10 0 0.10 0.0 0 12.9 22 210 M M 8 29 220
9 78 43 61 7 4 0 0.00 0.0 0 5.6 16 240 M M 1 12 21 260
10 63 49 56 2 9 0 1.37 0.0 0 17.1 31 270 M M 10 18 45 260
11 68 49 59 5 6 0 0.03 0.0 0 16.3 29 290 M M 4 37 290
12 67 42 55 0 10 0 0.00 0.0 0 6.8 20 320 M M 3 128 24 280
13 65 49 57 2 8 0 0.01 0.0 0 6.6 23 330 M M 6 30 340
14 63 45 54 -2 11 0 0.00 0.0 0 7.3 20 300 M M 1 28 290
15 61 41 51 -5 14 0 0.00 0.0 0 8.6 17 10 M M 2 23 350
16 60 43 52 -4 13 0 0.00 0.0 0 5.2 14 10 M M 3 18 10
17 61 49 55 -1 10 0 0.14 0.0 0 7.2 14 280 M M 10 1 17 280
18 67 43 55 -2 10 0 0.00 0.0 0 6.2 21 290 M M 3 29 290
19 72 40 56 -1 9 0 0.00 0.0 0 10.3 23 360 M M 1 31 360
20 42 34 38 -20 27 0 0.21 M 0 8.0 18 20 M M 8 1 24 350
21 53 33 43 -15 22 0 0.03 0.0 0 7.8 29 300 M M 3 37 300
22 58 30 44 -14 21 0 0.00 0.0 0 5.8 13 200 M M 1 18 200
23 62 47 55 -4 10 0 T 0.0 0 9.5 18 210 M M 9 24 210
24 61 49 55 -4 10 0 0.59 0.0 0 5.3 13 330 M M 7 1 17 330
25 66 45 56 -3 9 0 0.00 0.0 0 7.8 15 110 M M 0 19 120
26 84 49 67 7 0 2 0.00 0.0 0 13.7 28 170 M M 0 34 170
27 85 57 71 11 0 6 0.00 M M 12.3 23 190 M M 0 29 200
28 74 66 70 10 0 5 0.66 M M 6.1 16 200 M M 9 13 21 200
29 74 58 66 6 0 1 0.07 0.0 0 9.4 20 310 M M 6 1 26 320
30 80 49 65 4 0 0 0.00 0.0 0 7.7 18 330 M M 0 24 330
================================================================================
SM 2030 1352 273 20 4.09 0.0 264.2 M 104
================================================================================
AV 67.7 45.1 8.8 FASTST M M 3 MAX(MPH)
MISC ----> 41 220 62 230
================================================================================
NOTES:
# LAST OF SEVERAL OCCURRENCES
COLUMN 17 PEAK WIND IN M.P.H.
PRELIMINARY LOCAL CLIMATOLOGICAL DATA (WS FORM: F-6) , PAGE 2
STATION: ST_CHARLES MO
MONTH: APRIL
YEAR: 2021
LATITUDE: 38 55 N
LONGITUDE: 90 26 W
[TEMPERATURE DATA] [PRECIPITATION DATA] SYMBOLS USED IN COLUMN 16
AVERAGE MONTHLY: 56.4 TOTAL FOR MONTH: 4.09 1 = FOG OR MIST
DPTR FM NORMAL: 0.5 DPTR FM NORMAL: 0.29 2 = FOG REDUCING VISIBILITY
HIGHEST: 85 ON 27 GRTST 24HR 1.37 ON 10-10 TO 1/4 MILE OR LESS
LOWEST: 28 ON 2 3 = THUNDER
SNOW, ICE PELLETS, HAIL 4 = ICE PELLETS
TOTAL MONTH: 0.0 INCH 5 = HAIL
GRTST 24HR 0.0 6 = FREEZING RAIN OR DRIZZLE
GRTST DEPTH: 0 7 = DUSTSTORM OR SANDSTORM:
VSBY 1/2 MILE OR LESS
8 = SMOKE OR HAZE
[NO. OF DAYS WITH] [WEATHER - DAYS WITH] 9 = BLOWING SNOW
X = TORNADO
MAX 32 OR BELOW: 0 0.01 INCH OR MORE: 11
MAX 90 OR ABOVE: 0 0.10 INCH OR MORE: 7
MIN 32 OR BELOW: 3 0.50 INCH OR MORE: 4
MIN 0 OR BELOW: 0 1.00 INCH OR MORE: 1
[HDD (BASE 65) ]
TOTAL THIS MO. 273 CLEAR (SCALE 0-3) 14
DPTR FM NORMAL -21 PTCLDY (SCALE 4-7) 10
TOTAL FM JUL 1 4070 CLOUDY (SCALE 8-10) 6
DPTR FM NORMAL -691
[CDD (BASE 65) ]
TOTAL THIS MO. 20
DPTR FM NORMAL -2 [PRESSURE DATA]
TOTAL FM JAN 1 54 HIGHEST SLP 30.60 ON 1
DPTR FM NORMAL 30 LOWEST SLP 29.38 ON 10
[REMARKS]
#FINAL-04-21#