000
CXUS56 KMTR 010900
CF6SFD
PRELIMINARY LOCAL CLIMATOLOGICAL DATA (WS FORM: F-6)
STATION: SAN FRANCISCO DWTN CA
MONTH: SEPTEMBER
YEAR: 2021
LATITUDE: 37 46 N
LONGITUDE: 122 26 W
TEMPERATURE IN F: :PCPN: SNOW: WIND :SUNSHINE: SKY :PK WND
================================================================================
1 2 3 4 5 6A 6B 7 8 9 10 11 12 13 14 15 16 17 18
12Z AVG MX 2MIN
DY MAX MIN AVG DEP HDD CDD WTR SNW DPTH SPD SPD DIR MIN PSBL S-S WX SPD DR
================================================================================
1 64 56 60 -3 5 0 0.00 M 0 M M M M M M M M
2 66 56 61 -2 4 0 0.00 M 0 M M M M M M M M
3 61 54 58 -5 7 0 0.00 M 0 M M M M M M M M
4 66 53 60 -3 5 0 0.00 M 0 M M M M M M M M
5 68 52 60 -3 5 0 0.00 M 0 M M M M M M M M
6 77 54 66 3 0 1 0.00 M 0 M M M M M M M M
7 66 57 62 -1 3 0 0.00 M 0 M M M M M M M M
8 70 59 65 2 0 0 0.00 M 0 M M M M M M M M
9 64 57 61 -2 4 0 0.00 M 0 M M M M M M M M
10 63 57 60 -3 5 0 0.02 M 0 M M M M M M M M
11 66 57 62 -1 3 0 0.00 M 0 M M M M M M M M
12 68 55 62 -1 3 0 0.00 M 0 M M M M M M M M
13 69 57 63 0 2 0 0.00 M 0 M M M M M M M M
14 65 54 60 -3 5 0 0.00 M 0 M M M M M M M M
15 63 55 59 -4 6 0 0.00 M 0 M M M M M M M M
16 60 55 58 -5 7 0 0.00 M 0 M M M M M M M M
17 64 54 59 -4 6 0 0.00 M 0 M M M M M M M M
18 67 56 62 -1 3 0 0.02 M 0 M M M M M M M M
19 68 58 63 0 2 0 0.00 M 0 M M M M M M M M
20 83 58 71 8 0 6 0.00 M 0 M M M M M M M M
21 84 62 73 10 0 8 0.00 M 0 M M M M M M M M
22 68 55 62 -1 3 0 0.00 M 0 M M M M M M M M
23 72 53 63 0 2 0 0.00 M 0 M M M M M M M M
24 66 54 60 -3 5 0 0.00 M 0 M M M M M M M M
25 61 57 59 -4 6 0 0.00 M 0 M M M M M M M M
26 62 58 60 -3 5 0 0.00 M 0 M M M M M M M M
27 67 58 63 0 2 0 0.03 M 0 M M M M M M M M
28 70 56 63 0 2 0 0.00 M 0 M M M M M M M M
29 69 54 62 -1 3 0 0.00 M 0 M M M M M M M M
30 83 56 70 7 0 5 0.00 M 0 M M M M M M M M
================================================================================
SM 2040 1677 103 20 0.07 M M M M
================================================================================
AV 68.0 55.9 M FASTST M M M MAX(MPH)
MISC ----> M M M M
================================================================================
NOTES:
# LAST OF SEVERAL OCCURRENCES
COLUMN 17 PEAK WIND IN M.P.H.
PRELIMINARY LOCAL CLIMATOLOGICAL DATA (WS FORM: F-6) , PAGE 2
STATION: SAN FRANCISCO DWTN CA
MONTH: SEPTEMBER
YEAR: 2021
LATITUDE: 37 46 N
LONGITUDE: 122 26 W
[TEMPERATURE DATA] [PRECIPITATION DATA] SYMBOLS USED IN COLUMN 16
AVERAGE MONTHLY: 62.0 TOTAL FOR MONTH: 0.07 1 = FOG OR MIST
DPTR FM NORMAL: -1.0 DPTR FM NORMAL: -0.03 2 = FOG REDUCING VISIBILITY
HIGHEST: 84 ON 21 GRTST 24HR 0.03 ON 27-27 TO 1/4 MILE OR LESS
LOWEST: 52 ON 5 3 = THUNDER
SNOW, ICE PELLETS, HAIL 4 = ICE PELLETS
TOTAL MONTH: M 5 = HAIL
GRTST 24HR M ON M 6 = FREEZING RAIN OR DRIZZLE
GRTST DEPTH: 0 7 = DUSTSTORM OR SANDSTORM:
VSBY 1/2 MILE OR LESS
8 = SMOKE OR HAZE
[NO. OF DAYS WITH] [WEATHER - DAYS WITH] 9 = BLOWING SNOW
X = TORNADO
MAX 32 OR BELOW: 0 0.01 INCH OR MORE: 3
MAX 90 OR ABOVE: 0 0.10 INCH OR MORE: 0
MIN 32 OR BELOW: 0 0.50 INCH OR MORE: 0
MIN 0 OR BELOW: 0 1.00 INCH OR MORE: 0
[HDD (BASE 65) ]
TOTAL THIS MO. 103 CLEAR (SCALE 0-3) 0
DPTR FM NORMAL 6 PTCLDY (SCALE 4-7) 0
TOTAL FM JUL 1 378 CLOUDY (SCALE 8-10) 30
DPTR FM NORMAL 16
[CDD (BASE 65) ]
TOTAL THIS MO. 20
DPTR FM NORMAL -14 [PRESSURE DATA]
TOTAL FM JAN 1 41 HIGHEST SLP M ON M
DPTR FM NORMAL -43 LOWEST SLP 9999.00 ON 1
[REMARKS]
#FINAL-09-21#