794
CXUS56 KOTX 010900
CF6SFF
PRELIMINARY LOCAL CLIMATOLOGICAL DATA (WS FORM: F-6)
STATION: SPOKANE WA FELTS AIRPORT
MONTH: JULY
YEAR: 2020
LATITUDE: 47 40 N
LONGITUDE: 117 20 W
TEMPERATURE IN F: :PCPN: SNOW: WIND :SUNSHINE: SKY :PK WND
================================================================================
1 2 3 4 5 6A 6B 7 8 9 10 11 12 13 14 15 16 17 18
12Z AVG MX 2MIN
DY MAX MIN AVG DEP HDD CDD WTR SNW DPTH SPD SPD DIR MIN PSBL S-S WX SPD DR
================================================================================
1 68 49 59 -7 6 0 0.18 M M 11.2 23 230 M M 8 18 31 240
2 73 53 63 -4 2 0 0.00 M M 9.2 21 200 M M 7 25 210
3 82 51 67 0 0 2 0.00 M M 4.6 18 230 M M 0 23 240
4 80 49 65 -2 0 0 0.00 M M 5.1 17 220 M M 1 20 230
5 82 50 66 -2 0 1 0.00 M M 2.7 9 240 M M 1 14 240
6 85 53 69 1 0 4 0.00 M M 2.8 10 220 M M 0 3 12 230
7 75 52 64 -4 1 0 0.05 M M 8.8 22 190 M M 7 3 31 210
8 75 50 63 -5 2 0 0.00 M M 5.2 14 180 M M 4 18 250
9 84 49 67 -2 0 2 0.00 M M 4.7 18 220 M M 2 22 220
10 80 58 69 0 0 4 0.00 M M 7.0 17 210 M M 4 21 200
11 91 53 72 3 0 7 0.00 M M 5.9 23 230 M M 0 8 30 230
12 78 59 69 0 0 4 0.00 M M 11.3 25 230 M M 3 31 230
13 77 52 65 -5 0 0 0.00 M M 4.4 14 220 M M 0 20 290
14 84 49 67 -3 0 2 0.00 M M 2.8 13 230 M M 0 20 280
15 88 53 71 1 0 6 0.00 M M 4.7 15 230 M M 0 23 210
16 92 58 75 5 0 10 0.00 M M 7.0 23 220 M M 0 28 230
17 84 61 73 3 0 8 0.00 M M 5.3 14 260 M M 2 20 210
18 87 56 72 1 0 7 0.00 M M 2.9 13 280 M M 1 20 290
19 91 56 74 3 0 9 0.00 M M 1.3 9 190 M M 0 15 280
20 91 58 75 4 0 10 0.00 M M 3.1 10 80 M M 0 14 350
21 96 59 78 7 0 13 0.00 M M 5.1 18 230 M M 0 23 220
22 94 63 79 8 0 14 0.00 M M 7.2 18 220 M M 0 24 190
23 87 63 75 4 0 10 0.00 M M 7.1 18 180 M M 0 29 210
24 81 58 70 -1 0 5 0.00 M M 8.4 22 210 M M 0 28 220
25 83 51 67 -5 0 2 0.00 M M 2.3 10 220 M M 0 13 280
26 90 53 72 0 0 7 0.00 M M 2.9 9 110 M M 0 13 70
27 98 56 77 5 0 12 0.00 M M 2.3 14 210 M M 0 17 200
28 99 58 79 7 0 14 0.00 M M 4.5 20 230 M M 0 24 230
29 98 65 82 10 0 17 0.00 M M 5.4 16 170 M M 0 21 240
30 101 61 81 9 0 16 0.00 M M 2.9 14 90 M M 0 20 50
31 104 61 83 11 0 18 0.00 M M 4.7 17 80 M M 0 25 90
================================================================================
SM 2678 1717 11 204 0.23 M 162.8 M 40
================================================================================
AV 86.4 55.4 5.3 FASTST M M 1 MAX(MPH)
MISC ----> # 25 230 # 31 240
================================================================================
NOTES:
# LAST OF SEVERAL OCCURRENCES
COLUMN 17 PEAK WIND IN M.P.H.
PRELIMINARY LOCAL CLIMATOLOGICAL DATA (WS FORM: F-6) , PAGE 2
STATION: SPOKANE WA FELTS AIRPORT
MONTH: JULY
YEAR: 2020
LATITUDE: 47 40 N
LONGITUDE: 117 20 W
[TEMPERATURE DATA] [PRECIPITATION DATA] SYMBOLS USED IN COLUMN 16
AVERAGE MONTHLY: 70.9 TOTAL FOR MONTH: 0.23 1 = FOG OR MIST
DPTR FM NORMAL: 1.1 DPTR FM NORMAL: -0.59 2 = FOG REDUCING VISIBILITY
HIGHEST: 104 ON 31 GRTST 24HR 0.18 ON 1- 1 TO 1/4 MILE OR LESS
LOWEST: 49 ON 14, 9 3 = THUNDER
SNOW, ICE PELLETS, HAIL 4 = ICE PELLETS
TOTAL MONTH: M 5 = HAIL
GRTST 24HR M ON M 6 = FREEZING RAIN OR DRIZZLE
GRTST DEPTH: M ON M 7 = DUSTSTORM OR SANDSTORM:
VSBY 1/2 MILE OR LESS
8 = SMOKE OR HAZE
[NO. OF DAYS WITH] [WEATHER - DAYS WITH] 9 = BLOWING SNOW
X = TORNADO
MAX 32 OR BELOW: 0 0.01 INCH OR MORE: 2
MAX 90 OR ABOVE: 12 0.10 INCH OR MORE: 1
MIN 32 OR BELOW: 0 0.50 INCH OR MORE: 0
MIN 0 OR BELOW: 0 1.00 INCH OR MORE: 0
[HDD (BASE 65) ]
TOTAL THIS MO. 11 CLEAR (SCALE 0-3) 26
DPTR FM NORMAL -10 PTCLDY (SCALE 4-7) 4
TOTAL FM JUL 1 11 CLOUDY (SCALE 8-10) 1
DPTR FM NORMAL -10
[CDD (BASE 65) ]
TOTAL THIS MO. 204
DPTR FM NORMAL 33 [PRESSURE DATA]
TOTAL FM JAN 1 272 HIGHEST SLP M ON M
DPTR FM NORMAL 54 LOWEST SLP 29.60 ON 22
[REMARKS]
#FINAL-07-20#