000
CXUS54 KSHV 011300
CF6SHV
PRELIMINARY LOCAL CLIMATOLOGICAL DATA (WS FORM: F-6)
STATION: SHREVEPORT
MONTH: MARCH
YEAR: 2022
LATITUDE: 32 28 N
LONGITUDE: 93 49 W
TEMPERATURE IN F: :PCPN: SNOW: WIND :SUNSHINE: SKY :PK WND
================================================================================
1 2 3 4 5 6A 6B 7 8 9 10 11 12 13 14 15 16 17 18
12Z AVG MX 2MIN
DY MAX MIN AVG DEP HDD CDD WTR SNW DPTH SPD SPD DIR MIN PSBL S-S WX SPD DR
================================================================================
1 75 32 54 -1 11 0 0.00 0.0 0 2.6 10 260 M M 6 14 270
2 77 39 58 2 7 0 0.00 0.0 0 2.2 12 200 M M 5 16 100
3 79 43 61 5 4 0 0.00 0.0 0 3.1 14 90 M M 4 17 100
4 78 45 62 6 3 0 0.00 0.0 0 5.4 14 180 M M 6 21 150
5 83 64 74 18 0 9 0.00 0.0 0 12.9 23 180 M M 9 31 200
6 87 70 79 22 0 14 T 0.0 0 13.3 26 170 M M 8 36 180
7 74 43 59 2 6 0 0.04 0.0 0 12.4 35 320 M M 8 13 42 320
8 43 40 42 -15 23 0 0.73 0.0 0 9.5 20 40 M M 9 13 24 40
9 59 40 50 -7 15 0 0.00 0.0 0 5.1 14 10 M M 8 17 360
10 68 35 52 -6 13 0 0.00 0.0 0 2.6 12 120 M M 1 12 18 110
11 64 35 50 -8 15 0 0.20 T 0 11.6 28 350 M M 8 134 37 10
12 53 31 42 -16 23 0 0.00 0.0 0 7.0 18 330 M M 1 25 330
13 65 31 48 -10 17 0 0.00 0.0 0 8.7 17 200 M M 2 24 170
14 69 49 59 0 6 0 0.90 0.0 0 12.0 30 250 M M 10 13 36 250
15 64 49 57 -2 8 0 0.08 0.0 0 5.2 12 350 M M 9 12 15 130
16 78 46 62 3 3 0 0.00 0.0 0 3.3 10 220 M M 0 1 13 220
17 80 50 65 6 0 0 0.78 0.0 0 8.9 22 170 M M 4 13 28 160
18 65 46 56 -4 9 0 0.03 0.0 0 13.0 29 270 M M 5 1 35 270
19 74 39 57 -3 8 0 0.00 0.0 0 4.6 15 320 M M 2 21 330
20 80 42 61 1 4 0 0.00 0.0 0 6.1 16 150 M M 2 22 150
21 72 56 64 4 1 0 1.21 0.0 0 13.4 26 150 M M 10 138 35 160
22 70 50 60 -1 5 0 3.81 0.0 0 11.0 26 330 M M 10 13 32 330
23 65 44 55 -6 10 0 0.00 0.0 0 13.4 26 280 M M 4 33 280
24 66 38 52 -9 13 0 0.00 0.0 0 7.0 21 280 M M 1 27 270
25 77 42 60 -1 5 0 0.00 0.0 0 6.5 17 340 M M 0 22 360
26 82 46 64 2 1 0 0.00 0.0 0 5.6 13 90 M M 0 16 130
27 84 52 68 6 0 3 0.00 0.0 0 5.6 14 180 M M 3 18 18 170
28 84 56 70 8 0 5 0.00 0.0 0 7.5 20 170 M M 5 8 25 160
29 83 67 75 13 0 10 0.00 0.0 0 16.5 33 170 M M 10 46 170
30 76 50 63 1 2 0 0.55 0.0 0 14.8 32 260 M M 7 13 46 270
31 71 40 56 -6 9 0 0.00 0.0 0 6.9 24 260 M M 1 35 260
================================================================================
SM 2245 1410 221 41 8.33 T 257.7 M 158
================================================================================
AV 72.4 45.5 8.3 FASTST M M 5 MAX(MPH)
MISC ----> 35 320 # 46 170
================================================================================
NOTES:
# LAST OF SEVERAL OCCURRENCES
COLUMN 17 PEAK WIND IN M.P.H.
PRELIMINARY LOCAL CLIMATOLOGICAL DATA (WS FORM: F-6) , PAGE 2
STATION: SHREVEPORT
MONTH: MARCH
YEAR: 2022
LATITUDE: 32 28 N
LONGITUDE: 93 49 W
[TEMPERATURE DATA] [PRECIPITATION DATA] SYMBOLS USED IN COLUMN 16
AVERAGE MONTHLY: 59.0 TOTAL FOR MONTH: 8.33 1 = FOG OR MIST
DPTR FM NORMAL: 0.0 DPTR FM NORMAL: 3.43 2 = FOG REDUCING VISIBILITY
HIGHEST: 87 ON 6 GRTST 24HR 5.02 ON 21-22 TO 1/4 MILE OR LESS
LOWEST: 31 ON 13,12 3 = THUNDER
SNOW, ICE PELLETS, HAIL 4 = ICE PELLETS
TOTAL MONTH: T 5 = HAIL
GRTST 24HR T ON 11-11 6 = FREEZING RAIN OR DRIZZLE
GRTST DEPTH: 0 7 = DUSTSTORM OR SANDSTORM:
VSBY 1/2 MILE OR LESS
8 = SMOKE OR HAZE
[NO. OF DAYS WITH] [WEATHER - DAYS WITH] 9 = BLOWING SNOW
X = TORNADO
MAX 32 OR BELOW: 0 0.01 INCH OR MORE: 10
MAX 90 OR ABOVE: 0 0.10 INCH OR MORE: 7
MIN 32 OR BELOW: 3 0.50 INCH OR MORE: 6
MIN 0 OR BELOW: 0 1.00 INCH OR MORE: 2
[HDD (BASE 65) ]
TOTAL THIS MO. 221 CLEAR (SCALE 0-3) 11
DPTR FM NORMAL -3 PTCLDY (SCALE 4-7) 9
TOTAL FM JUL 1 1655 CLOUDY (SCALE 8-10) 11
DPTR FM NORMAL -327
[CDD (BASE 65) ]
TOTAL THIS MO. 41
DPTR FM NORMAL 2 [PRESSURE DATA]
TOTAL FM JAN 1 49 HIGHEST SLP 30.50 ON 12
DPTR FM NORMAL -6 LOWEST SLP 29.46 ON 30
[REMARKS]
#FINAL-03-22#