000
CXUS56 KMFR 010930
CF6SIY
PRELIMINARY LOCAL CLIMATOLOGICAL DATA (WS FORM: F-6)
STATION: MONTAGUE CA
MONTH: MAY
YEAR: 2021
LATITUDE: 41 46 N
LONGITUDE: 122 28 W
TEMPERATURE IN F: :PCPN: SNOW: WIND :SUNSHINE: SKY :PK WND
================================================================================
1 2 3 4 5 6A 6B 7 8 9 10 11 12 13 14 15 16 17 18
12Z AVG MX 2MIN
DY MAX MIN AVG DEP HDD CDD WTR SNW DPTH SPD SPD DIR MIN PSBL S-S WX SPD DR
================================================================================
1 71 42 57 4 8 0 0.00 M M 10.4 26 360 M M 3 33 360
2 69 42 56 2 9 0 0.00 M M 10.8 24 360 M M 3 38 10
3 75 33 54 0 11 0 0.00 M M 8.8 22 10 M M 0 27 10
4 78 44 61 7 4 0 0.00 M M 7.2 17 360 M M 1 21 10
5 88 34 61 7 4 0 0.00 M M 5.3 21 170 M M 0 27 170
6 78 46 62 7 3 0 0.00 M M 10.2 25 300 M M 2 33 310
7 64 33 49 -6 16 0 0.00 M M 13.1 24 10 M M 0 30 20
8 72 30 51 -4 14 0 0.00 M M 9.4 25 10 M M 0 31 360
9 70 37 54 -2 11 0 0.00 M M 9.9 20 340 M M 0 30 320
10 79 39 59 3 6 0 0.00 M M 9.3 17 360 M M 0 21 360
11 84 39 62 6 3 0 0.00 M M 5.5 18 360 M M 0 22 360
12 89 40 65 9 0 0 0.00 M M 7.1 21 360 M M 0 25 360
13 89 44 67 10 0 2 0.00 M M 6.7 22 360 M M 0 26 360
14 85 48 67 10 0 2 0.01 M M 7.4 24 360 M M 2 3 29 330
15 83 47 65 8 0 0 0.01 M M 5.7 21 140 M M 4 3 27 140
16 87 40 64 7 1 0 0.00 M M 4.9 17 10 M M 0 21 360
17 84 40 62 4 3 0 T M M 7.6 23 290 M M 0 29 310
18 75 43 59 1 6 0 0.00 M M 10.0 21 20 M M 0 25 360
19 61 36 49 -9 16 0 T M M 11.9 24 350 M M 4 31 40
20 57 36 47 -11 18 0 0.00 M M 13.4 23 360 M M 7 31 10
21 62 37 50 -8 15 0 0.00 M M 13.0 25 330 M M 5 33 320
22 70 33 52 -7 13 0 0.01 M M 7.6 22 350 M M 6 29 10
23 76 34 55 -4 10 0 0.00 M M 6.4 18 10 M M 0 23 10
24 79 38 59 0 6 0 0.00 M M 6.6 21 320 M M 2 8 27 280
25 72 39 56 -3 9 0 0.00 M M 8.1 20 20 M M 2 27 20
26 83 36 60 0 5 0 0.00 M M 4.8 15 330 M M 0 8 18 340
27 78 43 61 1 4 0 0.00 M M 8.3 21 310 M M 1 8 26 310
28 84 47 66 6 0 1 0.00 M M 7.9 16 350 M M 0 20 360
29 90 43 67 7 0 2 0.00 M M 6.8 22 360 M M 0 27 350
30 91 47 69 9 0 4 0.00 M M 8.2 22 10 M M 0 27 10
31 97 50 74 14 0 9 0.00 M M 5.6 16 10 M M 0 8 19 10
================================================================================
SM 2420 1240 195 20 0.03 M 257.9 M 42
================================================================================
AV 78.1 40.0 8.3 FASTST M M 1 MAX(MPH)
MISC ----> 26 360 38 10
================================================================================
NOTES:
# LAST OF SEVERAL OCCURRENCES
COLUMN 17 PEAK WIND IN M.P.H.
PRELIMINARY LOCAL CLIMATOLOGICAL DATA (WS FORM: F-6) , PAGE 2
STATION: MONTAGUE CA
MONTH: MAY
YEAR: 2021
LATITUDE: 41 46 N
LONGITUDE: 122 28 W
[TEMPERATURE DATA] [PRECIPITATION DATA] SYMBOLS USED IN COLUMN 16
AVERAGE MONTHLY: 59.0 TOTAL FOR MONTH: 0.03 1 = FOG OR MIST
DPTR FM NORMAL: 1.8 DPTR FM NORMAL: -1.02 2 = FOG REDUCING VISIBILITY
HIGHEST: 97 ON 31 GRTST 24HR 0.02 ON 14-15 TO 1/4 MILE OR LESS
LOWEST: 30 ON 8 3 = THUNDER
SNOW, ICE PELLETS, HAIL 4 = ICE PELLETS
TOTAL MONTH: M 5 = HAIL
GRTST 24HR M ON M 6 = FREEZING RAIN OR DRIZZLE
GRTST DEPTH: M ON M 7 = DUSTSTORM OR SANDSTORM:
VSBY 1/2 MILE OR LESS
8 = SMOKE OR HAZE
[NO. OF DAYS WITH] [WEATHER - DAYS WITH] 9 = BLOWING SNOW
X = TORNADO
MAX 32 OR BELOW: 0 0.01 INCH OR MORE: 3
MAX 90 OR ABOVE: 3 0.10 INCH OR MORE: 0
MIN 32 OR BELOW: 1 0.50 INCH OR MORE: 0
MIN 0 OR BELOW: 0 1.00 INCH OR MORE: 0
[HDD (BASE 65) ]
TOTAL THIS MO. 195 CLEAR (SCALE 0-3) 25
DPTR FM NORMAL -63 PTCLDY (SCALE 4-7) 6
TOTAL FM JUL 1 4753 CLOUDY (SCALE 8-10) 0
DPTR FM NORMAL -286
[CDD (BASE 65) ]
TOTAL THIS MO. 20
DPTR FM NORMAL 4 [PRESSURE DATA]
TOTAL FM JAN 1 20 HIGHEST SLP M ON M
DPTR FM NORMAL 4 LOWEST SLP 29.82 ON 5
[REMARKS]
#FINAL-05-21#