000
CXUS56 KMFR 011710
CF6SIY
PRELIMINARY LOCAL CLIMATOLOGICAL DATA (WS FORM: F-6)
STATION: MONTAGUE CA
MONTH: FEBRUARY
YEAR: 2021
LATITUDE: 41 46 N
LONGITUDE: 122 28 W
TEMPERATURE IN F: :PCPN: SNOW: WIND :SUNSHINE: SKY :PK WND
================================================================================
1 2 3 4 5 6A 6B 7 8 9 10 11 12 13 14 15 16 17 18
12Z AVG MX 2MIN
DY MAX MIN AVG DEP HDD CDD WTR SNW DPTH SPD SPD DIR MIN PSBL S-S WX SPD DR
================================================================================
1 53 40 47 11 18 0 0.09 M M 19.5 43 170 M M 7 1 50 170
2 46 31 39 3 26 0 0.03 M M 5.1 12 150 M M 6 12 14 220
3 43 27 35 -2 30 0 0.07 M M 7.9 20 220 M M 6 1 24 210
4 48 20 34 -3 31 0 0.00 M M 2.7 9 50 M M 0 10 40
5 52 22 37 0 28 0 0.00 M M 6.8 17 10 M M 1 12 20 360
6 53 22 38 1 27 0 0.00 M M 3.5 17 350 M M 2 12 20 350
7 56 18 37 0 28 0 0.00 M M 2.3 14 360 M M 0 18 14 360
8 48 19 34 -4 31 0 0.00 M M 1.9 8 40 M M 3 9 40
9 54 30 42 4 23 0 T M M 3.0 12 330 M M 9 14 320
10 59 25 42 4 23 0 0.00 M M 3.1 10 30 M M 2 13 30
11 49 29 39 1 26 0 0.06 M M 4.4 17 180 M M 5 1 21 180
12 50 27 39 1 26 0 0.11 M M 4.1 13 140 M M 6 16 140
13 50 32 41 2 24 0 0.16 M M 8.4 21 280 M M 5 1 26 270
14 42 32 37 -2 28 0 0.26 M M 2.9 9 190 M M 8 1 9 20
15 51 36 44 5 21 0 0.07 M M 5.8 17 290 M M 4 20 290
16 47 30 39 0 26 0 0.00 M M 4.6 16 30 M M 5 19 30
17 47 24 36 -4 29 0 0.00 M M 3.7 9 20 M M 0 13 20
18 38 28 33 -7 32 0 0.31 M M 4.7 9 40 M M 9 1 10 40
19 51 33 42 2 23 0 0.12 M M 5.1 22 250 M M 8 1 26 250
20 48 32 40 0 25 0 0.01 M M 4.5 13 310 M M 5 14 320
21 50 30 40 0 25 0 0.00 M M 1.9 9 40 M M 5 12 30
22 61 26 44 3 21 0 0.00 M M 4.2 12 20 M M 2 128 13 360
23 57 29 43 2 22 0 0.00 M M 9.8 24 20 M M 0 28 20
24 51 24 38 -3 27 0 0.00 M M 7.0 16 360 M M 0 18 360
25 57 21 39 -2 26 0 0.00 M M 7.4 23 20 M M 1 29 360
26 48 22 35 -7 30 0 T M M 9.9 24 350 M M 4 30 340
27 49 28 39 -3 26 0 T M M 9.5 23 20 M M 4 26 20
28 58 20 39 -3 26 0 0.00 M M 2.3 12 50 M M 0 12 30
================================================================================
SM 1416 757 728 0 1.29 M 156.0 M 107
================================================================================
AV 50.6 27.0 5.6 FASTST M M 4 MAX(MPH)
MISC ----> 43 170 50 170
================================================================================
NOTES:
# LAST OF SEVERAL OCCURRENCES
COLUMN 17 PEAK WIND IN M.P.H.
PRELIMINARY LOCAL CLIMATOLOGICAL DATA (WS FORM: F-6) , PAGE 2
STATION: MONTAGUE CA
MONTH: FEBRUARY
YEAR: 2021
LATITUDE: 41 46 N
LONGITUDE: 122 28 W
[TEMPERATURE DATA] [PRECIPITATION DATA] SYMBOLS USED IN COLUMN 16
AVERAGE MONTHLY: 38.8 TOTAL FOR MONTH: 1.29 1 = FOG OR MIST
DPTR FM NORMAL: -0.3 DPTR FM NORMAL: -0.72 2 = FOG REDUCING VISIBILITY
HIGHEST: 61 ON 22 GRTST 24HR 0.36 ON 18-19 TO 1/4 MILE OR LESS
LOWEST: 18 ON 7 3 = THUNDER
SNOW, ICE PELLETS, HAIL 4 = ICE PELLETS
TOTAL MONTH: M 5 = HAIL
GRTST 24HR M ON M 6 = FREEZING RAIN OR DRIZZLE
GRTST DEPTH: M ON M 7 = DUSTSTORM OR SANDSTORM:
VSBY 1/2 MILE OR LESS
8 = SMOKE OR HAZE
[NO. OF DAYS WITH] [WEATHER - DAYS WITH] 9 = BLOWING SNOW
X = TORNADO
MAX 32 OR BELOW: 0 0.01 INCH OR MORE: 11
MAX 90 OR ABOVE: 0 0.10 INCH OR MORE: 5
MIN 32 OR BELOW: 25 0.50 INCH OR MORE: 0
MIN 0 OR BELOW: 0 1.00 INCH OR MORE: 0
[HDD (BASE 65) ]
TOTAL THIS MO. 728 CLEAR (SCALE 0-3) 11
DPTR FM NORMAL 3 PTCLDY (SCALE 4-7) 14
TOTAL FM JUL 1 3481 CLOUDY (SCALE 8-10) 3
DPTR FM NORMAL -395
[CDD (BASE 65) ]
TOTAL THIS MO. 0
DPTR FM NORMAL 0 [PRESSURE DATA]
TOTAL FM JAN 1 0 HIGHEST SLP 30.68 ON 21
DPTR FM NORMAL 0 LOWEST SLP 29.79 ON 1
[REMARKS]
#FINAL-02-21#