000
CXUS56 KMTR 011634
CF6SJC
PRELIMINARY LOCAL CLIMATOLOGICAL DATA (WS FORM: F-6)
STATION: SAN JOSE AIRPORT
MONTH: APRIL
YEAR: 2020
LATITUDE: 37 21 N
LONGITUDE: 121 55 W
TEMPERATURE IN F: :PCPN: SNOW: WIND :SUNSHINE: SKY :PK WND
================================================================================
1 2 3 4 5 6A 6B 7 8 9 10 11 12 13 14 15 16 17 18
12Z AVG MX 2MIN
DY MAX MIN AVG DEP HDD CDD WTR SNW DPTH SPD SPD DIR MIN PSBL S-S WX SPD DR
================================================================================
1 63 46 55 -2 10 0 0.00 M M 9.2 21 340 M M 2 8 26 340
2 66 42 54 -3 11 0 0.00 M M 7.6 18 330 M M 0 26 320
3 64 39 52 -5 13 0 0.00 M M 6.5 21 340 M M 3 29 360
4 63 41 52 -6 13 0 0.21 M M 8.5 18 200 M M 6 1 25 220
5 55 46 51 -7 14 0 0.77 M M 7.2 22 140 M M 9 18 26 140
6 52 42 47 -11 18 0 0.22 0.0 M 2.8 10 320 M M 8 1 12 320
7 64 38 51 -7 14 0 T M M 6.5 20 330 M M 2 24 320
8 66 49 58 0 7 0 0.00 M M 6.5 14 200 M M 7 20 200
9 65 53 59 1 6 0 0.00 M M 5.4 16 340 M M 8 19 340
10 66 53 60 2 5 0 0.00 M M 8.9 20 340 M M 7 24 350
11 65 53 59 1 6 0 0.00 M M 6.2 15 340 M M 7 19 320
12 68 52 60 2 5 0 T M M 4.6 17 340 M M 9 18 20 350
13 71 52 62 4 3 0 0.00 0.0 M 4.9 18 330 M M 4 23 350
14 78 47 63 4 2 0 0.00 M M 5.5 16 350 M M 1 21 20
15 81 50 66 7 0 1 0.00 M M 6.3 16 330 M M 3 18 330
16 67 53 60 1 5 0 0.00 M M 6.1 15 340 M M 8 22 340
17 68 55 62 3 3 0 0.00 M M 7.0 17 200 M M 8 22 210
18 69 54 62 3 3 0 0.00 M M 7.8 17 340 M M 6 23 310
19 69 47 58 -1 7 0 0.00 M M 6.8 20 340 M M 5 24 340
20 65 54 60 0 5 0 T M M 8.8 22 350 M M 8 26 340
21 70 52 61 1 4 0 0.00 M M 7.5 21 340 M M 6 25 340
22 76 48 62 2 3 0 0.00 0.0 M 7.8 24 340 M M 3 28 340
23 78 55 67 7 0 2 0.00 0.0 M 8.1 22 330 M M 5 27 350
24 84 54 69 9 0 4 T M M 6.7 20 330 M M 3 23 330
25 85 54 70 10 0 5 0.00 M M 6.3 21 340 M M 6 25 360
26 76 52 64 4 1 0 0.00 M M 7.6 20 340 M M 2 24 360
27 77 51 64 4 1 0 0.00 M M 7.7 21 340 M M 4 26 320
28 84 56 70 9 0 5 0.00 M M 6.8 20 340 M M 1 25 360
29 71 54 63 2 2 0 0.00 M M 7.8 16 350 M M 7 21 20
30 76 52 64 3 1 0 0.00 M M 7.8 24 330 M M 5 29 340
================================================================================
SM 2102 1494 162 17 1.20 0.0 207.2 M 153
================================================================================
AV 70.1 49.8 6.9 FASTST M M 5 MAX(MPH)
MISC ----> # 24 340 # 29 360
================================================================================
NOTES:
# LAST OF SEVERAL OCCURRENCES
COLUMN 17 PEAK WIND IN M.P.H.
PRELIMINARY LOCAL CLIMATOLOGICAL DATA (WS FORM: F-6) , PAGE 2
STATION: SAN JOSE AIRPORT
MONTH: APRIL
YEAR: 2020
LATITUDE: 37 21 N
LONGITUDE: 121 55 W
[TEMPERATURE DATA] [PRECIPITATION DATA] SYMBOLS USED IN COLUMN 16
AVERAGE MONTHLY: 59.9 TOTAL FOR MONTH: 1.20 1 = FOG OR MIST
DPTR FM NORMAL: 1.0 DPTR FM NORMAL: 0.14 2 = FOG REDUCING VISIBILITY
HIGHEST: 85 ON 25 GRTST 24HR 0.98 ON 4- 5 TO 1/4 MILE OR LESS
LOWEST: 38 ON 7 3 = THUNDER
SNOW, ICE PELLETS, HAIL 4 = ICE PELLETS
TOTAL MONTH: 0.0 INCH 5 = HAIL
GRTST 24HR 0.0 6 = FREEZING RAIN OR DRIZZLE
GRTST DEPTH: M ON M 7 = DUSTSTORM OR SANDSTORM:
VSBY 1/2 MILE OR LESS
8 = SMOKE OR HAZE
[NO. OF DAYS WITH] [WEATHER - DAYS WITH] 9 = BLOWING SNOW
X = TORNADO
MAX 32 OR BELOW: 0 0.01 INCH OR MORE: 3
MAX 90 OR ABOVE: 0 0.10 INCH OR MORE: 3
MIN 32 OR BELOW: 0 0.50 INCH OR MORE: 1
MIN 0 OR BELOW: 0 1.00 INCH OR MORE: 0
[HDD (BASE 65) ]
TOTAL THIS MO. 162 CLEAR (SCALE 0-3) 8
DPTR FM NORMAL -34 PTCLDY (SCALE 4-7) 18
TOTAL FM JUL 1 1870 CLOUDY (SCALE 8-10) 4
DPTR FM NORMAL -267
[CDD (BASE 65) ]
TOTAL THIS MO. 17
DPTR FM NORMAL 2 [PRESSURE DATA]
TOTAL FM JAN 1 17 HIGHEST SLP 30.30 ON 22
DPTR FM NORMAL 0 LOWEST SLP 29.63 ON 5
[REMARKS]
#FINAL-04-20#