115
CXUS54 KSJT 011222
CF6SJT
PRELIMINARY LOCAL CLIMATOLOGICAL DATA (WS FORM: F-6)
STATION: SAN ANGELO
MONTH: JUNE
YEAR: 2020
LATITUDE: 31 21 N
LONGITUDE: 100 30 W
TEMPERATURE IN F: :PCPN: SNOW: WIND :SUNSHINE: SKY :PK WND
================================================================================
1 2 3 4 5 6A 6B 7 8 9 10 11 12 13 14 15 16 17 18
12Z AVG MX 2MIN
DY MAX MIN AVG DEP HDD CDD WTR SNW DPTH SPD SPD DIR MIN PSBL S-S WX SPD DR
================================================================================
1 87 68 78 0 0 13 0.04 0.0 0 5.1 15 40 M M 5 13 21 130
2 89 64 77 -1 0 12 0.00 0.0 0 7.5 15 160 M M 4 1 22 150
3 95 69 82 3 0 17 0.00 0.0 0 7.8 16 180 M M 2 26 160
4 98 71 85 6 0 20 0.00 0.0 0 10.0 20 210 M M 1 26 220
5 99 74 87 8 0 22 0.00 0.0 0 9.2 23 350 M M 2 33 330
6 100 68 84 5 0 19 0.00 0.0 0 9.4 21 150 M M 0 29 140
7 101 68 85 6 0 20 0.00 0.0 0 8.6 16 110 M M 0 22 130
8 106 69 88 8 0 23 0.00 0.0 0 9.2 20 190 M M 0 28 190
9 97 71 84 4 0 19 0.00 0.0 0 13.8 23 290 M M 2 8 32 300
10 94 52 73 -7 0 8 0.00 0.0 0 7.7 15 60 M M 0 22 60
11 98 59 79 -1 0 14 0.00 0.0 0 8.1 20 120 M M 0 31 120
12 98 54 76 -4 0 11 0.00 0.0 0 6.2 18 110 M M 0 29 140
13 97 57 77 -3 0 12 0.00 0.0 0 6.6 18 100 M M 0 27 110
14 95 62 79 -1 0 14 0.00 0.0 0 8.3 18 100 M M 0 27 100
15 95 62 79 -1 0 14 0.00 0.0 0 8.7 21 120 M M 2 28 140
16 97 72 85 4 0 20 0.00 0.0 0 11.5 22 150 M M 2 32 140
17 96 73 85 4 0 20 0.00 0.0 0 12.9 22 190 M M 2 31 160
18 98 76 87 6 0 22 0.00 0.0 0 12.9 23 170 M M 3 3 34 140
19 99 72 86 5 0 21 0.00 0.0 0 13.1 22 180 M M 2 32 200
20 97 68 83 2 0 18 0.00 0.0 0 11.5 24 60 M M 5 33 80
21 103 77 90 9 0 25 0.00 0.0 0 12.9 22 190 M M 1 32 190
22 106 72 89 8 0 24 0.81 0.0 0 15.9 47 200 M M 2 3 69 180
23 92 69 81 -1 0 16 0.00 0.0 0 8.2 33 360 M M 1 42 360
24 94 66 80 -2 0 15 0.00 0.0 0 6.1 16 60 M M 0 22 90
25 96 66 81 -1 0 16 0.00 0.0 0 6.4 17 110 M M 1 21 150
26 96 74 85 3 0 20 0.00 0.0 0 13.0 20 160 M M 1 28 160
27 93 75 84 2 0 19 0.00 0.0 0 12.1 21 190 M M 4 8 31 190
28 99 78 89 7 0 24 0.00 0.0 0 14.3 23 180 M M 1 34 200
29 103 78 91 9 0 26 0.00 0.0 0 13.7 36 230 M M 0 55 230
30 102 78 90 8 0 25 T 0.0 0 11.5 21 180 M M 1 3 30 20
================================================================================
SM 2920 2062 0 549 0.85 0.0 302.2 M 44
================================================================================
AV 97.3 68.7 10.1 FASTST M M 1 MAX(MPH)
MISC ----> # 47 200 # 69 180
================================================================================
NOTES:
# LAST OF SEVERAL OCCURRENCES
COLUMN 17 PEAK WIND IN M.P.H.
PRELIMINARY LOCAL CLIMATOLOGICAL DATA (WS FORM: F-6) , PAGE 2
STATION: SAN ANGELO
MONTH: JUNE
YEAR: 2020
LATITUDE: 31 21 N
LONGITUDE: 100 30 W
[TEMPERATURE DATA] [PRECIPITATION DATA] SYMBOLS USED IN COLUMN 16
AVERAGE MONTHLY: 83.0 TOTAL FOR MONTH: 0.85 1 = FOG OR MIST
DPTR FM NORMAL: 2.6 DPTR FM NORMAL: -1.74 2 = FOG REDUCING VISIBILITY
HIGHEST: 106 ON 22, 8 GRTST 24HR 0.81 ON 22-22 TO 1/4 MILE OR LESS
LOWEST: 52 ON 10 3 = THUNDER
SNOW, ICE PELLETS, HAIL 4 = ICE PELLETS
TOTAL MONTH: 0.0 INCH 5 = HAIL
GRTST 24HR 0.0 6 = FREEZING RAIN OR DRIZZLE
GRTST DEPTH: 0 7 = DUSTSTORM OR SANDSTORM:
VSBY 1/2 MILE OR LESS
8 = SMOKE OR HAZE
[NO. OF DAYS WITH] [WEATHER - DAYS WITH] 9 = BLOWING SNOW
X = TORNADO
MAX 32 OR BELOW: 0 0.01 INCH OR MORE: 2
MAX 90 OR ABOVE: 28 0.10 INCH OR MORE: 1
MIN 32 OR BELOW: 0 0.50 INCH OR MORE: 1
MIN 0 OR BELOW: 0 1.00 INCH OR MORE: 0
[HDD (BASE 65) ]
TOTAL THIS MO. 0 CLEAR (SCALE 0-3) 26
DPTR FM NORMAL 0 PTCLDY (SCALE 4-7) 4
TOTAL FM JUL 1 1978 CLOUDY (SCALE 8-10) 0
DPTR FM NORMAL -338
[CDD (BASE 65) ]
TOTAL THIS MO. 549
DPTR FM NORMAL 85 [PRESSURE DATA]
TOTAL FM JAN 1 1141 HIGHEST SLP 30.27 ON 12
DPTR FM NORMAL 217 LOWEST SLP 29.49 ON 8
[REMARKS]
#FINAL-06-20#