000
CXUS54 KSJT 011628
CLMSJT
CLIMATE REPORT
NATIONAL WEATHER SERVICE SAN ANGELO TX
1128 AM CDT TUE AUG 01 2023
...................................
...THE SAN ANGELO CLIMATE SUMMARY FOR THE MONTH OF JULY 2023...
CLIMATE NORMAL PERIOD: 1991 TO 2020
CLIMATE RECORD PERIOD: 1907 TO 2023
WEATHER OBSERVED NORMAL DEPART LAST YEAR`S
VALUE DATE(S) VALUE FROM VALUE DATE(S)
NORMAL
................................................................
TEMPERATURE (F)
RECORD
HIGH 111 07/29/1960
07/27/1944
07/15/1933
LOW 54 07/15/1926
HIGHEST 110 07/18 110 07/11
LOWEST 67 07/02 61 07/15
AVG. MAXIMUM 101.8 97.4 4.4 103.5
AVG. MINIMUM 74.9 72.3 2.6 75.9
MEAN 88.4 84.8 3.6 89.7
DAYS MAX >= 90 30 27.9 2.1 31
DAYS MAX <= 32 0 0.0 0.0 0
DAYS MIN <= 32 0 0.0 0.0 0
DAYS MIN <= 0 0 0.0 0.0 0
PRECIPITATION (INCHES)
RECORD
MAXIMUM 10.26 1880
MINIMUM 0.00 1944
TOTALS 0.86 1.10 -0.24 0.01
DAILY AVG. 0.03 0.04 -0.01 0.00
DAYS >= .01 2 4.4 -2.4 1
DAYS >= .10 1 2.4 -1.4 0
DAYS >= .50 1 0.8 0.2 0
DAYS >= 1.00 0 0.1 -0.1 0
GREATEST
24 HR. TOTAL 0.85 07/01 TO 07/01 0.01 07/14 TO 07/14
SNOWFALL (INCHES)
RECORDS
TOTAL 0.0 2013
TOTALS 0.0 MM MM 0.0
SINCE 7/1 0.0 MM MM MM
SNOWDEPTH AVG. 0 0
DAYS >= 1.0 0 MM MM 0
GREATEST
SNOW DEPTH 0 0 MM
DEGREE DAYS
HEATING TOTAL 0 0 0 0
SINCE 7/1 0 0 0 MM
COOLING TOTAL 730 615 115 772
SINCE 1/1 1908 1661 247 MM
................................................................
WIND (MPH)
AVERAGE WIND SPEED 8.5
HIGHEST WIND SPEED/DIRECTION 33/040 DATE 07/01
HIGHEST GUST SPEED/DIRECTION 47/040 DATE 07/01
SKY COVER
AVERAGE SKY COVER 0.06
AVERAGE RH (PERCENT) 48
WEATHER CONDITIONS. NUMBER OF DAYS WITH
THUNDERSTORM 2 MIXED PRECIP 0
HEAVY RAIN 1 RAIN 1
LIGHT RAIN 2 FREEZING RAIN 0
LT FREEZING RAIN 0 HAIL 0
HEAVY SNOW 0 SNOW 0
LIGHT SNOW 0 SLEET 0
FOG 1 FOG W/VIS <= 1/4 MILE 0
HAZE 0
- INDICATES NEGATIVE NUMBERS.
R INDICATES RECORD WAS SET OR TIED.
MM INDICATES DATA IS MISSING.
T INDICATES TRACE AMOUNT.
$$