000
CXUS56 KSLC 052145
CF6SLC
PRELIMINARY LOCAL CLIMATOLOGICAL DATA (WS FORM: F-6)
STATION: SALT LAKE CITY UT
MONTH: JUNE
YEAR: 2022
LATITUDE: 40 46 N
LONGITUDE: 111 58 W
TEMPERATURE IN F: :PCPN: SNOW: WIND :SUNSHINE: SKY :PK WND
================================================================================
1 2 3 4 5 6A 6B 7 8 9 10 11 12 13 14 15 16 17 18
12Z AVG MX 2MIN
DY MAX MIN AVG DEP HDD CDD WTR SNW DPTH SPD SPD DIR MIN PSBL S-S WX SPD DR
================================================================================
1 74 47 61 -6 4 0 0.00 0.0 0 4.6 13 310 M M 0 19 330
2 85 53 69 2 0 4 0.00 0.0 0 6.1 13 340 M M 0 20 350
3 88 60 74 7 0 9 0.00 0.0 0 6.9 16 340 M M 1 27 340
4 88 63 76 8 0 11 0.00 0.0 0 11.9 24 180 M M 1 32 170
5 80 61 71 3 0 6 T 0.0 0 6.8 21 310 M M 4 29 300
6 80 60 70 2 0 5 0.01 0.0 0 8.0 20 340 M M 2 26 340
7 82 55 69 0 0 4 0.00 0.0 0 6.4 18 360 M M 0 25 350
8 91 58 75 6 0 10 0.00 0.0 0 6.9 15 320 M M 1 19 350
9 91 62 77 8 0 12 0.00 0.0 0 4.9 14 360 M M 1 16 10
10 97 65 81 11 0 16 0.00 0.0 0 6.1 15 350 M M 1 22 20
11 97 71 84 14 0 19 0.00 0.0 0 7.3 15 10 M M 0 21 330
12 102 70 86 16 0 21 0.00 0.0 0 15.6 32 180 M M 1 46 170
13 71 50 61 -10 4 0 0.34 0.0 0 12.2 35 310 M M 7 3 48 320
14 69 47 58 -13 7 0 0.00 0.0 0 7.2 32 340 M M 2 42 340
15 76 47 62 -9 3 0 0.00 0.0 0 3.7 14 350 M M 0 19 330
16 100 56 78 6 0 13 0.00 0.0 0 10.1 25 160 M M 0 37 130
17 101 73 87 15 0 22 0.00 0.0 0 17.3 35 180 M M 3 57 190
18 93 72 83 11 0 18 T 0.0 0 15.2 41 150 M M 2 8 57 150
19 84 60 72 -1 0 7 0.00 0.0 0 13.6 41 280 M M 1 78 55 280
20 72 50 61 -12 4 0 0.18 0.0 0 7.1 23 10 M M 4 3 30 280
21 85 50 68 -6 0 3 0.00 0.0 0 7.3 18 330 M M 0 23 330
22 90 56 73 -1 0 8 0.00 0.0 0 5.6 21 150 M M 1 29 170
23 92 72 82 8 0 17 0.01 0.0 0 10.6 33 260 M M 3 378 44 260
24 90 67 79 4 0 14 T 0.0 0 6.8 18 280 M M 2 25 290
25 90 61 76 1 0 11 0.00 0.0 0 7.8 16 320 M M 0 23 320
26 93 62 78 3 0 13 0.00 0.0 0 5.2 15 330 M M 0 20 330
27 98 69 84 8 0 19 0.00 0.0 0 7.1 15 330 M M 1 24 20
28 99 73 86 10 0 21 T 0.0 0 13.8 39 170 M M 2 38 60 170
29 94 75 85 8 0 20 T 0.0 0 8.5 20 180 M M 2 3 26 170
30 95 69 82 5 0 17 0.02 0.0 0 9.0 18 130 M M 2 3 24 350
================================================================================
SM 2647 1834 22 320 0.56 0.0 259.6 M 44
================================================================================
AV 88.2 61.1 8.7 FASTST M M 1 MAX(MPH)
MISC ----> # 41 150 60 170
================================================================================
NOTES:
# LAST OF SEVERAL OCCURRENCES
COLUMN 17 PEAK WIND IN M.P.H.
PRELIMINARY LOCAL CLIMATOLOGICAL DATA (WS FORM: F-6) , PAGE 2
STATION: SALT LAKE CITY UT
MONTH: JUNE
YEAR: 2022
LATITUDE: 40 46 N
LONGITUDE: 111 58 W
[TEMPERATURE DATA] [PRECIPITATION DATA] SYMBOLS USED IN COLUMN 16
AVERAGE MONTHLY: 74.7 TOTAL FOR MONTH: 0.56 1 = FOG OR MIST
DPTR FM NORMAL: 3.1 DPTR FM NORMAL: -0.39 2 = FOG REDUCING VISIBILITY
HIGHEST: 102 ON 12 GRTST 24HR 0.34 ON 13-13 TO 1/4 MILE OR LESS
LOWEST: 47 ON 14,15 3 = THUNDER
SNOW, ICE PELLETS, HAIL 4 = ICE PELLETS
TOTAL MONTH: 0.0 INCH 5 = HAIL
GRTST 24HR 0.0 6 = FREEZING RAIN OR DRIZZLE
GRTST DEPTH: 0 7 = DUSTSTORM OR SANDSTORM:
VSBY 1/2 MILE OR LESS
8 = SMOKE OR HAZE
[NO. OF DAYS WITH] [WEATHER - DAYS WITH] 9 = BLOWING SNOW
X = TORNADO
MAX 32 OR BELOW: 0 0.01 INCH OR MORE: 5
MAX 90 OR ABOVE: 17 0.10 INCH OR MORE: 2
MIN 32 OR BELOW: 0 0.50 INCH OR MORE: 0
MIN 0 OR BELOW: 0 1.00 INCH OR MORE: 0
[HDD (BASE 65) ]
TOTAL THIS MO. 22 CLEAR (SCALE 0-3) 26
DPTR FM NORMAL -14 PTCLDY (SCALE 4-7) 4
TOTAL FM JUL 1 5083 CLOUDY (SCALE 8-10) 0
DPTR FM NORMAL -69
[CDD (BASE 65) ]
TOTAL THIS MO. 320
DPTR FM NORMAL 86 [PRESSURE DATA]
TOTAL FM JAN 1 377 HIGHEST SLP 30.22 ON 21
DPTR FM NORMAL 75 LOWEST SLP 29.27 ON 12
[REMARKS]
#FINAL-06-22#