000
CXUS56 KSLC 011246
CF6SLC
PRELIMINARY LOCAL CLIMATOLOGICAL DATA (WS FORM: F-6)
STATION: SALT LAKE CITY UT
MONTH: OCTOBER
YEAR: 2020
LATITUDE: 40 46 N
LONGITUDE: 111 58 W
TEMPERATURE IN F: :PCPN: SNOW: WIND :SUNSHINE: SKY :PK WND
================================================================================
1 2 3 4 5 6A 6B 7 8 9 10 11 12 13 14 15 16 17 18
12Z AVG MX 2MIN
DY MAX MIN AVG DEP HDD CDD WTR SNW DPTH SPD SPD DIR MIN PSBL S-S WX SPD DR
================================================================================
1 80 49 65 6 0 0 0.00 0.0 0 6.3 14 320 M M 1 17 350
2 78 52 65 6 0 0 0.00 0.0 0 6.0 13 140 M M 0 14 140
3 79 50 65 7 0 0 0.00 0.0 0 5.8 12 320 M M 0 16 300
4 83 52 68 10 0 3 0.00 0.0 0 6.3 13 150 M M 0 8 15 360
5 81 53 67 10 0 2 0.00 0.0 0 6.9 14 350 M M 0 17 350
6 82 50 66 9 0 1 0.00 0.0 0 6.2 13 140 M M 0 14 140
7 84 51 68 12 0 3 0.00 0.0 0 7.1 12 140 M M 0 8 14 130
8 85 55 70 14 0 5 0.00 0.0 0 6.8 15 180 M M 0 8 20 190
9 83 54 69 13 0 4 0.00 0.0 0 5.6 14 340 M M 0 8 19 30
10 85 57 71 16 0 6 0.00 0.0 0 13.0 26 170 M M 0 34 160
11 67 45 56 1 9 0 0.19 0.0 0 8.7 30 340 M M 5 1 36 340
12 74 45 60 6 5 0 0.00 0.0 0 7.8 14 130 M M 0 17 130
13 79 48 64 10 1 0 0.00 0.0 0 5.9 15 160 M M 0 8 18 170
14 67 48 58 4 7 0 0.00 0.0 0 8.9 20 340 M M 3 8 23 340
15 59 42 51 -2 14 0 0.00 0.0 0 5.1 15 320 M M 1 8 20 360
16 64 39 52 -1 13 0 0.00 0.0 0 6.3 15 120 M M 0 18 130
17 73 49 61 8 4 0 0.00 0.0 0 7.5 16 340 M M 1 20 330
18 73 48 61 9 4 0 0.00 0.0 0 6.5 18 330 M M 1 22 330
19 74 48 61 9 4 0 0.00 0.0 0 6.8 17 360 M M 0 22 340
20 72 49 61 10 4 0 0.00 0.0 0 6.5 12 310 M M 1 8 15 300
21 73 46 60 9 5 0 0.00 0.0 0 7.5 17 320 M M 1 8 22 330
22 54 35 45 -6 20 0 0.00 0.0 0 10.1 23 340 M M 3 8 26 340
23 50 32 41 -9 24 0 0.00 0.0 0 3.7 10 360 M M 0 13 10
24 63 33 48 -2 17 0 0.00 0.0 0 8.1 17 340 M M 4 21 340
25 48 21 35 -15 30 0 0.09 1.0 0 11.1 28 340 M M 9 18 34 340
26 37 19 28 -21 37 0 0.00 0.0 0 5.8 15 310 M M 0 18 310
27 45 24 35 -14 30 0 0.00 0.0 0 5.0 14 320 M M 1 8 18 320
28 54 30 42 -6 23 0 0.00 0.0 0 6.1 13 330 M M 0 15 330
29 62 34 48 0 17 0 0.00 0.0 0 5.5 12 140 M M 0 8 13 140
30 68 37 53 6 12 0 0.00 0.0 0 6.4 13 120 M M 0 8 15 300
31 65 38 52 5 13 0 0.00 0.0 0 5.2 12 110 M M 0 8 15 320
================================================================================
SM 2141 1333 293 24 0.28 1.0 214.5 M 31
================================================================================
AV 69.1 43.0 6.9 FASTST M M 1 MAX(MPH)
MISC ----> # 30 340 # 36 340
================================================================================
NOTES:
# LAST OF SEVERAL OCCURRENCES
COLUMN 17 PEAK WIND IN M.P.H.
PRELIMINARY LOCAL CLIMATOLOGICAL DATA (WS FORM: F-6) , PAGE 2
STATION: SALT LAKE CITY UT
MONTH: OCTOBER
YEAR: 2020
LATITUDE: 40 46 N
LONGITUDE: 111 58 W
[TEMPERATURE DATA] [PRECIPITATION DATA] SYMBOLS USED IN COLUMN 16
AVERAGE MONTHLY: 56.0 TOTAL FOR MONTH: 0.28 1 = FOG OR MIST
DPTR FM NORMAL: 3.0 DPTR FM NORMAL: -1.24 2 = FOG REDUCING VISIBILITY
HIGHEST: 85 ON 10, 8 GRTST 24HR 0.19 ON 11-11 TO 1/4 MILE OR LESS
LOWEST: 19 ON 26 3 = THUNDER
SNOW, ICE PELLETS, HAIL 4 = ICE PELLETS
TOTAL MONTH: 1.0 INCH 5 = HAIL
GRTST 24HR 1.0 ON 25-25 6 = FREEZING RAIN OR DRIZZLE
GRTST DEPTH: 0 7 = DUSTSTORM OR SANDSTORM:
VSBY 1/2 MILE OR LESS
8 = SMOKE OR HAZE
[NO. OF DAYS WITH] [WEATHER - DAYS WITH] 9 = BLOWING SNOW
X = TORNADO
MAX 32 OR BELOW: 0 0.01 INCH OR MORE: 2
MAX 90 OR ABOVE: 0 0.10 INCH OR MORE: 1
MIN 32 OR BELOW: 5 0.50 INCH OR MORE: 0
MIN 0 OR BELOW: 0 1.00 INCH OR MORE: 0
[HDD (BASE 65) ]
TOTAL THIS MO. 293 CLEAR (SCALE 0-3) 27
DPTR FM NORMAL -86 PTCLDY (SCALE 4-7) 3
TOTAL FM JUL 1 347 CLOUDY (SCALE 8-10) 1
DPTR FM NORMAL -121
[CDD (BASE 65) ]
TOTAL THIS MO. 24
DPTR FM NORMAL 17 [PRESSURE DATA]
TOTAL FM JAN 1 1653 HIGHEST SLP 30.42 ON 16
DPTR FM NORMAL 493 LOWEST SLP 29.60 ON 10
[REMARKS]
#FINAL-10-20#