000
CXUS51 KBTV 010700
CF6SLK
PRELIMINARY LOCAL CLIMATOLOGICAL DATA (WS FORM: F-6)
STATION: SARANAC LAKE NY
MONTH: OCTOBER
YEAR: 2021
LATITUDE: 44 23 N
LONGITUDE: 74 12 W
TEMPERATURE IN F: :PCPN: SNOW: WIND :SUNSHINE: SKY :PK WND
================================================================================
1 2 3 4 5 6A 6B 7 8 9 10 11 12 13 14 15 16 17 18
12Z AVG MX 2MIN
DY MAX MIN AVG DEP HDD CDD WTR SNW DPTH SPD SPD DIR MIN PSBL S-S WX SPD DR
================================================================================
1 58 31 45 -4 20 0 0.00 M M 4.3 13 250 M M 6 12 20 260
2 59 46 53 5 12 0 0.62 M M 6.7 13 240 M M 10 1 19 220
3 64 52 58 10 7 0 0.14 M M 3.0 12 60 M M 10 1 22 210
4 59 52 56 8 9 0 0.00 M M 7.4 13 60 M M 10 1 17 70
5 62 52 57 10 8 0 0.00 M M 3.1 8 30 M M 10 12 12 190
6 70 39 55 8 10 0 0.00 M M 0.7 8 50 M M 5 12 11 50
7 69 35 52 5 13 0 0.00 M M 1.3 10 220 M M 9 12 14 210
8 73 42 58 12 7 0 0.00 M M 2.8 12 60 M M 4 12 14 60
9 65 38 52 6 13 0 0.00 M M 4.0 15 160 M M 2 1 20 170
10 66 42 54 8 11 0 0.00 M M 2.3 13 200 M M 7 17 210
11 74 41 58 13 7 0 0.00 M M 1.8 10 210 M M 1 1 14 280
12 78 39 59 14 6 0 0.00 M M 1.5 12 200 M M 3 12 14 210
13 67 38 53 9 12 0 0.01 M M 2.3 9 240 M M 7 1 13 210
14 69 50 60 16 5 0 0.03 M M 1.4 8 260 M M 9 1 12 270
15 66 49 58 14 7 0 0.03 M M 1.7 9 220 M M 8 1 13 220
16 67 47 57 14 8 0 1.67 M M 6.1 21 220 M M 9 123 30 220
17 53 40 47 4 18 0 0.09 M M 5.3 12 230 M M 9 1 17 280
18 44 37 41 -1 24 0 0.01 M M 3.6 12 300 M M 9 1 19 330
19 54 37 46 4 19 0 T M M 6.3 14 240 M M 9 23 250
20 68 40 54 12 11 0 0.00 M M 6.4 15 230 M M 3 12 23 220
21 60 48 54 12 11 0 0.26 M M 4.6 14 210 M M 7 12 18 210
22 55 28 42 1 23 0 0.28 M M 5.9 17 200 M M 9 1 24 190
23 46 26 36 -5 29 0 0.00 M M 1.2 8 360 M M 4 1 13 320
24 51 25 38 -2 27 0 T M M 1.8 10 220 M M 6 12 17 210
25 43 37 40 0 25 0 0.26 M M 10.4 18 70 M M 10 1 25 70
26 48 42 45 5 20 0 0.50 M M 9.8 22 60 M M 10 1 26 60
27 51 27 39 0 26 0 0.00 M M 5.4 14 40 M M 1 1 18 50
28 49 26 38 -1 27 0 0.00 M M 7.3 15 70 M M 3 21 70
29 58 20 39 1 26 0 0.00 M M 5.5 18 50 M M 0 1 23 50
30 55 39 47 9 18 0 0.37 M M 5.8 16 90 M M 10 1 22 130
31 49 45 47 9 18 0 0.93 M M 5.8 16 230 M M 10 1 24 230
================================================================================
SM 1850 1210 477 0 5.20 M 135.5 M 210
================================================================================
AV 59.7 39.0 4.4 FASTST M M 7 MAX(MPH)
MISC ----> 22 60 30 220
================================================================================
NOTES:
# LAST OF SEVERAL OCCURRENCES
COLUMN 17 PEAK WIND IN M.P.H.
PRELIMINARY LOCAL CLIMATOLOGICAL DATA (WS FORM: F-6) , PAGE 2
STATION: SARANAC LAKE NY
MONTH: OCTOBER
YEAR: 2021
LATITUDE: 44 23 N
LONGITUDE: 74 12 W
[TEMPERATURE DATA] [PRECIPITATION DATA] SYMBOLS USED IN COLUMN 16
AVERAGE MONTHLY: 49.4 TOTAL FOR MONTH: 5.20 1 = FOG OR MIST
DPTR FM NORMAL: 6.1 DPTR FM NORMAL: 1.35 2 = FOG REDUCING VISIBILITY
HIGHEST: 78 ON 12 GRTST 24HR 1.68 ON 16-17 TO 1/4 MILE OR LESS
LOWEST: 20 ON 29 3 = THUNDER
SNOW, ICE PELLETS, HAIL 4 = ICE PELLETS
TOTAL MONTH: M 5 = HAIL
GRTST 24HR M ON M 6 = FREEZING RAIN OR DRIZZLE
GRTST DEPTH: M ON M 7 = DUSTSTORM OR SANDSTORM:
VSBY 1/2 MILE OR LESS
8 = SMOKE OR HAZE
[NO. OF DAYS WITH] [WEATHER - DAYS WITH] 9 = BLOWING SNOW
X = TORNADO
MAX 32 OR BELOW: 0 0.01 INCH OR MORE: 14
MAX 90 OR ABOVE: 0 0.10 INCH OR MORE: 9
MIN 32 OR BELOW: 7 0.50 INCH OR MORE: 4
MIN 0 OR BELOW: 0 1.00 INCH OR MORE: 1
[HDD (BASE 65) ]
TOTAL THIS MO. 477 CLEAR (SCALE 0-3) 6
DPTR FM NORMAL -196 PTCLDY (SCALE 4-7) 9
TOTAL FM JUL 1 950 CLOUDY (SCALE 8-10) 16
DPTR FM NORMAL -274
[CDD (BASE 65) ]
TOTAL THIS MO. 0
DPTR FM NORMAL 0 [PRESSURE DATA]
TOTAL FM JAN 1 222 HIGHEST SLP M ON M
DPTR FM NORMAL 102 LOWEST SLP 29.41 ON 31
[REMARKS]
#FINAL-10-21#