000
CXUS56 KLOX 071830
CF6SMO
PRELIMINARY LOCAL CLIMATOLOGICAL DATA (WS FORM: F-6)
STATION: SANTA MONICA AIRPORT CA
MONTH: MARCH
YEAR: 2019
LATITUDE: 34 0 N
LONGITUDE: 118 27 W
TEMPERATURE IN F: :PCPN: SNOW: WIND :SUNSHINE: SKY :PK WND
================================================================================
1 2 3 4 5 6A 6B 7 8 9 10 11 12 13 14 15 16 17 18
12Z AVG MX 2MIN
DY MAX MIN AVG DEP HDD CDD WTR SNW DPTH SPD SPD DIR MIN PSBL S-S WX SPD DR
================================================================================
1 62 55 59 1 6 0 T 0.0 0 4.1 10 240 M M 7 1 14 210
2 60 54 57 -1 8 0 0.96 0.0 0 5.9 12 220 M M 10 1 17 90
3 61 55 58 0 7 0 0.02 0.0 0 5.3 12 230 M M 8 1 15 220
4 61 51 56 -2 9 0 0.00 0.0 0 4.7 14 230 M M 4 18 240
5 63 48 56 -2 9 0 0.16 M 0 4.8 17 250 M M 5 13 26 260
6 61 54 58 0 7 0 1.30 0.0 0 5.5 16 110 M M 10 13 21 180
7 61 51 56 -2 9 0 T 0.0 0 5.2 16 220 M M 4 1 21 250
8 58 48 53 -5 12 0 0.00 0.0 0 7.4 21 240 M M 2 31 250
9 59 48 54 -4 11 0 0.00 0.0 0 5.9 14 240 M M 3 20 240
10 59 48 54 -4 11 0 0.00 0.0 0 3.6 14 210 M M 4 19 210
11 68 48 58 0 7 0 T M 0 3.4 17 20 M M 6 26 20
12 69 55 62 4 3 0 0.00 0.0 0 8.0 17 260 M M 3 28 270
13 71 54 63 5 2 0 0.00 0.0 0 8.5 18 250 M M 0 26 10
14 69 48 59 1 6 0 0.00 0.0 0 4.4 12 240 M M 0 15 210
15 76 47 62 4 3 0 0.00 0.0 0 5.8 15 360 M M 0 23 30
16 81 54 68 10 0 3 0.00 0.0 0 4.4 14 190 M M 0 18 330
17 79 55 67 9 0 2 0.00 0.0 0 4.6 13 240 M M 0 17 230
18 75 55 65 7 0 0 0.00 0.0 0 4.0 10 210 M M 0 1 14 230
19 65 52 59 1 6 0 0.00 0.0 0 4.9 15 200 M M 5 18 17 210
20 64 53 59 1 6 0 0.02 0.0 0 5.0 17 260 M M 6 3 23 250
21 61 50 56 -2 9 0 T 0.0 0 4.6 14 210 M M 3 19 220
22 63 48 56 -2 9 0 0.00 0.0 0 5.0 15 230 M M 1 19 230
23 63 54 59 1 6 0 0.00 0.0 0 4.7 13 240 M M 7 17 250
24 66 51 59 1 6 0 0.00 0.0 0 4.4 13 240 M M 1 1 20 210
25 68 51 60 2 5 0 0.00 0.0 0 5.1 16 240 M M 0 22 230
26 68 50 59 1 6 0 0.00 0.0 0 4.6 14 230 M M 0 18 240
27 66 54 60 2 5 0 0.00 0.0 0 5.6 16 240 M M 3 18 22 250
28 65 53 59 1 6 0 0.00 0.0 0 5.6 17 240 M M 1 25 220
29 70 52 61 3 4 0 0.00 0.0 0 6.1 18 240 M M 0 23 240
30 74 53 64 6 1 0 0.00 0.0 0 4.6 12 240 M M 0 15 240
31 80 56 68 10 0 3 0.00 0.0 0 5.0 14 230 M M 0 18 240
================================================================================
SM 2066 1605 179 8 2.46 0.0 160.6 M 93
================================================================================
AV 66.7 51.8 5.2 FASTST M M 3 MAX(MPH)
MISC ----> # 21 240 # 31 250
================================================================================
NOTES:
# LAST OF SEVERAL OCCURRENCES
COLUMN 17 PEAK WIND IN M.P.H.
PRELIMINARY LOCAL CLIMATOLOGICAL DATA (WS FORM: F-6) , PAGE 2
STATION: SANTA MONICA AIRPORT CA
MONTH: MARCH
YEAR: 2019
LATITUDE: 34 0 N
LONGITUDE: 118 27 W
[TEMPERATURE DATA] [PRECIPITATION DATA] SYMBOLS USED IN COLUMN 16
AVERAGE MONTHLY: 59.2 TOTAL FOR MONTH: 2.46 1 = FOG OR MIST
DPTR FM NORMAL: 0.9 DPTR FM NORMAL: -0.09 2 = FOG REDUCING VISIBILITY
HIGHEST: 81 ON 16 GRTST 24HR 1.30 ON 6- 6 TO 1/4 MILE OR LESS
LOWEST: 47 ON 15 3 = THUNDER
SNOW, ICE PELLETS, HAIL 4 = ICE PELLETS
TOTAL MONTH: 0.0 INCH 5 = HAIL
GRTST 24HR 0.0 6 = FREEZING RAIN OR DRIZZLE
GRTST DEPTH: 0 7 = DUSTSTORM OR SANDSTORM:
VSBY 1/2 MILE OR LESS
8 = SMOKE OR HAZE
[NO. OF DAYS WITH] [WEATHER - DAYS WITH] 9 = BLOWING SNOW
X = TORNADO
MAX 32 OR BELOW: 0 0.01 INCH OR MORE: 5
MAX 90 OR ABOVE: 0 0.10 INCH OR MORE: 3
MIN 32 OR BELOW: 0 0.50 INCH OR MORE: 2
MIN 0 OR BELOW: 0 1.00 INCH OR MORE: 1
[HDD (BASE 65) ]
TOTAL THIS MO. 179 CLEAR (SCALE 0-3) 19
DPTR FM NORMAL -35 PTCLDY (SCALE 4-7) 9
TOTAL FM JUL 1 754 CLOUDY (SCALE 8-10) 3
DPTR FM NORMAL -468
[CDD (BASE 65) ]
TOTAL THIS MO. 8
DPTR FM NORMAL 2 [PRESSURE DATA]
TOTAL FM JAN 1 12 HIGHEST SLP 30.22 ON 28
DPTR FM NORMAL -8 LOWEST SLP 29.71 ON 12
[REMARKS]
#FINAL-03-19#