000
CXUS56 KLOX 020028 RRB
CF6SMX
PRELIMINARY LOCAL CLIMATOLOGICAL DATA (WS FORM: F-6)
STATION: SANTA MARIA AIRPORT CA
MONTH: NOVEMBER
YEAR: 2021
LATITUDE: 34 54 N
LONGITUDE: 120 27 W
TEMPERATURE IN F: :PCPN: SNOW: WIND :SUNSHINE: SKY :PK WND
================================================================================
1 2 3 4 5 6A 6B 7 8 9 10 11 12 13 14 15 16 17 18
12Z AVG MX 2MIN
DY MAX MIN AVG DEP HDD CDD WTR SNW DPTH SPD SPD DIR MIN PSBL S-S WX SPD DR
================================================================================
1 67 50 59 -1 6 0 0.00 M M 3.3 12 260 M M 6 1 16 270
2 69 52 61 1 4 0 0.00 M M 6.4 20 310 M M 6 12 23 320
3 74 53 64 4 1 0 0.00 M M 4.3 16 330 M M 5 12 19 320
4 70 49 60 0 5 0 0.00 M M 8.0 30 300 M M 0 18 34 300
5 77 47 62 2 3 0 0.00 M M 5.0 18 310 M M 0 1 21 310
6 68 43 56 -3 9 0 0.00 M M 5.9 21 300 M M 0 1 23 300
7 72 48 60 1 5 0 0.00 M M 10.4 22 30 M M 0 8 28 30
8 69 42 56 -3 9 0 T M M 4.2 16 240 M M 1 18 M M
9 65 52 59 0 6 0 0.11 M M 4.9 14 160 M M 10 12 19 100
10 75 52 64 6 1 0 0.00 M M 13.5 24 350 M M 3 12 30 20
11 82 53 68 10 0 3 0.00 M M 9.3 21 10 M M 0 26 20
12 84 48 66 8 0 1 0.00 M M 2.8 13 320 M M 0 23 90
13 87 48 68 10 0 3 0.00 M M 3.3 13 330 M M 0 15 330
14 85 49 67 9 0 2 0.00 M M 3.7 10 320 M M 0 17 330
15 81 48 65 8 0 0 0.00 M M 3.8 16 320 M M 3 12 19 320
16 69 49 59 2 6 0 0.00 M M 5.1 14 320 M M 7 12 16 320
17 65 48 57 0 8 0 0.00 M M 4.6 10 310 M M 5 1 32 210
18 61 45 53 -4 12 0 0.00 M M 3.1 17 260 M M 6 128 31 330
19 63 50 57 1 8 0 0.00 M M 3.7 15 300 M M 7 128 45 90
20 75 48 62 6 3 0 0.00 M M 7.6 21 20 M M 4 128 30 40
21 81 43 62 6 3 0 0.00 M M 3.7 14 200 M M 0 18 30 90
22 80 41 61 5 4 0 0.00 M M 2.9 18 150 M M 1 8 26 200
23 73 40 57 2 8 0 0.00 M M 6.0 20 290 M M 0 1 24 290
24 74 43 59 4 6 0 0.00 M M 9.9 23 40 M M 0 46 360
25 72 37 55 0 10 0 0.00 M M 4.7 15 330 M M 0 17 330
26 72 36 54 -1 11 0 0.00 M M 4.0 13 320 M M 0 16 310
27 78 38 58 4 7 0 0.00 M M 3.7 12 340 M M 0 14 320
28 77 40 59 5 6 0 0.00 M M 3.3 10 300 M M 0 12 300
29 75 42 59 5 6 0 0.00 M M 3.1 M M M M 0 M M
30 81 43 62 8 3 0 0.00 M M 4.0 12 300 M M 0 8 14 140
================================================================================
SM 2221 1377 150 9 0.11 M 158.2 M 64
================================================================================
AV 74.0 45.9 5.3 FASTST M M 2 MAX(MPH)
MISC ----> 30 300 46 360
================================================================================
NOTES:
# LAST OF SEVERAL OCCURRENCES
COLUMN 17 PEAK WIND IN M.P.H.
PRELIMINARY LOCAL CLIMATOLOGICAL DATA (WS FORM: F-6) , PAGE 2
STATION: SANTA MARIA AIRPORT CA
MONTH: NOVEMBER
YEAR: 2021
LATITUDE: 34 54 N
LONGITUDE: 120 27 W
[TEMPERATURE DATA] [PRECIPITATION DATA] SYMBOLS USED IN COLUMN 16
AVERAGE MONTHLY: 60.0 TOTAL FOR MONTH: 0.11 1 = FOG OR MIST
DPTR FM NORMAL: 2.9 DPTR FM NORMAL: -1.01 2 = FOG REDUCING VISIBILITY
HIGHEST: 87 ON 13 GRTST 24HR 0.11 ON 8- 9 TO 1/4 MILE OR LESS
LOWEST: 36 ON 26 3 = THUNDER
SNOW, ICE PELLETS, HAIL 4 = ICE PELLETS
TOTAL MONTH: M 5 = HAIL
GRTST 24HR M ON M 6 = FREEZING RAIN OR DRIZZLE
GRTST DEPTH: M ON M 7 = DUSTSTORM OR SANDSTORM:
VSBY 1/2 MILE OR LESS
8 = SMOKE OR HAZE
[NO. OF DAYS WITH] [WEATHER - DAYS WITH] 9 = BLOWING SNOW
X = TORNADO
MAX 32 OR BELOW: 0 0.01 INCH OR MORE: 1
MAX 90 OR ABOVE: 0 0.10 INCH OR MORE: 1
MIN 32 OR BELOW: 0 0.50 INCH OR MORE: 0
MIN 0 OR BELOW: 0 1.00 INCH OR MORE: 0
[HDD (BASE 65) ]
TOTAL THIS MO. 150 CLEAR (SCALE 0-3) 21
DPTR FM NORMAL -93 PTCLDY (SCALE 4-7) 8
TOTAL FM JUL 1 426 CLOUDY (SCALE 8-10) 1
DPTR FM NORMAL -99
[CDD (BASE 65) ]
TOTAL THIS MO. 9
DPTR FM NORMAL 1 [PRESSURE DATA]
TOTAL FM JAN 1 111 HIGHEST SLP 30.35 ON 25
DPTR FM NORMAL -56 LOWEST SLP 29.94 ON 23
[REMARKS]
#FINAL-11-21#