000
CXUS54 KMAF 011210
CF6SNK
PRELIMINARY LOCAL CLIMATOLOGICAL DATA (WS FORM: F-6)
STATION: SNYDER WINSTON FIELD
MONTH: FEBRUARY
YEAR: 2023
LATITUDE: 32 41 N
LONGITUDE: 100 57 W
TEMPERATURE IN F: :PCPN: SNOW: WIND :SUNSHINE: SKY :PK WND
================================================================================
1 2 3 4 5 6A 6B 7 8 9 10 11 12 13 14 15 16 17 18
12Z AVG MX 2MIN
DY MAX MIN AVG DEP HDD CDD WTR SNW DPTH SPD SPD DIR MIN PSBL S-S WX SPD DR
================================================================================
1 30 24 27 M 38 0 0.09 M M 2.8 10 100 M M 7 M M
2 49 30 40 M 25 0 M M M 4.7 10 340 M M 6 1 M M
3 53 29 41 M 24 0 M M M 7.3 12 160 M M 0 M M
4 62 31 47 M 18 0 M M M 10.6 18 230 M M 0 26 210
5 75 33 54 M 11 0 M M M 7.9 14 210 M M 0 1 17 200
6 79 47 63 M 2 0 M M M 12.6 20 220 M M 0 25 210
7 61 40 51 M 14 0 M M M 18.2 29 50 M M 10 1 37 50
8 56 37 47 M 18 0 0.11 M M 10.8 23 270 M M 6 32 270
9 54 33 44 M 21 0 M M M 11.8 22 350 M M 2 32 20
10 46 30 38 M 27 0 M M M 12.2 20 350 M M 4 29 330
11 54 25 40 M 25 0 M M M 4.9 9 160 M M 0 M M
12 68 30 49 M 16 0 M M M 8.0 15 210 M M 0 22 230
13 63 37 50 M 15 0 0.05 M M 8.8 18 250 M M 1 25 140
14 66 44 55 M 10 0 0.13 M M 20.4 36 240 M M 4 8 45 230
15 77 42 60 M 5 0 M M M 13.1 24 300 M M 1 35 300
16 43 24 34 M 31 0 M M M 14.6 24 350 M M 0 31 350
17 48 20 34 M 31 0 M M M 5.2 10 160 M M 0 M M
18 52 31 42 M 23 0 M M M 11.4 20 190 M M 2 25 200
19 64 34 49 M 16 0 M M M 9.4 15 240 M M 1 M M
20 80 51 66 M 0 1 M M M 17.5 31 250 M M 1 44 240
21 83 53 68 M 0 3 0.01 M M 10.5 23 220 M M 0 36 230
22 72 51 62 M 3 0 0.07 M M 18.8 36 240 M M 3 8 44 240
23 56 36 46 M 19 0 M M M 13.6 20 60 M M 0 26 60
24 39 29 34 M 31 0 M M M 10.9 18 40 M M 9 25 40
25 43 34 39 M 26 0 M M M 5.1 9 240 M M 10 1 M M
26 78 43 61 M 4 0 0.03 M M 15.2 33 280 M M 7 1238 40 280
27 73 41 57 M 8 0 M M M 17.0 29 280 M M 0 8 39 280
28 79 44 62 M 3 0 M M M 12.0 23 220 M M 0 29 240
================================================================================
SM 1703 1003 464 4 0.49 M 315.3 M 74
================================================================================
AV 60.8 35.8 11.3 FASTST M M 3 MAX(MPH)
MISC ----> # 36 240 45 230
================================================================================
NOTES:
# LAST OF SEVERAL OCCURRENCES
COLUMN 17 PEAK WIND IN M.P.H.
PRELIMINARY LOCAL CLIMATOLOGICAL DATA (WS FORM: F-6) , PAGE 2
STATION: SNYDER WINSTON FIELD
MONTH: FEBRUARY
YEAR: 2023
LATITUDE: 32 41 N
LONGITUDE: 100 57 W
[TEMPERATURE DATA] [PRECIPITATION DATA] SYMBOLS USED IN COLUMN 16
AVERAGE MONTHLY: 48.3 TOTAL FOR MONTH: 0.49 1 = FOG OR MIST
DPTR FM NORMAL: 0.0 DPTR FM NORMAL: 0.49 2 = FOG REDUCING VISIBILITY
HIGHEST: 83 ON 21 GRTST 24HR 0.13 ON 14-14 TO 1/4 MILE OR LESS
LOWEST: 20 ON 17 3 = THUNDER
SNOW, ICE PELLETS, HAIL 4 = ICE PELLETS
TOTAL MONTH: M 5 = HAIL
GRTST 24HR M ON M 6 = FREEZING RAIN OR DRIZZLE
GRTST DEPTH: M ON M 7 = DUSTSTORM OR SANDSTORM:
VSBY 1/2 MILE OR LESS
8 = SMOKE OR HAZE
[NO. OF DAYS WITH] [WEATHER - DAYS WITH] 9 = BLOWING SNOW
X = TORNADO
MAX 32 OR BELOW: 1 0.01 INCH OR MORE: 7
MAX 90 OR ABOVE: 0 0.10 INCH OR MORE: 2
MIN 32 OR BELOW: 11 0.50 INCH OR MORE: 0
MIN 0 OR BELOW: 0 1.00 INCH OR MORE: 0
[HDD (BASE 65) ]
TOTAL THIS MO. 464 CLEAR (SCALE 0-3) 18
DPTR FM NORMAL M PTCLDY (SCALE 4-7) 7
TOTAL FM JUL 1 2117 CLOUDY (SCALE 8-10) 3
DPTR FM NORMAL M
[CDD (BASE 65) ]
TOTAL THIS MO. 4
DPTR FM NORMAL M [PRESSURE DATA]
TOTAL FM JAN 1 4 HIGHEST SLP M ON M
DPTR FM NORMAL M LOWEST SLP M ON M
[REMARKS]
#FINAL-02-23#