797
CXUS55 KPIH 011100
CF6SNT
PRELIMINARY LOCAL CLIMATOLOGICAL DATA (WS FORM: F-6)
STATION: STANLEY_ID
MONTH: MARCH
YEAR: 2021
LATITUDE: 44 10 N
LONGITUDE: 114 56 W
TEMPERATURE IN F: :PCPN: SNOW: WIND :SUNSHINE: SKY :PK WND
================================================================================
1 2 3 4 5 6A 6B 7 8 9 10 11 12 13 14 15 16 17 18
12Z AVG MX 2MIN
DY MAX MIN AVG DEP HDD CDD WTR SNW DPTH SPD SPD DIR MIN PSBL S-S WX SPD DR
================================================================================
1 42 -6 18 -5 47 0 0.00 M M 3.0 17 170 M M 0 23 170
2 46 4 25 2 40 0 0.00 M M 2.9 13 200 M M 0 20 210
3 47 -2 23 0 42 0 0.00 M M 1.9 8 180 M M 0 10 180
4 50 3 27 3 38 0 0.00 M M 1.9 8 170 M M 0 11 140
5 52 5 29 5 36 0 0.00 M M 4.9 17 150 M M 0 27 160
6 46 29 38 14 27 0 0.02 M M 6.2 16 150 M M 0 28 150
7 44 12 28 3 37 0 0.00 M M 2.3 13 200 M M 0 20 180
8 40 20 30 5 35 0 0.02 M M 4.1 14 220 M M 0 23 220
9 37 8 23 -2 42 0 0.00 M M 3.9 12 240 M M 0 22 220
10 37 -6 16 -10 49 0 0.00 M M 2.0 7 180 M M 0 11 160
11 40 -8 16 -10 49 0 0.00 M M 2.4 7 350 M M 0 10 360
12 43 -6 19 -7 46 0 0.00 M M 1.4 7 340 M M 0 11 330
13 49 -3 23 -3 42 0 0.00 M M 2.6 7 170 M M 0 10 350
14 51 2 27 0 38 0 0.00 M M 2.3 9 270 M M 0 14 270
15 52 16 34 7 31 0 0.00 M M 1.7 14 330 M M 0 21 10
16 50 16 33 6 32 0 0.00 M M 2.3 10 310 M M 0 15 310
17 47 12 30 3 35 0 0.00 M M 3.0 15 190 M M 0 22 170
18 51 16 34 6 31 0 0.00 M M 4.1 15 180 M M 0 24 170
19 46 29 38 10 27 0 0.41 M M 4.1 15 150 M M 0 25 170
20 39 15 27 -1 38 0 0.05 M M 4.5 20 320 M M 0 32 320
21 37 12 25 -3 40 0 0.00 M M 2.4 10 260 M M 0 17 310
22 38 18 28 0 37 0 0.04 M M 2.8 14 350 M M 0 23 320
23 40 13 27 -1 38 0 0.00 M M 3.1 12 330 M M 0 18 330
24 36 6 21 -8 44 0 0.02 M M 2.3 10 210 M M 0 14 220
25 36 25 31 2 34 0 0.12 M M 4.0 10 310 M M 0 17 310
26 40 19 30 1 35 0 0.00 M M 3.2 14 330 M M 0 19 330
27 50 13 32 3 33 0 0.00 M M 3.1 10 340 M M 0 16 350
28 54 20 37 8 28 0 0.00 M M 6.3 23 220 M M 0 42 290
29 46 11 29 -1 36 0 0.07 M M 8.0 21 290 M M 0 40 280
30 34 6 20 -10 45 0 0.00 M M 3.8 12 360 M M 0 19 50
31 49 3 26 -4 39 0 0.00 M M 2.4 10 150 M M 0 18 150
================================================================================
SM 1369 302 1171 0 0.75 M 102.9 M 0
================================================================================
AV 44.2 9.7 3.3 FASTST M M 0 MAX(MPH)
MISC ----> 23 220 42 290
================================================================================
NOTES:
# LAST OF SEVERAL OCCURRENCES
COLUMN 17 PEAK WIND IN M.P.H.
PRELIMINARY LOCAL CLIMATOLOGICAL DATA (WS FORM: F-6) , PAGE 2
STATION: STANLEY_ID
MONTH: MARCH
YEAR: 2021
LATITUDE: 44 10 N
LONGITUDE: 114 56 W
[TEMPERATURE DATA] [PRECIPITATION DATA] SYMBOLS USED IN COLUMN 16
AVERAGE MONTHLY: 27.0 TOTAL FOR MONTH: 0.75 1 = FOG OR MIST
DPTR FM NORMAL: 0.2 DPTR FM NORMAL: -1.06 2 = FOG REDUCING VISIBILITY
HIGHEST: 54 ON 28 GRTST 24HR 0.41 ON 19-19 TO 1/4 MILE OR LESS
LOWEST: -8 ON 11 3 = THUNDER
SNOW, ICE PELLETS, HAIL 4 = ICE PELLETS
TOTAL MONTH: M 5 = HAIL
GRTST 24HR M ON M 6 = FREEZING RAIN OR DRIZZLE
GRTST DEPTH: M ON M 7 = DUSTSTORM OR SANDSTORM:
VSBY 1/2 MILE OR LESS
8 = SMOKE OR HAZE
[NO. OF DAYS WITH] [WEATHER - DAYS WITH] 9 = BLOWING SNOW
X = TORNADO
MAX 32 OR BELOW: 0 0.01 INCH OR MORE: 8
MAX 90 OR ABOVE: 0 0.10 INCH OR MORE: 2
MIN 32 OR BELOW: 31 0.50 INCH OR MORE: 0
MIN 0 OR BELOW: 6 1.00 INCH OR MORE: 0
[HDD (BASE 65) ]
TOTAL THIS MO. 1171 CLEAR (SCALE 0-3) 31
DPTR FM NORMAL -13 PTCLDY (SCALE 4-7) 0
TOTAL FM JUL 1 8235 CLOUDY (SCALE 8-10) 0
DPTR FM NORMAL -482
[CDD (BASE 65) ]
TOTAL THIS MO. 0
DPTR FM NORMAL 0 [PRESSURE DATA]
TOTAL FM JAN 1 0 HIGHEST SLP 30.56 ON 31
DPTR FM NORMAL 0 LOWEST SLP 29.47 ON 29
[REMARKS]
#FINAL-03-21#