000
CXUS55 KCYS 031155 CCA
CF6SNY
PRELIMINARY LOCAL CLIMATOLOGICAL DATA (WS FORM: F-6)...CORRECTED
STATION: SIDNEY NEBRASKA AIRPORT
MONTH: MAY
YEAR: 2022
LATITUDE: 41 5 N
LONGITUDE: 102 59 W
TEMPERATURE IN F: :PCPN: SNOW: WIND :SUNSHINE: SKY :PK WND
================================================================================
1 2 3 4 5 6A 6B 7 8 9 10 11 12 13 14 15 16 17 18
12Z AVG MX 2MIN
DY MAX MIN AVG DEP HDD CDD WTR SNW DPTH SPD SPD DIR MIN PSBL S-S WX SPD DR
================================================================================
1 63 26 45 -4 20 0 0.01 M M 12.9 29 110 M M 2 42 120
2 44 29 37 -12 28 0 1.00 M M 10.0 23 60 M M 10 12 32 60
3 50 26 38 -12 27 0 0.00 M M 16.1 25 140 M M 7 1 34 150
4 48 38 43 -7 22 0 T M M 8.0 23 140 M M 10 1 29 150
5 67 33 50 0 15 0 0.00 M M 8.9 21 320 M M 5 12 33 310
6 83 43 63 12 2 0 0.00 M M 12.2 25 330 M M 0 38 300
7 90 40 65 14 0 0 T M M 13.3 33 350 M M 2 45 360
8 74 48 61 9 4 0 0.01 M M 14.3 26 140 M M 4 3 38 150
9 68 42 55 3 10 0 0.00 M M 14.1 30 350 M M 1 38 360
10 73 36 55 2 10 0 0.00 M M 12.7 23 140 M M 0 32 140
11 87 47 67 14 0 2 0.00 M M 11.2 33 180 M M 0 1 45 170
12 74 49 62 9 3 0 0.00 M M 19.0 45 320 M M 2 18 57 320
13 76 32 54 0 11 0 0.00 M M 13.1 31 290 M M 0 42 260
14 78 41 60 6 5 0 0.00 M M 9.0 20 140 M M 1 25 140
15 73 43 58 3 7 0 0.00 M M 11.6 24 340 M M 1 33 340
16 89 38 64 9 1 0 0.01 M M 13.5 37 350 M M 1 3 58 350
17 84 43 64 8 1 0 0.04 M M 10.3 23 50 M M 0 38 31 40
18 85 44 65 9 0 0 0.00 M M 10.1 25 300 M M 0 34 320
19 90 38 64 8 1 0 0.00 M M 18.0 33 10 M M 0 44 10
20 51 35 43 -14 22 0 T M M 16.1 30 330 M M 6 40 320
21 55 25 40 -17 25 0 0.00 M M 8.4 18 330 M M 3 27 320
22 62 24 43 -15 22 0 T M M 13.9 33 170 M M 5 50 170
23 52 42 47 -11 18 0 0.25 M M 12.9 23 150 M M 9 1 32 160
24 51 39 45 -14 20 0 0.00 M M 3.9 13 140 M M 8 1 16 130
25 70 33 52 -7 13 0 0.00 M M 10.5 22 360 M M 1 1 30 340
26 84 35 60 0 5 0 0.00 M M 8.0 16 310 M M 0 25 320
27 94 39 67 7 0 2 T M M 10.7 46 260 M M 0 38 61 270
28 85 45 65 5 0 0 0.00 M M 9.8 21 320 M M 0 29 320
29 81 53 67 6 0 2 0.13 M M 12.5 45 310 M M 3 13 58 300
30 60 46 53 -8 12 0 0.09 M M 18.0 31 320 M M 3 1 43 310
31 65 41 53 -8 12 0 T M M 13.9 26 340 M M 5 33 330
================================================================================
SM 2206 1193 316 6 1.54 M 376.9 M 89
================================================================================
AV 71.2 38.5 12.2 FASTST M M 3 MAX(MPH)
MISC ----> 46 260 61 270
================================================================================
NOTES:
# LAST OF SEVERAL OCCURRENCES
COLUMN 17 PEAK WIND IN M.P.H.
PRELIMINARY LOCAL CLIMATOLOGICAL DATA (WS FORM: F-6) , PAGE 2
STATION: SIDNEY NEBRASKA AIRPORT
MONTH: MAY
YEAR: 2022
LATITUDE: 41 5 N
LONGITUDE: 102 59 W
[TEMPERATURE DATA] [PRECIPITATION DATA] SYMBOLS USED IN COLUMN 16
AVERAGE MONTHLY: 54.8 TOTAL FOR MONTH: 1.54 1 = FOG OR MIST
DPTR FM NORMAL: -0.4 DPTR FM NORMAL: -1.33 2 = FOG REDUCING VISIBILITY
HIGHEST: 94 ON 27 GRTST 24HR 1.01 ON 1- 2 TO 1/4 MILE OR LESS
LOWEST: 24 ON 22 3 = THUNDER
SNOW, ICE PELLETS, HAIL 4 = ICE PELLETS
TOTAL MONTH: M 5 = HAIL
GRTST 24HR M ON M 6 = FREEZING RAIN OR DRIZZLE
GRTST DEPTH: M ON M 7 = DUSTSTORM OR SANDSTORM:
VSBY 1/2 MILE OR LESS
8 = SMOKE OR HAZE
[NO. OF DAYS WITH] [WEATHER - DAYS WITH] 9 = BLOWING SNOW
X = TORNADO
MAX 32 OR BELOW: 0 0.01 INCH OR MORE: 8
MAX 90 OR ABOVE: 3 0.10 INCH OR MORE: 3
MIN 32 OR BELOW: 6 0.50 INCH OR MORE: 1
MIN 0 OR BELOW: 0 1.00 INCH OR MORE: 1
[HDD (BASE 65) ]
TOTAL THIS MO. 316 CLEAR (SCALE 0-3) 20
DPTR FM NORMAL -3 PTCLDY (SCALE 4-7) 7
TOTAL FM JUL 1 6297 CLOUDY (SCALE 8-10) 4
DPTR FM NORMAL -312
[CDD (BASE 65) ]
TOTAL THIS MO. 6
DPTR FM NORMAL -9 [PRESSURE DATA]
TOTAL FM JAN 1 9 HIGHEST SLP 30.37 ON 21
DPTR FM NORMAL -6 LOWEST SLP 29.20 ON 19
[REMARKS]
MAY 21...RECORD LOW 25 DEGREES (PREVIOUS 30 DEGREES IN 1950)
MAY 22...RECORD LOW 24 DEGREES (PREVIOUS 29 DEGREES IN 1974)
#FINAL-05-22#